000
CXUS53 KABR 031702
CF6PIR
PRELIMINARY LOCAL CLIMATOLOGICAL DATA (WS FORM: F-6)
STATION: PIERRE SD
MONTH: JULY
YEAR: 2022
LATITUDE: 44 22 N
LONGITUDE: 100 17 W
TEMPERATURE IN F: :PCPN: SNOW: WIND :SUNSHINE: SKY :PK WND
================================================================================
1 2 3 4 5 6A 6B 7 8 9 10 11 12 13 14 15 16 17 18
12Z AVG MX 2MIN
DY MAX MIN AVG DEP HDD CDD WTR SNW DPTH SPD SPD DIR MIN PSBL S-S WX SPD DR
================================================================================
1 87 54 71 -1 0 6 0.00 0.0 0 5.5 20 200 M M 0 28 200
2 86 54 70 -3 0 5 0.18 0.0 0 6.7 48 190 M M 0 13 64 180
3 85 63 74 1 0 9 1.23 0.0 0 16.6 53 200 M M 4 13 69 200
4 89 65 77 4 0 12 0.25 0.0 0 7.9 24 200 M M 3 13 28 130
5 82 63 73 -1 0 8 0.71 0.0 0 11.5 44 10 M M 1 13 62 10
6 85 67 76 2 0 11 0.00 0.0 0 5.4 14 80 M M 4 1 19 50
7 78 66 72 -2 0 7 0.02 0.0 0 9.1 29 20 M M 2 1 40 20
8 85 64 75 1 0 10 0.00 0.0 0 6.7 14 130 M M 2 19 140
9 93 67 80 6 0 15 0.00 0.0 0 13.9 26 160 M M 0 38 170
10 90 67 79 5 0 14 0.00 0.0 0 12.6 29 340 M M 0 3 37 340
11 82 63 73 -2 0 8 0.36 0.0 0 13.8 40 320 M M 3 13 59 310
12 89 57 73 -2 0 8 0.00 0.0 0 5.6 13 50 M M 0 21 240
13 87 59 73 -2 0 8 0.00 0.0 0 10.4 17 130 M M 0 24 140
14 96 68 82 7 0 17 0.00 0.0 0 9.1 17 120 M M 0 22 120
15 93 70 82 7 0 17 0.00 0.0 0 6.7 14 50 M M 0 1 21 40
16 85 70 78 3 0 13 0.03 0.0 0 7.6 15 300 M M 4 18 310
17 95 63 79 3 0 14 0.00 0.0 0 6.6 15 150 M M 3 12 25 160
18 108 67 88 12 0 23 0.00 0.0 0 15.3 31 170 M M 0 46 170
19 91 68 80 4 0 15 0.00 0.0 0 22.4 38 320 M M 0 52 300
20 98 63 81 5 0 16 0.00 0.0 0 11.1 26 340 M M 0 35 330
21 95 59 77 1 0 12 0.00 0.0 0 7.6 18 140 M M 0 23 140
22 97 59 78 2 0 13 0.00 0.0 0 7.5 15 150 M M 0 25 130
23 89 65 77 1 0 12 0.00 0.0 0 12.5 22 40 M M 0 28 70
24 87 56 72 -4 0 7 0.00 0.0 0 6.0 12 90 M M 0 16 240
25 81 63 72 -4 0 7 0.31 0.0 0 11.3 22 160 M M 5 3 30 150
26 83 62 73 -3 0 8 0.00 0.0 0 9.2 22 330 M M 2 28 330
27 87 57 72 -4 0 7 T 0.0 0 8.1 22 20 M M 3 26 10
28 83 52 68 -8 0 3 0.00 0.0 0 8.3 20 340 M M 0 29 350
29 91 50 71 -5 0 6 0.00 0.0 0 11.3 20 120 M M 0 26 170
30 98 68 83 7 0 18 0.00 0.0 0 14.3 24 200 M M 0 34 220
31 90 64 77 1 0 12 0.00 0.0 0 15.0 30 330 M M 0 35 340
================================================================================
SM 2765 1933 0 341 3.09 0.0 315.6 M 36
================================================================================
AV 89.2 62.4 10.2 FASTST M M 1 MAX(MPH)
MISC ----> 53 200 69 200
================================================================================
NOTES:
# LAST OF SEVERAL OCCURRENCES
COLUMN 17 PEAK WIND IN M.P.H.
PRELIMINARY LOCAL CLIMATOLOGICAL DATA (WS FORM: F-6) , PAGE 2
STATION: PIERRE SD
MONTH: JULY
YEAR: 2022
LATITUDE: 44 22 N
LONGITUDE: 100 17 W
[TEMPERATURE DATA] [PRECIPITATION DATA] SYMBOLS USED IN COLUMN 16
AVERAGE MONTHLY: 75.8 TOTAL FOR MONTH: 3.09 1 = FOG OR MIST
DPTR FM NORMAL: 0.9 DPTR FM NORMAL: 0.70 2 = FOG REDUCING VISIBILITY
HIGHEST: 108 ON 18 GRTST 24HR 1.23 ON 3- 3 TO 1/4 MILE OR LESS
LOWEST: 50 ON 29 3 = THUNDER
SNOW, ICE PELLETS, HAIL 4 = ICE PELLETS
TOTAL MONTH: 0.0 INCH 5 = HAIL
GRTST 24HR 0.0 6 = FREEZING RAIN OR DRIZZLE
GRTST DEPTH: 0 7 = DUSTSTORM OR SANDSTORM:
VSBY 1/2 MILE OR LESS
8 = SMOKE OR HAZE
[NO. OF DAYS WITH] [WEATHER - DAYS WITH] 9 = BLOWING SNOW
X = TORNADO
MAX 32 OR BELOW: 0 0.01 INCH OR MORE: 8
MAX 90 OR ABOVE: 13 0.10 INCH OR MORE: 6
MIN 32 OR BELOW: 0 0.50 INCH OR MORE: 2
MIN 0 OR BELOW: 0 1.00 INCH OR MORE: 1
[HDD (BASE 65) ]
TOTAL THIS MO. 0 CLEAR (SCALE 0-3) 25
DPTR FM NORMAL -6 PTCLDY (SCALE 4-7) 6
TOTAL FM JUL 1 0 CLOUDY (SCALE 8-10) 0
DPTR FM NORMAL 0
[CDD (BASE 65) ]
TOTAL THIS MO. 341
DPTR FM NORMAL 27 [PRESSURE DATA]
TOTAL FM JAN 1 521 HIGHEST SLP 30.13 ON 8
DPTR FM NORMAL 44 LOWEST SLP 29.40 ON 19
[REMARKS]
#FINAL-07-22#