000
CXUS51 KPBZ 010730
CF6PIT
PRELIMINARY LOCAL CLIMATOLOGICAL DATA (WS FORM: F-6)
STATION: PITTSBURGH PA
MONTH: APRIL
YEAR: 2020
LATITUDE: 40 30 N
LONGITUDE: 80 13 W
TEMPERATURE IN F: :PCPN: SNOW: WIND :SUNSHINE: SKY :PK WND
================================================================================
1 2 3 4 5 6A 6B 7 8 9 10 11 12 13 14 15 16 17 18
12Z AVG MX 2MIN
DY MAX MIN AVG DEP HDD CDD WTR SNW DPTH SPD SPD DIR MIN PSBL S-S WX SPD DR
================================================================================
1 53 38 46 0 19 0 0.04 0.0 0 8.4 22 330 M M 7 1 26 310
2 58 32 45 -1 20 0 0.00 0.0 0 13.4 28 310 M M 1 38 310
3 60 32 46 0 19 0 0.00 0.0 0 12.5 24 300 M M 1 33 300
4 64 34 49 2 16 0 0.00 0.0 0 3.9 12 320 M M 4 16 320
5 65 41 53 6 12 0 0.01 0.0 0 6.3 15 330 M M 7 18 340
6 65 35 50 2 15 0 0.00 0.0 0 2.9 9 360 M M 6 8 11 360
7 64 48 56 8 9 0 0.12 0.0 0 4.7 14 250 M M 8 13 19 260
8 70 50 60 12 5 0 0.56 0.0 0 9.0 60 310 M M 7 13 75 300
9 57 34 46 -3 19 0 0.12 T 0 16.8 35 310 M M 9 158 45 290
10 43 32 38 -11 27 0 0.02 0.1 0 16.9 32 300 M M 8 1 38 300
11 54 32 43 -7 22 0 0.00 0.0 0 7.3 17 270 M M 6 26 280
12 69 39 54 4 11 0 0.15 0.0 0 7.7 21 170 M M 9 1 30 160
13 62 40 51 1 14 0 0.51 0.0 0 12.2 31 290 M M 10 1 42 280
14 44 33 39 -12 26 0 T T 0 8.0 21 300 M M 9 24 310
15 48 28 38 -13 27 0 0.04 T 0 9.3 21 260 M M 5 1 32 240
16 44 29 37 -14 28 0 T T 0 10.3 24 290 M M 7 30 280
17 47 29 38 -14 27 0 0.59 0.0 0 5.6 16 230 M M 10 1 23 240
18 49 34 42 -10 23 0 0.08 0.0 0 10.4 18 290 M M 7 1 23 330
19 56 34 45 -7 20 0 0.00 0.0 0 9.0 18 230 M M 6 24 230
20 59 38 49 -4 16 0 0.00 0.0 0 7.1 16 280 M M 4 23 290
21 52 35 44 -9 21 0 0.05 0.0 0 18.3 35 290 M M 8 44 290
22 48 29 39 -14 26 0 T T 0 9.4 22 320 M M 6 27 320
23 61 37 49 -5 16 0 0.15 0.0 0 5.4 13 210 M M 10 1 16 230
24 66 47 57 3 8 0 0.02 0.0 0 8.4 17 310 M M 7 1 22 330
25 67 39 53 -1 12 0 0.10 0.0 0 5.7 14 130 M M 6 24 190
26 56 42 49 -5 16 0 1.19 0.0 0 7.1 21 10 M M 10 1 26 360
27 59 40 50 -5 15 0 0.00 0.0 0 10.3 22 340 M M 7 29 340
28 60 47 54 -1 11 0 T 0.0 0 6.9 13 220 M M 10 18 210
29 75 51 63 8 2 0 0.41 0.0 0 12.4 26 150 M M 9 1 36 120
30 58 46 52 -4 13 0 0.43 0.0 0 9.7 22 250 M M 10 1 30 260
================================================================================
SM 1733 1125 515 0 4.59 0.1 275.3 M 214
================================================================================
AV 57.8 37.5 9.2 FASTST M M 7 MAX(MPH)
MISC ----> 60 310 75 300
================================================================================
NOTES:
# LAST OF SEVERAL OCCURRENCES
COLUMN 17 PEAK WIND IN M.P.H.
PRELIMINARY LOCAL CLIMATOLOGICAL DATA (WS FORM: F-6) , PAGE 2
STATION: PITTSBURGH PA
MONTH: APRIL
YEAR: 2020
LATITUDE: 40 30 N
LONGITUDE: 80 13 W
[TEMPERATURE DATA] [PRECIPITATION DATA] SYMBOLS USED IN COLUMN 16
AVERAGE MONTHLY: 47.6 TOTAL FOR MONTH: 4.59 1 = FOG OR MIST
DPTR FM NORMAL: -3.3 DPTR FM NORMAL: 1.48 2 = FOG REDUCING VISIBILITY
HIGHEST: 75 ON 29 GRTST 24HR 1.19 ON 26-26 TO 1/4 MILE OR LESS
LOWEST: 28 ON 15 3 = THUNDER
SNOW, ICE PELLETS, HAIL 4 = ICE PELLETS
TOTAL MONTH: 0.1 INCH 5 = HAIL
GRTST 24HR 0.1 ON 10-10 6 = FREEZING RAIN OR DRIZZLE
GRTST DEPTH: 0 7 = DUSTSTORM OR SANDSTORM:
VSBY 1/2 MILE OR LESS
8 = SMOKE OR HAZE
[NO. OF DAYS WITH] [WEATHER - DAYS WITH] 9 = BLOWING SNOW
X = TORNADO
MAX 32 OR BELOW: 0 0.01 INCH OR MORE: 18
MAX 90 OR ABOVE: 0 0.10 INCH OR MORE: 11
MIN 32 OR BELOW: 8 0.50 INCH OR MORE: 4
MIN 0 OR BELOW: 0 1.00 INCH OR MORE: 1
[HDD (BASE 65) ]
TOTAL THIS MO. 515 CLEAR (SCALE 0-3) 2
DPTR FM NORMAL 84 PTCLDY (SCALE 4-7) 18
TOTAL FM JUL 1 4966 CLOUDY (SCALE 8-10) 10
DPTR FM NORMAL -505
[CDD (BASE 65) ]
TOTAL THIS MO. 0
DPTR FM NORMAL -9 [PRESSURE DATA]
TOTAL FM JAN 1 2 HIGHEST SLP M ON M
DPTR FM NORMAL -8 LOWEST SLP 29.34 ON 13
[REMARKS]
#FINAL-04-20#