000
CXUS51 KRLX 011240
CF6PKB
PRELIMINARY LOCAL CLIMATOLOGICAL DATA (WS FORM: F-6)
STATION: PARKERSBURG WV
MONTH: DECEMBER
YEAR: 2021
LATITUDE: 39 20 N
LONGITUDE: 81 26 W
TEMPERATURE IN F: :PCPN: SNOW: WIND :SUNSHINE: SKY :PK WND
================================================================================
1 2 3 4 5 6A 6B 7 8 9 10 11 12 13 14 15 16 17 18
12Z AVG MX 2MIN
DY MAX MIN AVG DEP HDD CDD WTR SNW DPTH SPD SPD DIR MIN PSBL S-S WX SPD DR
================================================================================
1 50 27 39 -1 26 0 0.17 M M 3.7 16 210 M M 5 1 21 210
2 60 47 54 14 11 0 T M M 9.0 21 210 M M 6 30 220
3 54 36 45 6 20 0 0.00 M M 2.4 12 320 M M 2 16 320
4 54 30 42 3 23 0 0.00 M M 1.9 14 310 M M 0 20 290
5 59 26 43 4 22 0 T M M 5.8 18 160 M M 4 1 27 150
6 58 30 44 5 21 0 0.79 M M 10.4 24 260 M M 7 1 39 310
7 31 22 27 -11 38 0 0.00 M M 2.6 12 300 M M 3 17 300
8 35 24 30 -8 35 0 T M M 3.4 12 270 M M 9 18 16 260
9 50 21 36 -2 29 0 0.00 M M 3.2 9 140 M M 3 1 14 150
10 60 47 54 16 11 0 0.06 M M 4.3 12 210 M M 10 1 18 200
11 69 35 52 15 13 0 0.56 M M 14.7 31 290 M M 10 13 43 290
12 46 29 38 1 27 0 0.00 M M 5.3 12 210 M M 0 16 250
13 53 23 38 1 27 0 0.00 M M 2.8 13 210 M M 0 17 220
14 58 25 42 5 23 0 0.00 M M 0.9 8 170 M M 0 12 200
15 64 34 49 13 16 0 T M M 5.0 12 170 M M 6 15 170
16 67 52 60 24 5 0 0.14 M M 9.4 22 210 M M 6 1 32 200
17 52 36 44 8 21 0 0.18 M M 2.8 12 290 M M 5 1 17 300
18 62 39 51 15 14 0 0.06 M M 6.6 23 310 M M 10 1 33 300
19 39 32 36 0 29 0 0.00 M M 5.4 14 320 M M 10 19 320
20 43 22 33 -2 32 0 0.00 M M 1.1 8 170 M M 1 18 11 150
21 44 22 33 -2 32 0 0.00 M M 2.7 8 160 M M 0 1 10 180
22 39 23 31 -4 34 0 0.00 M M 7.2 18 290 M M 3 24 290
23 52 17 35 0 30 0 0.00 M M 5.4 14 200 M M 2 19 190
24 60 50 55 20 10 0 0.00 M M 9.2 17 200 M M 8 26 200
25 65 51 58 24 7 0 0.77 M M 9.8 25 290 M M 10 1 37 310
26 55 38 47 13 18 0 0.00 M M 2.1 8 230 M M 6 13 190
27 66 39 53 19 12 0 0.19 M M 8.2 18 310 M M 8 1 25 290
28 55 43 49 15 16 0 0.09 M M 4.6 21 310 M M 7 1 32 320
29 59 44 52 18 13 0 0.31 M M 4.0 9 350 M M 9 1 13 350
30 51 45 48 14 17 0 T M M 1.9 8 270 M M 10 12 10 280
31 60 43 52 19 13 0 0.05 M M 4.0 13 190 M M 9 12 17 210
================================================================================
SM 1670 1052 645 0 3.37 M 159.8 M 169
================================================================================
AV 53.9 33.9 5.2 FASTST M M 5 MAX(MPH)
MISC ----> 31 290 43 290
================================================================================
NOTES:
# LAST OF SEVERAL OCCURRENCES
COLUMN 17 PEAK WIND IN M.P.H.
PRELIMINARY LOCAL CLIMATOLOGICAL DATA (WS FORM: F-6) , PAGE 2
STATION: PARKERSBURG WV
MONTH: DECEMBER
YEAR: 2021
LATITUDE: 39 20 N
LONGITUDE: 81 26 W
[TEMPERATURE DATA] [PRECIPITATION DATA] SYMBOLS USED IN COLUMN 16
AVERAGE MONTHLY: 43.9 TOTAL FOR MONTH: 3.37 1 = FOG OR MIST
DPTR FM NORMAL: 7.6 DPTR FM NORMAL: 0.01 2 = FOG REDUCING VISIBILITY
HIGHEST: 69 ON 11 GRTST 24HR 0.79 ON 5- 6 TO 1/4 MILE OR LESS
LOWEST: 17 ON 23 3 = THUNDER
SNOW, ICE PELLETS, HAIL 4 = ICE PELLETS
TOTAL MONTH: M 5 = HAIL
GRTST 24HR M ON M 6 = FREEZING RAIN OR DRIZZLE
GRTST DEPTH: M ON M 7 = DUSTSTORM OR SANDSTORM:
VSBY 1/2 MILE OR LESS
8 = SMOKE OR HAZE
[NO. OF DAYS WITH] [WEATHER - DAYS WITH] 9 = BLOWING SNOW
X = TORNADO
MAX 32 OR BELOW: 1 0.01 INCH OR MORE: 12
MAX 90 OR ABOVE: 0 0.10 INCH OR MORE: 8
MIN 32 OR BELOW: 15 0.50 INCH OR MORE: 3
MIN 0 OR BELOW: 0 1.00 INCH OR MORE: 0
[HDD (BASE 65) ]
TOTAL THIS MO. 645 CLEAR (SCALE 0-3) 9
DPTR FM NORMAL -243 PTCLDY (SCALE 4-7) 12
TOTAL FM JUL 1 1494 CLOUDY (SCALE 8-10) 10
DPTR FM NORMAL -387
[CDD (BASE 65) ]
TOTAL THIS MO. 0
DPTR FM NORMAL 0 [PRESSURE DATA]
TOTAL FM JAN 1 1180 HIGHEST SLP 30.54 ON 14
DPTR FM NORMAL 182 LOWEST SLP 29.49 ON 11
[REMARKS]
#FINAL-12-21#