000
CXUS51 KRLX 011233
CF6PKB
PRELIMINARY LOCAL CLIMATOLOGICAL DATA (WS FORM: F-6)
STATION: PARKERSBURG WV
MONTH: DECEMBER
YEAR: 2020
LATITUDE: 39 20 N
LONGITUDE: 81 26 W
TEMPERATURE IN F: :PCPN: SNOW: WIND :SUNSHINE: SKY :PK WND
================================================================================
1 2 3 4 5 6A 6B 7 8 9 10 11 12 13 14 15 16 17 18
12Z AVG MX 2MIN
DY MAX MIN AVG DEP HDD CDD WTR SNW DPTH SPD SPD DIR MIN PSBL S-S WX SPD DR
================================================================================
1 32 30 31 -9 34 0 0.16 M M 10.4 17 250 M M 10 1 27 270
2 36 28 32 -7 33 0 0.00 M M 7.2 16 270 M M 6 23 280
3 39 27 33 -6 32 0 0.00 M M 4.6 9 190 M M 3 12 210
4 44 34 39 1 26 0 0.10 M M 3.3 12 300 M M 10 1 17 320
5 44 34 39 1 26 0 0.00 M M 5.8 12 320 M M 10 18 15 280
6 41 26 34 -4 31 0 0.00 M M 2.6 9 50 M M 6 12 40
7 36 31 34 -3 31 0 T M M 4.4 8 360 M M 10 M M
8 35 27 31 -6 34 0 0.00 M M 6.6 14 290 M M 7 18 290
9 49 28 39 2 26 0 0.00 M M 6.7 16 210 M M 4 24 220
10 55 26 41 5 24 0 0.00 M M 1.6 10 170 M M 1 128 11 170
11 65 29 47 11 18 0 0.00 M M 4.6 15 200 M M 0 1 20 200
12 61 45 53 17 12 0 0.05 M M 9.1 17 210 M M 7 1 26 210
13 52 40 46 10 19 0 0.00 M M 5.4 15 280 M M 10 21 290
14 40 31 36 1 29 0 0.15 M M 3.8 20 310 M M 10 1 24 300
15 38 23 31 -4 34 0 0.00 M M 4.6 10 60 M M 1 14 60
16 34 28 31 -4 34 0 0.45 M M 3.8 12 80 M M 8 1 15 70
17 33 30 32 -2 33 0 0.01 M M 5.0 12 270 M M 10 1 15 260
18 32 29 31 -3 34 0 T M M 3.5 10 280 M M 10 18 14 290
19 38 26 32 -2 33 0 0.00 M M 4.2 8 130 M M 4 1 10 130
20 41 33 37 3 28 0 0.32 M M 5.6 10 200 M M 10 1 14 220
21 42 36 39 5 26 0 0.17 M M 7.3 15 230 M M 9 1 21 230
22 44 29 37 3 28 0 T M M 7.3 18 280 M M 8 27 270
23 57 25 41 8 24 0 T M M 7.6 20 170 M M 2 1 29 160
24 53 22 38 5 27 0 1.09 M M 9.7 21 170 M M 10 1 29 170
25 22 14 18 -15 47 0 0.02 M M 9.3 17 270 M M 10 1 26 280
26 29 14 22 -11 43 0 0.00 M M 7.2 16 210 M M 5 18 29 230
27 48 13 31 -2 34 0 0.00 M M 5.8 18 170 M M 0 18 25 170
28 49 33 41 9 24 0 0.00 M M 9.2 20 200 M M 8 26 190
29 39 29 34 2 31 0 0.00 M M 5.6 10 50 M M 5 15 270
30 60 29 45 13 20 0 0.13 M M 10.4 22 200 M M 5 1 31 210
31 48 32 40 8 25 0 0.60 M M 4.9 17 300 M M 10 1 25 290
================================================================================
SM 1336 881 900 0 3.25 M 187.1 M 209
================================================================================
AV 43.1 28.4 6.0 FASTST M M 7 MAX(MPH)
MISC ----> 22 200 31 210
================================================================================
NOTES:
# LAST OF SEVERAL OCCURRENCES
COLUMN 17 PEAK WIND IN M.P.H.
PRELIMINARY LOCAL CLIMATOLOGICAL DATA (WS FORM: F-6) , PAGE 2
STATION: PARKERSBURG WV
MONTH: DECEMBER
YEAR: 2020
LATITUDE: 39 20 N
LONGITUDE: 81 26 W
[TEMPERATURE DATA] [PRECIPITATION DATA] SYMBOLS USED IN COLUMN 16
AVERAGE MONTHLY: 35.8 TOTAL FOR MONTH: 3.25 1 = FOG OR MIST
DPTR FM NORMAL: 0.6 DPTR FM NORMAL: 0.15 2 = FOG REDUCING VISIBILITY
HIGHEST: 65 ON 11 GRTST 24HR 1.11 ON 24-25 TO 1/4 MILE OR LESS
LOWEST: 13 ON 27 3 = THUNDER
SNOW, ICE PELLETS, HAIL 4 = ICE PELLETS
TOTAL MONTH: M 5 = HAIL
GRTST 24HR M ON M 6 = FREEZING RAIN OR DRIZZLE
GRTST DEPTH: M ON M 7 = DUSTSTORM OR SANDSTORM:
VSBY 1/2 MILE OR LESS
8 = SMOKE OR HAZE
[NO. OF DAYS WITH] [WEATHER - DAYS WITH] 9 = BLOWING SNOW
X = TORNADO
MAX 32 OR BELOW: 4 0.01 INCH OR MORE: 12
MAX 90 OR ABOVE: 0 0.10 INCH OR MORE: 9
MIN 32 OR BELOW: 24 0.50 INCH OR MORE: 2
MIN 0 OR BELOW: 0 1.00 INCH OR MORE: 1
[HDD (BASE 65) ]
TOTAL THIS MO. 900 CLEAR (SCALE 0-3) 6
DPTR FM NORMAL -25 PTCLDY (SCALE 4-7) 11
TOTAL FM JUL 1 1725 CLOUDY (SCALE 8-10) 14
DPTR FM NORMAL -187
[CDD (BASE 65) ]
TOTAL THIS MO. 0
DPTR FM NORMAL 0 [PRESSURE DATA]
TOTAL FM JAN 1 1186 HIGHEST SLP 30.62 ON 29
DPTR FM NORMAL 231 LOWEST SLP 29.58 ON 24
[REMARKS]
#FINAL-12-20#