000
CXUS53 KAPX 010730
CF6PLN
PRELIMINARY LOCAL CLIMATOLOGICAL DATA (WS FORM: F-6)
STATION: PELLSTON
MONTH: JULY
YEAR: 2021
LATITUDE: 45 34 N
LONGITUDE: 84 48 W
TEMPERATURE IN F: :PCPN: SNOW: WIND :SUNSHINE: SKY :PK WND
================================================================================
1 2 3 4 5 6A 6B 7 8 9 10 11 12 13 14 15 16 17 18
12Z AVG MX 2MIN
DY MAX MIN AVG DEP HDD CDD WTR SNW DPTH SPD SPD DIR MIN PSBL S-S WX SPD DR
================================================================================
1 73 52 63 -2 2 0 0.00 M M 8.1 16 10 M M 5 26 10
2 73 46 60 -5 5 0 T M M 4.9 14 330 M M 1 18 290
3 85 57 71 6 0 6 0.08 M M 6.4 15 310 M M 2 13 20 300
4 88 62 75 10 0 10 0.00 M M 4.3 13 270 M M 0 1 19 240
5 83 65 74 8 0 9 0.32 M M 6.1 18 260 M M 3 13 30 280
6 82 60 71 5 0 6 0.24 M M 6.1 12 320 M M 2 1 20 320
7 61 53 57 -9 8 0 1.02 M M 9.6 18 80 M M 10 1 26 90
8 64 54 59 -7 6 0 0.16 M M 8.2 15 70 M M 9 1 21 90
9 77 47 62 -4 3 0 0.00 M M 3.9 12 320 M M 1 1 M M
10 80 42 61 -5 4 0 0.00 M M 2.8 12 350 M M 0 M M
11 79 47 63 -3 2 0 0.00 M M 3.6 13 60 M M 0 17 100
12 83 46 65 -1 0 0 0.00 M M 4.8 16 60 M M 0 1 22 60
13 76 61 69 3 0 4 0.58 M M 2.2 10 320 M M 6 1 15 290
14 83 60 72 6 0 7 0.03 M M 4.8 17 230 M M 2 1 28 220
15 78 57 68 2 0 3 0.71 M M 8.8 17 330 M M 7 1 24 310
16 81 50 66 0 0 1 0.00 M M 3.5 14 100 M M 1 1 21 80
17 85 51 68 2 0 3 0.00 M M 2.1 12 90 M M 0 1 17 90
18 82 55 69 3 0 4 0.00 M M 3.9 13 280 M M 1 16 290
19 86 58 72 6 0 7 0.00 M M 4.7 12 250 M M 2 8 17 290
20 77 54 66 0 0 1 T M M 6.3 17 30 M M 7 24 40
21 75 45 60 -6 5 0 0.00 M M 3.6 13 100 M M 0 1 20 100
22 72 49 61 -5 4 0 0.00 M M 1.2 7 140 M M 4 10 180
23 82 54 68 2 0 3 T M M 2.7 12 310 M M 4 1 16 140
24 78 63 71 5 0 6 2.10 M M 7.4 23 360 M M 7 13 29 10
25 83 61 72 6 0 7 0.00 M M 5.8 17 250 M M 0 8 28 280
26 86 55 71 5 0 6 0.00 M M 4.2 13 300 M M 0 1 18 300
27 80 58 69 3 0 4 0.49 M M 4.2 22 270 M M 4 138 36 270
28 83 55 69 3 0 4 0.05 M M 2.1 10 290 M M 2 1 14 280
29 79 60 70 4 0 5 0.01 M M 9.2 22 310 M M 5 1 31 300
30 69 48 59 -7 6 0 0.00 M M 7.4 17 300 M M 2 25 320
31 73 52 63 -3 2 0 0.14 M M 6.1 17 300 M M 7 18 26 280
================================================================================
SM 2436 1677 47 96 5.93 M 159.0 M 94
================================================================================
AV 78.6 54.1 5.1 FASTST M M 3 MAX(MPH)
MISC ----> 23 360 36 270
================================================================================
NOTES:
# LAST OF SEVERAL OCCURRENCES
COLUMN 17 PEAK WIND IN M.P.H.
PRELIMINARY LOCAL CLIMATOLOGICAL DATA (WS FORM: F-6) , PAGE 2
STATION: PELLSTON
MONTH: JULY
YEAR: 2021
LATITUDE: 45 34 N
LONGITUDE: 84 48 W
[TEMPERATURE DATA] [PRECIPITATION DATA] SYMBOLS USED IN COLUMN 16
AVERAGE MONTHLY: 66.3 TOTAL FOR MONTH: 5.93 1 = FOG OR MIST
DPTR FM NORMAL: 0.3 DPTR FM NORMAL: 3.26 2 = FOG REDUCING VISIBILITY
HIGHEST: 88 ON 4 GRTST 24HR 2.10 ON 23-24 TO 1/4 MILE OR LESS
LOWEST: 42 ON 10 3 = THUNDER
SNOW, ICE PELLETS, HAIL 4 = ICE PELLETS
TOTAL MONTH: M 5 = HAIL
GRTST 24HR M ON M 6 = FREEZING RAIN OR DRIZZLE
GRTST DEPTH: M ON M 7 = DUSTSTORM OR SANDSTORM:
VSBY 1/2 MILE OR LESS
8 = SMOKE OR HAZE
[NO. OF DAYS WITH] [WEATHER - DAYS WITH] 9 = BLOWING SNOW
X = TORNADO
MAX 32 OR BELOW: 0 0.01 INCH OR MORE: 13
MAX 90 OR ABOVE: 0 0.10 INCH OR MORE: 9
MIN 32 OR BELOW: 0 0.50 INCH OR MORE: 4
MIN 0 OR BELOW: 0 1.00 INCH OR MORE: 2
[HDD (BASE 65) ]
TOTAL THIS MO. 47 CLEAR (SCALE 0-3) 18
DPTR FM NORMAL -13 PTCLDY (SCALE 4-7) 11
TOTAL FM JUL 1 47 CLOUDY (SCALE 8-10) 2
DPTR FM NORMAL -18
[CDD (BASE 65) ]
TOTAL THIS MO. 96
DPTR FM NORMAL 4 [PRESSURE DATA]
TOTAL FM JAN 1 236 HIGHEST SLP 30.24 ON 18
DPTR FM NORMAL 80 LOWEST SLP 29.70 ON 24
[REMARKS]
#FINAL-07-21#