000
CXUS54 KMOB 011154
CF6PNS
PRELIMINARY LOCAL CLIMATOLOGICAL DATA (WS FORM: F-6)
STATION: PENSACOLA
MONTH: FEBRUARY
YEAR: 2021
LATITUDE: 30 28 N
LONGITUDE: 87 12 W
TEMPERATURE IN F: :PCPN: SNOW: WIND :SUNSHINE: SKY :PK WND
================================================================================
1 2 3 4 5 6A 6B 7 8 9 10 11 12 13 14 15 16 17 18
12Z AVG MX 2MIN
DY MAX MIN AVG DEP HDD CDD WTR SNW DPTH SPD SPD DIR MIN PSBL S-S WX SPD DR
================================================================================
1 52 40 46 -6 19 0 0.00 0.0 0 18.6 32 340 M M 9 44 330
2 58 34 46 -6 19 0 0.00 0.0 0 10.6 20 330 M M 0 28 340
3 63 33 48 -5 17 0 0.00 0.0 0 6.6 14 360 M M 0 18 360
4 66 40 53 0 12 0 0.01 0.0 0 7.7 18 160 M M 5 1 25 170
5 65 49 57 4 8 0 0.16 0.0 0 9.2 16 340 M M 10 1 22 350
6 54 47 51 -2 14 0 0.31 0.0 0 6.6 13 70 M M 10 1 23 60
7 60 46 53 0 12 0 0.00 0.0 0 8.1 18 360 M M 5 1 26 350
8 63 42 53 0 12 0 T 0.0 0 8.4 17 130 M M 2 3 24 130
9 71 56 64 10 1 0 0.73 0.0 0 5.6 23 270 M M 9 13 34 260
10 67 58 63 9 2 0 0.80 0.0 0 4.4 13 300 M M 10 123 17 300
11 72 61 67 13 0 2 0.68 0.0 0 7.9 24 340 M M 9 123 37 340
12 61 51 56 2 9 0 0.23 0.0 0 9.8 18 330 M M 9 1 24 350
13 53 44 49 -5 16 0 0.02 0.0 0 14.3 21 360 M M 10 1 30 340
14 55 42 49 -5 16 0 0.00 0.0 0 12.5 20 360 M M 10 1 27 340
15 63 32 48 -7 17 0 0.68 0.0 0 10.5 30 270 M M 8 123 49 240
16 39 27 33 -22 32 0 0.00 0.0 0 10.1 14 350 M M 2 20 340
17 61 32 47 -8 18 0 0.00 0.0 0 8.4 21 140 M M 7 29 140
18 55 43 49 -6 16 0 0.00 0.0 0 13.0 20 360 M M 8 13 25 360
19 55 37 46 -9 19 0 0.00 0.0 0 14.7 21 340 M M 3 25 340
20 66 32 49 -7 16 0 0.00 0.0 0 M M M M M 0 M M
21 61 43 52 -4 13 0 0.00 0.0 0 8.5 12 110 M M 1 20 100
22 75 55 65 9 0 0 0.18 0.0 0 10.4 17 300 M M 3 22 320
23 69 44 57 1 8 0 0.00 0.0 0 M M M M M 0 M M
24 70 42 56 0 9 0 0.00 0.0 0 6.3 14 180 M M 1 14 180
25 75 61 68 11 0 3 0.00 0.0 0 5.2 9 210 M M 3 1 12 210
26 81 63 72 15 0 7 0.00 0.0 0 9.1 18 180 M M 6 12 28 170
27 74 67 71 14 0 6 0.05 0.0 0 7.9 14 140 M M 10 12 19 130
28 79 68 74 17 0 9 0.00 0.0 0 8.8 16 140 M M 10 12 24 150
================================================================================
SM 1783 1289 305 27 3.85 0.0 243.2 M 160
================================================================================
AV 63.7 46.0 9.4 FASTST M M 6 MAX(MPH)
MISC ----> 32 340 49 240
================================================================================
NOTES:
# LAST OF SEVERAL OCCURRENCES
COLUMN 17 PEAK WIND IN M.P.H.
PRELIMINARY LOCAL CLIMATOLOGICAL DATA (WS FORM: F-6) , PAGE 2
STATION: PENSACOLA
MONTH: FEBRUARY
YEAR: 2021
LATITUDE: 30 28 N
LONGITUDE: 87 12 W
[TEMPERATURE DATA] [PRECIPITATION DATA] SYMBOLS USED IN COLUMN 16
AVERAGE MONTHLY: 54.9 TOTAL FOR MONTH: 3.85 1 = FOG OR MIST
DPTR FM NORMAL: 0.2 DPTR FM NORMAL: -1.21 2 = FOG REDUCING VISIBILITY
HIGHEST: 81 ON 26 GRTST 24HR 0.80 ON 10-10 TO 1/4 MILE OR LESS
LOWEST: 27 ON 16 3 = THUNDER
SNOW, ICE PELLETS, HAIL 4 = ICE PELLETS
TOTAL MONTH: 0.0 INCH 5 = HAIL
GRTST 24HR 0.0 6 = FREEZING RAIN OR DRIZZLE
GRTST DEPTH: 0 7 = DUSTSTORM OR SANDSTORM:
VSBY 1/2 MILE OR LESS
8 = SMOKE OR HAZE
[NO. OF DAYS WITH] [WEATHER - DAYS WITH] 9 = BLOWING SNOW
X = TORNADO
MAX 32 OR BELOW: 0 0.01 INCH OR MORE: 11
MAX 90 OR ABOVE: 0 0.10 INCH OR MORE: 8
MIN 32 OR BELOW: 4 0.50 INCH OR MORE: 4
MIN 0 OR BELOW: 0 1.00 INCH OR MORE: 0
[HDD (BASE 65) ]
TOTAL THIS MO. 305 CLEAR (SCALE 0-3) 11
DPTR FM NORMAL 8 PTCLDY (SCALE 4-7) 5
TOTAL FM JUL 1 1070 CLOUDY (SCALE 8-10) 12
DPTR FM NORMAL -239
[CDD (BASE 65) ]
TOTAL THIS MO. 27
DPTR FM NORMAL 19 [PRESSURE DATA]
TOTAL FM JAN 1 35 HIGHEST SLP 30.22 ON 8
DPTR FM NORMAL 29 LOWEST SLP 29.66 ON 15
[REMARKS]
#FINAL-02-21#
PNS ASOS ENCOUNTERED A DCP POWER DISRUPTION 2/15-2/16 WHICH IMPACTED QUALITY
TEMPERATURE DATA. A CRITICAL OUTAGE OCCURRED ON 2/22-2/24 WITH QUESTIONABLE
TEMPERATURE DATA BEGINNING ON 2/21. ON THIS ISSUANCE, HIGHS AND LOWS
FOR THESE DATES ORIGINATE FROM WEATHER STATION KFLPENSA150 (HARDWARE:
DAVIS VANTAGE VUE (WIRELESS)) - LOCATION (30.489 N, -87.181 W) OR 0.83 MILES
NORTHEAST OF KPNS. PRECIPITATION ENTRY ON 2/22 ORIGINATED FROM COOP SITE
PSAF1.