000
CXUS54 KMOB 011628
CLMPNS
CLIMATE REPORT
NATIONAL WEATHER SERVICE MOBILE AL
1028 AM CST MON JAN 01 2024
...................................
...THE PENSACOLA CLIMATE SUMMARY FOR THE MONTH OF DECEMBER 2023...
CLIMATE NORMAL PERIOD: 1991 TO 2020
CLIMATE RECORD PERIOD: 1879 TO 2023
WEATHER OBSERVED NORMAL DEPART LAST YEAR`S
VALUE DATE(S) VALUE FROM VALUE DATE(S)
NORMAL
................................................................
TEMPERATURE (F)
RECORD
HIGH 81 12/8/2022
12/7/2022
12/6/2022
12/30/2021
12/29/2021
12/10/2019
12/18/2016
12/6/2014
12/3/1978
12/29/1974
LOW 11 12/24/1989
12/25/1983
12/13/1962
HIGHEST 79 12/09 81 12/06
12/07
12/08
LOWEST 35 12/29 20 12/24
12/31
AVG. MAXIMUM 65.3 65.1 0.2 66.7
AVG. MINIMUM 47.7 45.9 1.8 49.8
MEAN 56.5 55.5 1.0 58.2
DAYS MAX >= 90 0 0.0 0.0 0
DAYS MAX <= 32 0 0.0 0.0 0
DAYS MIN <= 32 0 2.9 -2.9 4
DAYS MIN <= 0 0 0.0 0.0 0
PRECIPITATION (INCHES)
RECORD
MAXIMUM 16.55 2018
MINIMUM 0.18 1889
TOTALS 4.73 5.40 -0.67 5.61
DAILY AVG. 0.15 0.17 -0.02 0.18
DAYS >= .01 8 9.5 -1.5 7
DAYS >= .10 3 6.7 -3.7 5
DAYS >= .50 3 3.1 -0.1 3
DAYS >= 1.00 2 1.6 0.4 2
SNOWFALL (INCHES)
RECORDS
TOTAL 0.5 1886
SNOW DEPTH 0
TOTALS 0.0
SINCE 7/1 0.0
SNOWDEPTH AVG. 0
DAYS >= 1.0 0
GREATEST
SNOW DEPTH 0
24 HR TOTAL 0.0
DEGREE DAYS
HEATING TOTAL 276 315 -39 266
SINCE 7/1 435 504 -69 428
COOLING TOTAL 19 20 -1 65
SINCE 1/1 3508 2942 566 3268
................................................................
WIND (MPH)
AVERAGE WIND SPEED 7.8
HIGHEST WIND SPEED/DIRECTION 29/300 DATE 12/10
29/150 12/25
HIGHEST GUST SPEED/DIRECTION 46/220 DATE 12/10
SKY COVER
POSSIBLE SUNSHINE (PERCENT)
AVERAGE SKY COVER 0.24
NUMBER OF DAYS FAIR 20
NUMBER OF DAYS PC 9
NUMBER OF DAYS CLOUDY 2
AVERAGE RH (PERCENT) 62
WEATHER CONDITIONS. NUMBER OF DAYS WITH
THUNDERSTORM 2 MIXED PRECIP 0
HEAVY RAIN 3 RAIN 4
LIGHT RAIN 8 FREEZING RAIN 0
LT FREEZING RAIN 0 HAIL 0
HEAVY SNOW 0 SNOW 0
LIGHT SNOW 0 SLEET 0
FOG 11 FOG W/VIS <= 1/4 MILE 1
HAZE 7
- INDICATES NEGATIVE NUMBERS.
R INDICATES RECORD WAS SET OR TIED.
MM INDICATES DATA IS MISSING.
T INDICATES TRACE AMOUNT.
$$