866
CXUS55 KALY 010810
CF6POU
PRELIMINARY LOCAL CLIMATOLOGICAL DATA (WS FORM: F-6)
STATION: POUGHKEEPSIE NY
MONTH: DECEMBER
YEAR: 2020
LATITUDE: 41 37 N
LONGITUDE: 73 53 W
TEMPERATURE IN F: :PCPN: SNOW: WIND :SUNSHINE: SKY :PK WND
================================================================================
1 2 3 4 5 6A 6B 7 8 9 10 11 12 13 14 15 16 17 18
12Z AVG MX 2MIN
DY MAX MIN AVG DEP HDD CDD WTR SNW DPTH SPD SPD DIR MIN PSBL S-S WX SPD DR
================================================================================
1 60 37 49 13 16 0 0.07 M M 9.5 23 230 M M 8 1 30 250
2 42 35 39 3 26 0 0.00 M M 10.4 22 260 M M 7 27 260
3 49 27 38 2 27 0 0.00 M M 6.7 17 230 M M 1 25 220
4 56 34 45 10 20 0 0.03 M M 4.1 13 220 M M 7 17 220
5 44 37 41 6 24 0 0.40 M M 7.7 17 350 M M 8 1 26 290
6 41 23 32 -2 33 0 0.00 M M 7.5 20 320 M M 0 27 330
7 39 19 29 -5 36 0 0.00 M M 2.8 13 10 M M 1 17 20
8 34 19 27 -7 38 0 0.00 M M 7.7 18 10 M M 5 25 10
9 37 18 28 -5 37 0 T M M 4.8 15 220 M M 7 18 20 220
10 51 26 39 6 26 0 0.00 M M 5.9 21 310 M M 4 33 330
11 52 22 37 4 28 0 0.00 M M 0.9 9 160 M M 0 18 13 170
12 46 28 37 5 28 0 0.01 M M 0.7 6 340 M M 6 128 7 340
13 59 32 46 14 19 0 0.01 M M 4.7 18 250 M M 4 128 24 240
14 35 29 32 0 33 0 0.13 M M 1.3 10 310 M M 7 128 16 290
15 38 22 30 -1 35 0 0.00 M M 7.0 16 300 M M 3 22 320
16 26 19 23 -8 42 0 0.29 M M 7.8 14 20 M M 4 12 18 50
17 28 20 24 -6 41 0 0.30 M M 12.4 22 10 M M 9 128 29 20
18 28 3 16 -14 49 0 0.00 M M 5.1 15 20 M M 6 8 18 20
19 26 -3 12 -18 53 0 0.00 M M 0.1 3 100 M M 1 128 4 240
20 36 17 27 -3 38 0 T M M 1.7 7 160 M M 8 18 10 160
21 44 29 37 8 28 0 0.00 M M 0.9 7 240 M M 7 18 11 190
22 44 25 35 6 30 0 0.00 M M 6.7 22 280 M M 7 18 30 250
23 42 20 31 2 34 0 0.00 M M 1.9 14 290 M M 0 20 280
24 61 31 46 18 19 0 0.53 M M 9.7 22 150 M M 9 18 34 150
25 65 31 48 20 17 0 1.22 M M 12.4 29 160 M M 9 18 45 150
26 31 24 28 0 37 0 0.00 M M 11.3 18 250 M M 5 25 220
27 37 22 30 2 35 0 0.00 M M 4.3 14 230 M M 0 18 240
28 48 23 36 9 29 0 0.00 M M 5.6 17 290 M M 7 23 290
29 41 20 31 4 34 0 0.00 M M 8.6 18 330 M M 4 27 330
30 41 19 30 3 35 0 T M M 4.2 13 180 M M 2 19 180
31 43 26 35 8 30 0 0.22 M M 4.0 13 310 M M 9 1 16 310
================================================================================
SM 1324 734 977 0 3.21 M 178.4 M 155
================================================================================
AV 42.7 23.7 5.8 FASTST M M 5 MAX(MPH)
MISC ----> 29 160 45 150
================================================================================
NOTES:
# LAST OF SEVERAL OCCURRENCES
COLUMN 17 PEAK WIND IN M.P.H.
PRELIMINARY LOCAL CLIMATOLOGICAL DATA (WS FORM: F-6) , PAGE 2
STATION: POUGHKEEPSIE NY
MONTH: DECEMBER
YEAR: 2020
LATITUDE: 41 37 N
LONGITUDE: 73 53 W
[TEMPERATURE DATA] [PRECIPITATION DATA] SYMBOLS USED IN COLUMN 16
AVERAGE MONTHLY: 33.2 TOTAL FOR MONTH: 3.21 1 = FOG OR MIST
DPTR FM NORMAL: 2.1 DPTR FM NORMAL: -0.32 2 = FOG REDUCING VISIBILITY
HIGHEST: 65 ON 25 GRTST 24HR 1.75 ON 24-25 TO 1/4 MILE OR LESS
LOWEST: -3 ON 19 3 = THUNDER
SNOW, ICE PELLETS, HAIL 4 = ICE PELLETS
TOTAL MONTH: M 5 = HAIL
GRTST 24HR M ON M 6 = FREEZING RAIN OR DRIZZLE
GRTST DEPTH: M ON M 7 = DUSTSTORM OR SANDSTORM:
VSBY 1/2 MILE OR LESS
8 = SMOKE OR HAZE
[NO. OF DAYS WITH] [WEATHER - DAYS WITH] 9 = BLOWING SNOW
X = TORNADO
MAX 32 OR BELOW: 5 0.01 INCH OR MORE: 11
MAX 90 OR ABOVE: 0 0.10 INCH OR MORE: 7
MIN 32 OR BELOW: 27 0.50 INCH OR MORE: 2
MIN 0 OR BELOW: 1 1.00 INCH OR MORE: 1
[HDD (BASE 65) ]
TOTAL THIS MO. 977 CLEAR (SCALE 0-3) 9
DPTR FM NORMAL -74 PTCLDY (SCALE 4-7) 18
TOTAL FM JUL 1 1993 CLOUDY (SCALE 8-10) 4
DPTR FM NORMAL -334
[CDD (BASE 65) ]
TOTAL THIS MO. 0
DPTR FM NORMAL 0 [PRESSURE DATA]
TOTAL FM JAN 1 1020 HIGHEST SLP 30.55 ON 30
DPTR FM NORMAL 348 LOWEST SLP 29.33 ON 25
[REMARKS]
#FINAL-12-20#