000
CXUS51 KALY 022131 CCA
CLSPOU
CLIMATE REPORT...CORRECTED TO ADD NOTATION ABOUT PRECIPITATION
NATIONAL WEATHER SERVICE ALBANY NY
530 PM EDT WED SEP 02 2020
...................................
...THE POUGHKEEPSIE NY CLIMATE SUMMARY FOR THE SEASON, FROM
6/1/2020 TO 8/31/2020...
CLIMATE NORMAL PERIOD: 1981 TO 2010
CLIMATE RECORD PERIOD: 1931 TO 2020
WEATHER OBSERVED NORMAL DEPART LAST YEAR`S
VALUE DATE(S) VALUE FROM VALUE DATE(S)
NORMAL
................................................................
TEMPERATURE (F)
RECORD
HIGH 104 08/01/1933
LOW 35 06/01/2001
06/01/1984
HIGHEST 97 07/19 97 07/21
07/27
LOWEST 39 06/01 41 06/04
AVG. MAXIMUM 85.9 82.2 3.7 83.6
AVG. MINIMUM 62.2 58.8 3.4 60.5
MEAN 74.0 70.5 3.5 72.1
DAYS MAX >= 90 31 13.0 18.0 15
DAYS MAX <= 32 0 0.0 0.0 0
DAYS MIN <= 32 0 0.0 0.0 0
DAYS MIN <= 0 0 0.0 0.0 0
PRECIPITATION (INCHES)
RECORD
MAXIMUM 22.32 1945
MINIMUM 2.87 1966
TOTALS 5.39* 13.28 -7.89 10.48
DAILY AVG. 0.06 0.11
DAYS >= .01 25 32.7 -7.7 34
DAYS >= .10 12 21.9 -9.9 21
DAYS >= .50 3 8.9 -5.9 7
DAYS >= 1.00 1 3.4 -2.4 2
GREATEST
24 HR. TOTAL 1.34
DEGREE DAYS
HEATING TOTAL 37 65 -28 34
SINCE 7/1 2 14 -12 4
COOLING TOTAL 890 567 323 711
SINCE 1/1 935 604 331 737
................................................................
WIND (MPH)
AVERAGE WIND SPEED 4.2
HIGHEST WIND SPEED/DIRECTION 30/020 DATE 07/02
HIGHEST GUST SPEED/DIRECTION 40/310 DATE 08/25
WEATHER CONDITIONS. NUMBER OF DAYS WITH
THUNDERSTORM 19 MIXED PRECIP 0
HEAVY RAIN 12 RAIN 14
LIGHT RAIN 31 FREEZING RAIN 0
LT FREEZING RAIN 0 HAIL 0
HEAVY SNOW 0 SNOW 0
LIGHT SNOW 0 SLEET 0
FOG 37 FOG W/VIS <= 1/4 MILE 7
HAZE 10
- INDICATES NEGATIVE NUMBERS.
R INDICATES RECORD WAS SET OR TIED.
MM INDICATES DATA IS MISSING.
T INDICATES TRACE AMOUNT.
* PRECIPITATION FOR THE SUMMER IS MISSING AUGUST 4TH TROPICAL STORM ISAIAS
$$