000
CXZS50 NSTU 021833
CLMPPG
CLIMATE REPORT
NATIONAL WEATHER SERVICE PAGO PAGO AS
735 AM SST SAT SEP 2 2023
.....................................
...THE PAGO PAGO AIRPORT CLIMATE SUMMARY FOR THE MONTH OF JUNE 2023...
CLIMATE NORMAL PERIOD 1991 TO 2020
CLIMATE RECORD PERIOD 1956 TO 2023
WEATHER ITEM OBSERVED DATES NORMAL DEPARTURE LAST YEAR
VALUE VALUE FROM VALUE DATE(S)
NORMAL
.............................................................................
TEMPERATURE (F)
RECORD
HIGH 95 6/23/1988
LOW 65 6/26/1965
HIGHEST 90 6/28 85 4 88 6/05
6/10
6/08
LOWEST 71 6/25 78 -5 74 6/20
6/22 6/19
6/07
AVG. MAXIMUM 86.1 85.3 0.8 85.5
AVG. MINIMUM 77.2 77.8 -0.6 77.5
MEAN 81.6 81.5 0.1 81.5
DAYS MAX >= 90 0 0.2 -0.2 0
DAYS MAX <= 32 0 0.0 0.0 0
DAYS MIN <= 32 0 0.0 0.0 0
DAYS MIN <= 0 0 0.0 0.0 0
PRECIPITATION (INCHES)
RECORD
MAXIMUM 20.74 2020
MINIMUM 0.83 1998
TOTALS 5.81 6.37 -0.56 5.84
DAILY AVG. 0.21 0.21 0.00 0.21
DAYS >= .01 17 19 -2 19
DAYS >= .10 9 11 -2 16
DAYS >= .50 4 4 0 1
DAYS >= 1.00 2 2 0 1
GREATEST
24 HR. TOTAL 1.72 6/6 TO 7 2.13 6/25 TO 26
DEGREE DAYS
HEATING TOTAL 000 00 00 00
SINCE 1/1 000 00 00 00
COOLING TOTAL 505 497 8 502
SINCE 1/1 3164 3204 40 3244
WIND (MPH)
AVERAGE WIND SPEED 8.7
HIGHEST WIND SPEED/DIRECTION 28/140 DATE 6/14
HIGHEST GUST SPEED/DIRECTION MM DATE MM
SKY COVER
POSSIBLE SUNSHINE (PERCENT) MM
AVERAGE SKY COVER 5.1
NUMBER OF DAYS FAIR 0
NUMBER OF DAYS PC 23
NUMBER OF DAYS CLOUDY 7
AVERAGE RH (PERCENT) 90.2
WEATHER CONDITIONS NUMBER OF DAYS WITH
THUNDERSTORM 00 MIXED PRECIP 00
HEAVY RAIN 5 RAIN 00
LIGHT RAIN 20 FREEZING RAIN 00
LT FREEZING RAIN 00 HAIL 00
HEAVY SNOW 00 SNOW 00
LIGHT SNOW 00 SLEET 00
FOG 00 FOG W/VIS <= 1/4 MILE 00
HAZE 00
- INDICATES NEGATIVE NUMBERS
R INDICATES RECORD WAS SET OR TIED
MM INDICATES DATA IS MISSING
T INDICATES TRACE AMOUNTTEMPERATURE (F)