000
CXZS50 NSTU 020103
CLMPPG
CLIMATE REPORT
NATIONAL WEATHER SERVICE PAGO PAGO AS
200 PM SST FRI SEP 1 2023
.....................................
...THE PAGO PAGO AIRPORT CLIMATE SUMMARY FOR THE MONTH OF APRIL 2023...
CLIMATE NORMAL PERIOD 1991 TO 2020
CLIMATE RECORD PERIOD 1956 TO 2023
WEATHER ITEM OBSERVED DATES NORMAL DEPARTURE LAST YEAR
VALUE VALUE FROM VALUE DATE(S)
NORMAL
.............................................................................
TEMPERATURE (F)
RECORD
HIGH 95 4/14/1998
LOW 68 4/22/1979
HIGHEST 90 4/08 88 2 89 4/21
4/07 4/15
4/05 4/12
4/11
4/10
LOWEST 75 4/15 78 -3 76 4/26
4/13
4/12
4/04
4/03
AVG. MAXIMUM 86.8 87.8 -1.0 87.7
AVG. MINIMUM 77.9 78.1 -0.2 78.6
MEAN 82.3 83.0 -0.7 83.1
DAYS MAX >= 90 3 5.5 -2.5 0
DAYS MAX <= 32 0 0.0 0.0 0
DAYS MIN <= 32 0 0.0 0.0 0
DAYS MIN <= 0 0 0.0 0.0 0
PRECIPITATION (INCHES)
RECORD
MAXIMUM 30.87 2016
MINIMUM 0.74 1998
TOTALS 14.25 11.27 2.98 5.42
DAILY AVG. 0.51 0.36 0.15 0.19
DAYS >= .01 25 22 3 23
DAYS >= .10 19 15 4 15
DAYS >= .50 10 7 3 5
DAYS >= 1.00 6 4 2 0
GREATEST
24 HR. TOTAL 2.56 4/21 TO 22 1.04 4/27 TO 28
DEGREE DAYS
HEATING TOTAL 000 00 00 00
SINCE 1/1 000 00 00 00
COOLING TOTAL 527 539 -12 551
SINCE 1/1 2129 2174 -45 2204
WIND (MPH)
AVERAGE WIND SPEED 8.6
HIGHEST WIND SPEED/DIRECTION 28/130 DATE 4/08
HIGHEST GUST SPEED/DIRECTION MM DATE MM
SKY COVER
POSSIBLE SUNSHINE (PERCENT) MM
AVERAGE SKY COVER 5.6
NUMBER OF DAYS FAIR 0
NUMBER OF DAYS PC 21
NUMBER OF DAYS CLOUDY 9
AVERAGE RH (PERCENT) 90.1
WEATHER CONDITIONS NUMBER OF DAYS WITH
THUNDERSTORM 9 MIXED PRECIP 00
HEAVY RAIN 10 RAIN 1
LIGHT RAIN 24 FREEZING RAIN 00
LT FREEZING RAIN 00 HAIL 00
HEAVY SNOW 00 SNOW 00
LIGHT SNOW 00 SLEET 00
FOG 00 FOG W/VIS <= 1/4 MILE 00
HAZE 00
- INDICATES NEGATIVE NUMBERS
R INDICATES RECORD WAS SET OR TIED
MM INDICATES DATA IS MISSING
T INDICATES TRACE AMOUNTTEMPERATURE (F)