000
CXUS56 KLOX 011730
CLMPRB
CLIMATE REPORT
NATIONAL WEATHER SERVICE LOS ANGELES/OXNARD
930 AM PST FRI DEC 01 2023
...................................
...THE PASO ROBLES AIRPORT CA CLIMATE SUMMARY FOR THE MONTH OF NOVEMBER 2023...
CLIMATE NORMAL PERIOD: 1991 TO 2020
CLIMATE RECORD PERIOD: 1948 TO 2023
WEATHER OBSERVED NORMAL DEPART LAST YEAR`S
VALUE DATE(S) VALUE FROM VALUE
NORMAL
..............................................................
TEMPERATURE (F)
HIGHEST 85 11/02
11/03
11/04
LOWEST 29 11/09
11/25
AVG. MAXIMUM 72.0 68.6 3.4
AVG. MINIMUM 36.9 37.1 -0.2
MEAN 54.5 52.9 1.6
DAYS MAX >= 90 0
DAYS MAX <= 32 0
DAYS MIN <= 32 9
DAYS MIN <= 0 0
PRECIPITATION (INCHES)
TOTALS 1.76 0.87 0.89
DAILY AVG. 0.06
DAYS >= .01 2
DAYS >= .10 1
DAYS >= .50 1
DAYS >= 1.00 1
GREATEST
24 HR. TOTAL 1.74 11/18 TO 11/19
STORM TOTAL 1.74
DEGREE DAYS
HEATING TOTAL 307 366 -59 467
SINCE 7/1 418 522 -104 MM
COOLING TOTAL 0 1 -1 0
SINCE 1/1 963 958 5 MM
..............................................................
WIND (MPH)
AVERAGE WIND SPEED 4.2
HIGHEST WIND SPEED/DIRECTION 28/160 DATE 11/15
HIGHEST GUST SPEED/DIRECTION 35/150 DATE 11/15
SKY COVER
POSSIBLE SUNSHINE (PERCENT) MM
AVERAGE SKY COVER 0.15
NUMBER OF DAYS FAIR 22
NUMBER OF DAYS PC 7
NUMBER OF DAYS CLOUDY 1
AVERAGE RH (PERCENT) 57
WEATHER CONDITIONS. NUMBER OF DAYS WITH
THUNDERSTORM 0 MIXED PRECIP 0
HEAVY RAIN 1 RAIN 1
LIGHT RAIN 3 FREEZING RAIN 0
LT FREEZING RAIN 0 HAIL 0
HEAVY SNOW 0 SNOW 0
LIGHT SNOW 0 SLEET 0
FOG 7 FOG W/VIS <= 1/4 MILE 1
HAZE 1
- INDICATES NEGATIVE NUMBERS.
R INDICATES RECORD WAS SET OR TIED.
MM INDICATES DATA IS MISSING.
T INDICATES TRACE AMOUNT.
$$