000
CXUS54 KFWD 010732
CF6PRX
PRELIMINARY LOCAL CLIMATOLOGICAL DATA (WS FORM: F-6)
STATION: PARIS
MONTH: MAY
YEAR: 2023
LATITUDE: 33 37 N
LONGITUDE: 95 27 W
TEMPERATURE IN F: :PCPN: SNOW: WIND :SUNSHINE: SKY :PK WND
================================================================================
1 2 3 4 5 6A 6B 7 8 9 10 11 12 13 14 15 16 17 18
12Z AVG MX 2MIN
DY MAX MIN AVG DEP HDD CDD WTR SNW DPTH SPD SPD DIR MIN PSBL S-S WX SPD DR
================================================================================
1 74 50 62 -6 3 0 0.00 M M 5.1 10 360 M M 2 8 M M
2 79 49 64 -4 1 0 0.00 M M 3.5 7 360 M M 0 M M
3 77 54 66 -3 0 1 0.00 M M 5.3 13 20 M M 1 M M
4 80 57 69 0 0 4 0.82 M M 9.1 17 330 M M 4 13 30 330
5 83 63 73 4 0 8 T M M 10.8 16 150 M M 6 M M
6 89 65 77 7 0 12 0.40 M M 9.9 30 290 M M 3 123 41 300
7 83 63 73 3 0 8 0.26 M M 10.7 27 150 M M 4 3 44 150
8 85 67 76 6 0 11 T M M 9.2 13 150 M M 2 20 200
9 85 66 76 6 0 11 T M M 7.8 14 130 M M 2 M M
10 77 67 72 1 0 7 0.15 M M 6.6 14 160 M M 6 1 M M
11 84 65 75 4 0 10 0.02 M M 8.4 15 140 M M 8 1 M M
12 87 76 82 11 0 17 0.02 M M 9.5 15 180 M M 7 18 170
13 86 67 77 5 0 12 0.39 M M 9.9 21 150 M M 4 13 33 210
14 85 67 76 4 0 11 0.26 M M 7.3 18 220 M M 5 13 33 180
15 86 68 77 5 0 12 0.12 M M 7.9 14 220 M M 7 1 M M
16 75 63 69 -3 0 4 0.00 M M 7.6 12 300 M M 7 M M
17 79 65 72 -1 0 7 0.00 M M 5.4 10 340 M M 7 M M
18 84 63 74 1 0 9 0.00 M M 3.4 8 290 M M 2 12 M M
19 89 67 78 5 0 13 0.02 M M 7.0 16 350 M M 4 3 20 180
20 73 60 67 -7 0 2 0.00 M M 9.5 15 340 M M 8 1 20 350
21 76 57 67 -7 0 2 0.00 M M 5.7 9 90 M M 2 M M
22 79 58 69 -5 0 4 0.00 M M 2.8 7 110 M M 0 8 M M
23 83 60 72 -2 0 7 0.00 M M 4.5 8 60 M M 1 M M
24 83 65 74 -1 0 9 0.00 M M 7.4 13 100 M M 2 18 M M
25 83 62 73 -2 0 8 0.00 M M 5.2 12 100 M M 0 M M
26 85 64 75 0 0 10 0.00 M M 7.0 14 80 M M 1 8 16 99
27 84 63 74 -2 0 9 0.00 M M 6.5 13 90 M M 0 8 M M
28 85 61 73 -3 0 8 0.00 M M 6.8 13 120 M M 1 21 120
29 88 66 77 1 0 12 0.71 M M 5.0 18 210 M M 4 138 31 180
30 88 65 77 1 0 12 T M M 3.1 7 140 M M 1 M M
31 88 65 77 0 0 12 0.00 M M 5.1 10 130 M M 0 M M
================================================================================
SM 2562 1948 4 252 3.17 M 212.8 M 101
================================================================================
AV 82.6 62.8 6.9 FASTST M M 3 MAX(MPH)
MISC ----> 30 290 44 150
================================================================================
NOTES:
# LAST OF SEVERAL OCCURRENCES
COLUMN 17 PEAK WIND IN M.P.H.
PRELIMINARY LOCAL CLIMATOLOGICAL DATA (WS FORM: F-6) , PAGE 2
STATION: PARIS
MONTH: MAY
YEAR: 2023
LATITUDE: 33 37 N
LONGITUDE: 95 27 W
[TEMPERATURE DATA] [PRECIPITATION DATA] SYMBOLS USED IN COLUMN 16
AVERAGE MONTHLY: 72.7 TOTAL FOR MONTH: 3.17 1 = FOG OR MIST
DPTR FM NORMAL: 0.4 DPTR FM NORMAL: -2.39 2 = FOG REDUCING VISIBILITY
HIGHEST: 89 ON 19, 6 GRTST 24HR 0.82 ON 4- 4 TO 1/4 MILE OR LESS
LOWEST: 49 ON 2 3 = THUNDER
SNOW, ICE PELLETS, HAIL 4 = ICE PELLETS
TOTAL MONTH: M 5 = HAIL
GRTST 24HR M ON M 6 = FREEZING RAIN OR DRIZZLE
GRTST DEPTH: M ON M 7 = DUSTSTORM OR SANDSTORM:
VSBY 1/2 MILE OR LESS
8 = SMOKE OR HAZE
[NO. OF DAYS WITH] [WEATHER - DAYS WITH] 9 = BLOWING SNOW
X = TORNADO
MAX 32 OR BELOW: 0 0.01 INCH OR MORE: 11
MAX 90 OR ABOVE: 0 0.10 INCH OR MORE: 8
MIN 32 OR BELOW: 0 0.50 INCH OR MORE: 2
MIN 0 OR BELOW: 0 1.00 INCH OR MORE: 0
[HDD (BASE 65) ]
TOTAL THIS MO. 4 CLEAR (SCALE 0-3) 16
DPTR FM NORMAL -14 PTCLDY (SCALE 4-7) 13
TOTAL FM JUL 1 2295 CLOUDY (SCALE 8-10) 2
DPTR FM NORMAL -392
[CDD (BASE 65) ]
TOTAL THIS MO. 252
DPTR FM NORMAL 6 [PRESSURE DATA]
TOTAL FM JAN 1 326 HIGHEST SLP 30.19 ON 15
DPTR FM NORMAL -31 LOWEST SLP 29.83 ON 17
[REMARKS]
#FINAL-05-23#