000
CXUS55 KALY 010810
CF6PSF
PRELIMINARY LOCAL CLIMATOLOGICAL DATA (WS FORM: F-6)
STATION: PITTSFIELD MA
MONTH: NOVEMBER
YEAR: 2021
LATITUDE: 42 25 N
LONGITUDE: 73 18 W
TEMPERATURE IN F: :PCPN: SNOW: WIND :SUNSHINE: SKY :PK WND
================================================================================
1 2 3 4 5 6A 6B 7 8 9 10 11 12 13 14 15 16 17 18
12Z AVG MX 2MIN
DY MAX MIN AVG DEP HDD CDD WTR SNW DPTH SPD SPD DIR MIN PSBL S-S WX SPD DR
================================================================================
1 53 36 45 2 20 0 0.01 M M 9.3 25 280 M M 3 34 280
2 51 31 41 -1 24 0 T M M 4.9 16 260 M M 7 20 270
3 46 28 37 -5 28 0 0.00 M M 6.1 17 290 M M 4 22 280
4 46 26 36 -6 29 0 0.00 M M 1.7 9 260 M M 6 12 11 260
5 46 24 35 -6 30 0 0.00 M M 2.7 14 280 M M 0 18 290
6 49 22 36 -5 29 0 0.00 M M 1.9 10 280 M M 1 12 15 280
7 54 22 38 -3 27 0 0.00 M M 1.9 9 250 M M 1 12 11 270
8 59 28 44 4 21 0 0.00 M M 2.6 13 270 M M 0 1 16 270
9 61 30 46 6 19 0 0.00 M M 3.2 14 290 M M 7 12 17 280
10 55 34 45 5 20 0 0.02 M M 8.7 25 300 M M 4 1 34 290
11 54 27 41 2 24 0 0.00 M M 5.4 20 140 M M 3 26 130
12 59 34 47 8 18 0 1.22 M M 7.5 29 280 M M 8 12 37 270
13 56 30 43 4 22 0 0.63 M M 7.0 25 290 M M 8 123 35 300
14 44 33 39 1 26 0 0.05 M M 5.9 16 250 M M 7 1 22 220
15 42 32 37 -1 28 0 0.05 M M 10.7 22 290 M M 9 1 30 280
16 39 30 35 -3 30 0 T M M 9.4 17 290 M M 9 23 280
17 50 26 38 1 27 0 0.00 M M 5.2 21 180 M M 5 30 200
18 65 39 52 15 13 0 0.27 M M 8.1 20 300 M M 5 1 30 200
19 41 28 35 -2 30 0 0.03 M M 11.7 23 290 M M 6 18 33 290
20 41 23 32 -4 33 0 0.00 M M 4.9 13 270 M M 0 18 190
21 49 32 41 5 24 0 0.01 M M 6.0 17 190 M M 6 1 25 210
22 48 28 38 2 27 0 0.21 M M 10.0 21 260 M M 7 1 25 300
23 34 24 29 -6 36 0 0.00 M M 11.4 22 290 M M 3 31 290
24 37 19 28 -7 37 0 0.00 M M 6.1 15 300 M M 0 21 320
25 42 25 34 -1 31 0 T M M 2.5 10 240 M M 6 14 240
26 38 29 34 0 31 0 0.21 M M 9.8 25 290 M M 10 12 41 300
27 29 23 26 -8 39 0 0.01 M M 12.2 28 280 M M 7 1 39 270
28 30 20 25 -9 40 0 T M M 2.1 12 260 M M 9 18 14 270
29 30 21 26 -7 39 0 T M M 7.6 17 310 M M 9 18 24 320
30 32 14 23 -10 42 0 T M M 5.1 14 240 M M 8 18 18 220
================================================================================
SM 1380 818 844 0 2.72 M 191.6 M 158
================================================================================
AV 46.0 27.3 6.4 FASTST M M 5 MAX(MPH)
MISC ----> 29 280 41 300
================================================================================
NOTES:
# LAST OF SEVERAL OCCURRENCES
COLUMN 17 PEAK WIND IN M.P.H.
PRELIMINARY LOCAL CLIMATOLOGICAL DATA (WS FORM: F-6) , PAGE 2
STATION: PITTSFIELD MA
MONTH: NOVEMBER
YEAR: 2021
LATITUDE: 42 25 N
LONGITUDE: 73 18 W
[TEMPERATURE DATA] [PRECIPITATION DATA] SYMBOLS USED IN COLUMN 16
AVERAGE MONTHLY: 36.6 TOTAL FOR MONTH: 2.72 1 = FOG OR MIST
DPTR FM NORMAL: -1.3 DPTR FM NORMAL: -0.80 2 = FOG REDUCING VISIBILITY
HIGHEST: 65 ON 18 GRTST 24HR 1.22 ON 12-12 TO 1/4 MILE OR LESS
LOWEST: 14 ON 30 3 = THUNDER
SNOW, ICE PELLETS, HAIL 4 = ICE PELLETS
TOTAL MONTH: M 5 = HAIL
GRTST 24HR M ON M 6 = FREEZING RAIN OR DRIZZLE
GRTST DEPTH: M ON M 7 = DUSTSTORM OR SANDSTORM:
VSBY 1/2 MILE OR LESS
8 = SMOKE OR HAZE
[NO. OF DAYS WITH] [WEATHER - DAYS WITH] 9 = BLOWING SNOW
X = TORNADO
MAX 32 OR BELOW: 4 0.01 INCH OR MORE: 12
MAX 90 OR ABOVE: 0 0.10 INCH OR MORE: 5
MIN 32 OR BELOW: 25 0.50 INCH OR MORE: 2
MIN 0 OR BELOW: 0 1.00 INCH OR MORE: 1
[HDD (BASE 65) ]
TOTAL THIS MO. 844 CLEAR (SCALE 0-3) 9
DPTR FM NORMAL 31 PTCLDY (SCALE 4-7) 16
TOTAL FM JUL 1 1346 CLOUDY (SCALE 8-10) 5
DPTR FM NORMAL -236
[CDD (BASE 65) ]
TOTAL THIS MO. 0
DPTR FM NORMAL 0 [PRESSURE DATA]
TOTAL FM JAN 1 469 HIGHEST SLP 30.54 ON 20
DPTR FM NORMAL 124 LOWEST SLP 29.49 ON 26
[REMARKS]
#FINAL-11-21#