340
CXUS54 KFWD 010731
CF6PSN
PRELIMINARY LOCAL CLIMATOLOGICAL DATA (WS FORM: F-6)
STATION: PALESTINE
MONTH: MAY
YEAR: 2020
LATITUDE: 31 46 N
LONGITUDE: 95 42 W
TEMPERATURE IN F: :PCPN: SNOW: WIND :SUNSHINE: SKY :PK WND
================================================================================
1 2 3 4 5 6A 6B 7 8 9 10 11 12 13 14 15 16 17 18
12Z AVG MX 2MIN
DY MAX MIN AVG DEP HDD CDD WTR SNW DPTH SPD SPD DIR MIN PSBL S-S WX SPD DR
================================================================================
1 83 53 68 0 0 3 0.00 0.0 0 6.4 12 150 M M 0 18 170
2 85 64 75 6 0 10 0.00 0.0 0 8.6 16 190 M M 1 22 180
3 86 70 78 9 0 13 0.00 0.0 0 10.4 16 190 M M 4 22 180
4 86 69 78 9 0 13 0.00 0.0 0 8.1 13 180 M M 4 20 180
5 81 60 71 1 0 6 0.00 0.0 0 7.6 12 350 M M 4 17 340
6 82 52 67 -3 0 2 0.00 0.0 0 4.2 9 40 M M 0 M M
7 84 58 71 1 0 6 0.00 0.0 0 7.8 15 170 M M 3 24 160
8 77 54 66 -4 0 1 0.06 0.0 0 11.4 21 340 M M 6 29 340
9 72 52 62 -9 3 0 0.00 0.0 0 4.5 10 70 M M 0 18 80
10 77 49 63 -8 2 0 0.00 0.0 0 3.7 9 30 M M 0 M M
11 81 54 68 -3 0 3 0.00 0.0 0 5.0 13 110 M M 0 18 110
12 77 63 70 -2 0 5 M 0.0 0 4.9 12 130 M M 7 23 140
13 84 66 75 3 0 10 0.00 0.0 0 7.0 12 180 M M 5 16 180
14 88 70 79 7 0 14 0.00 0.0 0 6.9 18 120 M M 5 24 120
15 87 69 78 6 0 13 0.00 0.0 0 5.7 9 190 M M 6 M M
16 72 66 69 -3 0 4 0.77 0.0 0 7.6 17 80 M M 10 13 23 80
17 83 63 73 0 0 8 0.24 0.0 0 7.5 14 290 M M 6 22 310
18 87 58 73 0 0 8 0.00 0.0 0 1.1 6 180 M M 0 M M
19 92 68 80 7 0 15 0.00 0.0 0 4.8 12 190 M M 0 17 190
20 86 68 77 3 0 12 0.00 0.0 0 6.5 10 60 M M 5 M M
21 86 70 78 4 0 13 0.00 0.0 0 5.1 10 170 M M 6 1 M M
22 91 73 82 8 0 17 0.00 0.0 0 8.2 16 180 M M 4 30 140
23 88 69 79 5 0 14 0.00 0.0 0 6.6 10 340 M M 5 M M
24 86 64 75 1 0 10 0.15 0.0 0 6.5 10 90 M M 5 18 16 130
25 73 61 67 -8 0 2 1.28 0.0 0 4.9 14 280 M M 7 1 27 280
26 79 61 70 -5 0 5 0.00 0.0 0 3.5 10 250 M M 5 12 16 240
27 82 58 70 -5 0 5 0.00 0.0 0 2.2 9 180 M M 1 M M
28 83 60 72 -3 0 7 0.00 0.0 0 2.2 7 30 M M 3 M M
29 86 63 75 -1 0 10 0.00 0.0 0 5.7 15 350 M M 0 23 350
30 86 62 74 -2 0 9 0.00 0.0 0 4.4 10 60 M M 1 16 60
31 87 68 78 2 0 13 0.00 0.0 0 5.6 8 80 M M 1 M M
================================================================================
SM 2577 1935 5 251 2.50 0.0 184.6 M 104
================================================================================
AV 83.1 62.4 6.0 FASTST M M 3 MAX(MPH)
MISC ----> # 21 340 # 30 140
================================================================================
NOTES:
# LAST OF SEVERAL OCCURRENCES
COLUMN 17 PEAK WIND IN M.P.H.
PRELIMINARY LOCAL CLIMATOLOGICAL DATA (WS FORM: F-6) , PAGE 2
STATION: PALESTINE
MONTH: MAY
YEAR: 2020
LATITUDE: 31 46 N
LONGITUDE: 95 42 W
[TEMPERATURE DATA] [PRECIPITATION DATA] SYMBOLS USED IN COLUMN 16
AVERAGE MONTHLY: 72.8 TOTAL FOR MONTH: 2.50 1 = FOG OR MIST
DPTR FM NORMAL: 0.4 DPTR FM NORMAL: -1.71 2 = FOG REDUCING VISIBILITY
HIGHEST: 92 ON 19 GRTST 24HR 1.28 ON 25-25 TO 1/4 MILE OR LESS
LOWEST: 49 ON 10 3 = THUNDER
SNOW, ICE PELLETS, HAIL 4 = ICE PELLETS
TOTAL MONTH: 0.0 INCH 5 = HAIL
GRTST 24HR 0.0 6 = FREEZING RAIN OR DRIZZLE
GRTST DEPTH: 0 7 = DUSTSTORM OR SANDSTORM:
VSBY 1/2 MILE OR LESS
8 = SMOKE OR HAZE
[NO. OF DAYS WITH] [WEATHER - DAYS WITH] 9 = BLOWING SNOW
X = TORNADO
MAX 32 OR BELOW: 0 0.01 INCH OR MORE: 5
MAX 90 OR ABOVE: 2 0.10 INCH OR MORE: 4
MIN 32 OR BELOW: 0 0.50 INCH OR MORE: 2
MIN 0 OR BELOW: 0 1.00 INCH OR MORE: 1
[HDD (BASE 65) ]
TOTAL THIS MO. 5 CLEAR (SCALE 0-3) 14
DPTR FM NORMAL -7 PTCLDY (SCALE 4-7) 16
TOTAL FM JUL 1 1844 CLOUDY (SCALE 8-10) 1
DPTR FM NORMAL -528
[CDD (BASE 65) ]
TOTAL THIS MO. 251
DPTR FM NORMAL 9 [PRESSURE DATA]
TOTAL FM JAN 1 445 HIGHEST SLP M ON M
DPTR FM NORMAL 95 LOWEST SLP M ON M
[REMARKS]
#FINAL-05-20#