000
CXUS56 KOTX 010910
CF6PUW
PRELIMINARY LOCAL CLIMATOLOGICAL DATA (WS FORM: F-6)
STATION: PULLMAN_MOSCOW AIRPORT
MONTH: AUGUST
YEAR: 2021
LATITUDE: 46 44 N
LONGITUDE: 117 7 W
TEMPERATURE IN F: :PCPN: SNOW: WIND :SUNSHINE: SKY :PK WND
================================================================================
1 2 3 4 5 6A 6B 7 8 9 10 11 12 13 14 15 16 17 18
12Z AVG MX 2MIN
DY MAX MIN AVG DEP HDD CDD WTR SNW DPTH SPD SPD DIR MIN PSBL S-S WX SPD DR
================================================================================
1 83 68 76 7 0 11 0.04 M M 3.0 10 300 M M 4 8 15 260
2 91 64 78 9 0 13 0.00 M M 3.2 13 250 M M 0 8 18 300
3 95 61 78 9 0 13 T M M 5.9 17 230 M M 1 38 19 240
4 92 63 78 9 0 13 0.00 M M 5.4 15 100 M M 0 8 20 100
5 90 60 75 6 0 10 T M M 7.3 26 180 M M 2 8 33 190
6 83 62 73 5 0 8 0.00 M M 11.6 21 270 M M 0 8 27 240
7 86 58 72 4 0 7 0.00 M M 9.8 22 240 M M 1 29 280
8 69 59 64 -4 1 0 0.00 M M 11.9 28 240 M M 7 8 38 230
9 78 53 66 -2 0 1 0.00 M M 3.0 12 230 M M 2 8 16 250
10 86 50 68 0 0 3 0.00 M M 3.7 15 250 M M 0 8 19 280
11 95 58 77 9 0 12 0.00 M M 3.9 16 280 M M 0 8 22 270
12 94 59 77 9 0 12 0.00 M M 3.7 14 290 M M 5 8 18 300
13 92 55 74 6 0 9 0.00 M M 2.9 12 280 M M 10 8 15 290
14 93 56 75 8 0 10 0.00 M M 3.8 14 270 M M 10 8 18 280
15 96 63 80 13 0 15 0.00 M M 3.6 14 280 M M 2 8 21 250
16 91 63 77 10 0 12 0.00 M M 9.6 21 240 M M 0 8 28 240
17 70 55 63 -4 2 0 0.01 M M 12.0 22 260 M M 4 8 29 240
18 71 50 61 -6 4 0 0.00 M M 6.7 15 100 M M 4 18 19 280
19 79 50 65 -2 0 0 0.00 M M 5.8 14 290 M M 1 21 320
20 77 55 66 0 0 1 0.30 M M 6.4 26 60 M M 2 138 36 190
21 66 51 59 -7 6 0 0.01 M M 4.4 13 240 M M 6 16 240
22 74 50 62 -4 3 0 0.00 M M 6.8 23 250 M M 2 28 240
23 68 45 57 -9 8 0 0.00 M M 6.5 20 230 M M 0 26 250
24 76 42 59 -7 6 0 0.00 M M 3.2 10 10 M M 0 14 70
25 77 45 61 -4 4 0 0.00 M M 2.1 10 290 M M 0 8 14 270
26 75 51 63 -2 2 0 0.00 M M 6.4 18 260 M M 1 8 24 230
27 72 51 62 -3 3 0 T M M 8.5 20 240 M M 3 8 27 250
28 79 45 62 -3 3 0 0.00 M M 1.2 12 30 M M 0 8 14 30
29 85 48 67 2 0 2 0.00 M M 3.7 14 100 M M 0 18 290
30 80 46 63 -1 2 0 0.00 M M 8.9 25 230 M M 0 8 32 240
31 66 44 55 -9 10 0 0.00 M M 8.8 25 260 M M 0 8 34 270
================================================================================
SM 2529 1680 54 152 0.36 M 183.7 M 67
================================================================================
AV 81.6 54.2 5.9 FASTST M M 2 MAX(MPH)
MISC ----> 28 240 38 230
================================================================================
NOTES:
# LAST OF SEVERAL OCCURRENCES
COLUMN 17 PEAK WIND IN M.P.H.
PRELIMINARY LOCAL CLIMATOLOGICAL DATA (WS FORM: F-6) , PAGE 2
STATION: PULLMAN_MOSCOW AIRPORT
MONTH: AUGUST
YEAR: 2021
LATITUDE: 46 44 N
LONGITUDE: 117 7 W
[TEMPERATURE DATA] [PRECIPITATION DATA] SYMBOLS USED IN COLUMN 16
AVERAGE MONTHLY: 67.9 TOTAL FOR MONTH: 0.36 1 = FOG OR MIST
DPTR FM NORMAL: 1.0 DPTR FM NORMAL: -0.13 2 = FOG REDUCING VISIBILITY
HIGHEST: 96 ON 15 GRTST 24HR 0.31 ON 20-21 TO 1/4 MILE OR LESS
LOWEST: 42 ON 24 3 = THUNDER
SNOW, ICE PELLETS, HAIL 4 = ICE PELLETS
TOTAL MONTH: M 5 = HAIL
GRTST 24HR M ON M 6 = FREEZING RAIN OR DRIZZLE
GRTST DEPTH: M ON M 7 = DUSTSTORM OR SANDSTORM:
VSBY 1/2 MILE OR LESS
8 = SMOKE OR HAZE
[NO. OF DAYS WITH] [WEATHER - DAYS WITH] 9 = BLOWING SNOW
X = TORNADO
MAX 32 OR BELOW: 0 0.01 INCH OR MORE: 4
MAX 90 OR ABOVE: 10 0.10 INCH OR MORE: 1
MIN 32 OR BELOW: 0 0.50 INCH OR MORE: 0
MIN 0 OR BELOW: 0 1.00 INCH OR MORE: 0
[HDD (BASE 65) ]
TOTAL THIS MO. 54 CLEAR (SCALE 0-3) 23
DPTR FM NORMAL 4 PTCLDY (SCALE 4-7) 6
TOTAL FM JUL 1 59 CLOUDY (SCALE 8-10) 2
DPTR FM NORMAL -39
[CDD (BASE 65) ]
TOTAL THIS MO. 152
DPTR FM NORMAL 43 [PRESSURE DATA]
TOTAL FM JAN 1 533 HIGHEST SLP M ON M
DPTR FM NORMAL 283 LOWEST SLP 29.63 ON 16
[REMARKS]
#FINAL-08-21#