000
CXUS56 KOTX 011240
CLMPUW
CLIMATE REPORT
NATIONAL WEATHER SERVICE SPOKANE WA
440 AM PST THU FEB 01 2024
...................................
...THE PULLMAN_MOSCOW AIRPORT CLIMATE SUMMARY FOR THE MONTH OF JANUARY 2024...
CLIMATE NORMAL PERIOD 1991 TO 2020
CLIMATE RECORD PERIOD 9999 TO 9999
WEATHER OBSERVED NORMAL DEPART LAST YEAR`S
VALUE DATE(S) VALUE FROM VALUE DATE(S)
NORMAL
................................................................
TEMPERATURE (F)
RECORD
HIGH 60 01/03/1913
LOW -29 01/26/1957
HIGHEST 57 01/29 MM MM 49 01/14
LOWEST -21 01/13 MM MM 7 01/30
AVG. MAXIMUM 35.1 37.6 -2.5 37.3
AVG. MINIMUM 23.0 27.8 -4.8 27.2
MEAN 29.1 32.7 -3.6 32.3
DAYS MAX >= 90 0 0.0 0.0 0
DAYS MAX <= 32 11 7.7 3.3 5
DAYS MIN <= 32 17 21.8 -4.8 21
DAYS MIN <= 0 4 0.9 3.1 0
PRECIPITATION (INCHES)
RECORD
MAXIMUM 8.60 1953
MINIMUM 0.40 2005
TOTALS 1.75 2.15 -0.40 1.03
DAILY AVG. 0.06 0.07 -0.01 0.03
DAYS >= .01 17 13.5 3.5 12
DAYS >= .10 8 5.9 2.1 5
DAYS >= .50 0 0.6 -0.6 0
DAYS >= 1.00 0 0.0 0.0 0
GREATEST
24 HR. TOTAL 0.35 01/26 TO 01/27 0.24
DEGREE DAYS
HEATING TOTAL 1031 1001 30 941
SINCE 7/1 3370 3627 -257 MM
COOLING TOTAL 0 0 0 0
SINCE 1/1 0 0 0 MM
................................................................
WIND (MPH)
AVERAGE WIND SPEED 8.6
HIGHEST WIND SPEED/DIRECTION 43/250 DATE 01/09
HIGHEST GUST SPEED/DIRECTION 56/250 DATE 01/09
SKY COVER
POSSIBLE SUNSHINE (PERCENT) MM
AVERAGE SKY COVER 0.63
NUMBER OF DAYS FAIR 7
NUMBER OF DAYS PC 8
NUMBER OF DAYS CLOUDY 15
AVERAGE RH (PERCENT) 83
WEATHER CONDITIONS. NUMBER OF DAYS WITH
THUNDERSTORM 0 MIXED PRECIP 0
HEAVY RAIN 0 RAIN 1
LIGHT RAIN 12 FREEZING RAIN 0
LT FREEZING RAIN 3 HAIL 0
HEAVY SNOW 2 SNOW 4
LIGHT SNOW 12 SLEET 0
FOG 23 FOG W/VIS <= 1/4 MILE 8
HAZE 5
- INDICATES NEGATIVE NUMBERS.
R INDICATES RECORD WAS SET OR TIED.
MM INDICATES DATA IS MISSING.
T INDICATES TRACE AMOUNT.
$$