000
CXUS51 KBOX 010910
CF6PVD
PRELIMINARY LOCAL CLIMATOLOGICAL DATA (WS FORM: F-6)
STATION: PROVIDENCE RI
MONTH: DECEMBER
YEAR: 2023
LATITUDE: 41 43 N
LONGITUDE: 71 26 W
TEMPERATURE IN F: :PCPN: SNOW: WIND :SUNSHINE: SKY :PK WND
================================================================================
1 2 3 4 5 6A 6B 7 8 9 10 11 12 13 14 15 16 17 18
12Z AVG MX 2MIN
DY MAX MIN AVG DEP HDD CDD WTR SNW DPTH SPD SPD DIR MIN PSBL S-S WX SPD DR
================================================================================
1 55 38 47 7 18 0 0.05 0.0 0 6.9 14 250 M M 7 1 18 250
2 53 39 46 7 19 0 T 0.0 0 4.3 12 240 M M 9 1 13 240
3 46 41 44 5 21 0 0.67 0.0 0 7.8 16 70 M M 9 1 19 50
4 54 40 47 8 18 0 0.01 0.0 0 5.8 15 260 M M 8 1 20 250
5 43 32 38 0 27 0 0.00 0.0 0 8.1 20 300 M M 8 26 290
6 36 27 32 -6 33 0 T T 0 8.7 15 340 M M 6 18 360
7 33 22 28 -10 37 0 0.00 0.0 0 4.6 12 290 M M 4 15 290
8 45 22 34 -4 31 0 0.00 0.0 0 1.1 8 190 M M 5 1 9 190
9 52 29 41 4 24 0 0.00 0.0 0 3.2 16 160 M M 8 18 21 160
10 61 43 52 15 13 0 0.64 0.0 0 10.4 28 190 M M 10 12 41 200
11 62 35 49 12 16 0 1.65 0.0 0 15.8 35 190 M M 7 1 49 180
12 43 26 35 -1 30 0 0.00 0.0 0 7.9 20 300 M M 1 26 300
13 45 32 39 3 26 0 0.00 0.0 0 9.1 21 300 M M 1 26 290
14 37 25 31 -5 34 0 0.00 0.0 0 7.5 14 310 M M 1 18 260
15 57 25 41 5 24 0 0.00 0.0 0 7.0 18 290 M M 3 24 250
16 54 30 42 7 23 0 0.00 0.0 0 5.9 18 360 M M 3 25 10
17 57 35 46 11 19 0 0.62 0.0 0 6.7 23 160 M M 10 1 36 170
18 60 44 52 17 13 0 2.43 0.0 0 20.5 40 150 M M 8 1 63 140
19 48 32 40 5 25 0 0.00 0.0 0 8.8 16 290 M M 3 23 290
20 44 29 37 3 28 0 0.00 0.0 0 8.7 16 10 M M 1 22 320
21 38 24 31 -3 34 0 0.00 0.0 0 9.9 21 350 M M 0 27 340
22 36 19 28 -6 37 0 0.00 0.0 0 3.9 12 350 M M 3 15 340
23 42 19 31 -3 34 0 0.00 0.0 0 2.4 13 150 M M 5 17 150
24 46 35 41 8 24 0 0.02 0.0 0 1.2 5 340 M M 10 12 8 350
25 55 35 45 12 20 0 0.00 0.0 0 1.8 7 300 M M 5 12 10 90
26 45 31 38 5 27 0 0.00 0.0 0 2.3 7 170 M M 8 12 9 350
27 49 37 43 10 22 0 0.02 0.0 0 2.3 8 20 M M 10 12 10 360
28 48 42 45 12 20 0 1.12 0.0 0 13.4 24 10 M M 10 1 30 10
29 47 41 44 12 21 0 0.02 0.0 0 4.5 13 360 M M 10 1 16 360
30 47 37 42 10 23 0 T 0.0 0 7.2 18 280 M M 9 1 25 300
31 39 34 37 5 28 0 0.00 0.0 0 7.7 13 300 M M 10 20 280
================================================================================
SM 1477 1000 769 0 7.25 T 215.4 M 192
================================================================================
AV 47.6 32.3 6.9 FASTST M M 6 MAX(MPH)
MISC ----> 40 150 63 140
================================================================================
NOTES:
# LAST OF SEVERAL OCCURRENCES
COLUMN 17 PEAK WIND IN M.P.H.
PRELIMINARY LOCAL CLIMATOLOGICAL DATA (WS FORM: F-6) , PAGE 2
STATION: PROVIDENCE RI
MONTH: DECEMBER
YEAR: 2023
LATITUDE: 41 43 N
LONGITUDE: 71 26 W
[TEMPERATURE DATA] [PRECIPITATION DATA] SYMBOLS USED IN COLUMN 16
AVERAGE MONTHLY: 40.0 TOTAL FOR MONTH: 7.25 1 = FOG OR MIST
DPTR FM NORMAL: 4.5 DPTR FM NORMAL: 2.60 2 = FOG REDUCING VISIBILITY
HIGHEST: 62 ON 11 GRTST 24HR 3.04 ON 17-18 TO 1/4 MILE OR LESS
LOWEST: 19 ON 23,22 3 = THUNDER
SNOW, ICE PELLETS, HAIL 4 = ICE PELLETS
TOTAL MONTH: T 5 = HAIL
GRTST 24HR T ON 6- 6 6 = FREEZING RAIN OR DRIZZLE
GRTST DEPTH: 0 7 = DUSTSTORM OR SANDSTORM:
VSBY 1/2 MILE OR LESS
8 = SMOKE OR HAZE
[NO. OF DAYS WITH] [WEATHER - DAYS WITH] 9 = BLOWING SNOW
X = TORNADO
MAX 32 OR BELOW: 0 0.01 INCH OR MORE: 11
MAX 90 OR ABOVE: 0 0.10 INCH OR MORE: 6
MIN 32 OR BELOW: 16 0.50 INCH OR MORE: 6
MIN 0 OR BELOW: 0 1.00 INCH OR MORE: 3
[HDD (BASE 65) ]
TOTAL THIS MO. 769 CLEAR (SCALE 0-3) 7
DPTR FM NORMAL -145 PTCLDY (SCALE 4-7) 13
TOTAL FM JUL 1 1772 CLOUDY (SCALE 8-10) 11
DPTR FM NORMAL -170
[CDD (BASE 65) ]
TOTAL THIS MO. 0
DPTR FM NORMAL 0 [PRESSURE DATA]
TOTAL FM JAN 1 729 HIGHEST SLP 30.64 ON 14
DPTR FM NORMAL -83 LOWEST SLP 28.91 ON 18
[REMARKS]
#FINAL-12-23#