000
CXUS54 KOUN 010910
CF6PWA
PRELIMINARY LOCAL CLIMATOLOGICAL DATA (WS FORM: F-6)
STATION: BETHANY/WILEY POST
MONTH: DECEMBER
YEAR: 2023
LATITUDE: 35 31 N
LONGITUDE: 97 38 W
TEMPERATURE IN F: :PCPN: SNOW: WIND :SUNSHINE: SKY :PK WND
================================================================================
1 2 3 4 5 6A 6B 7 8 9 10 11 12 13 14 15 16 17 18
12Z AVG MX 2MIN
DY MAX MIN AVG DEP HDD CDD WTR SNW DPTH SPD SPD DIR MIN PSBL S-S WX SPD DR
================================================================================
1 46 37 42 -3 23 0 0.00 M M 7.5 17 320 M M 10 1 24 310
2 55 29 42 -2 23 0 0.00 M M 7.3 17 200 M M 5 12 24 190
3 62 25 44 0 21 0 0.00 M M 10.6 20 340 M M 0 1 27 320
4 58 26 42 -2 23 0 0.00 M M 7.3 16 330 M M 0 23 320
5 59 31 45 2 20 0 0.00 M M 7.4 17 360 M M 0 23 10
6 63 33 48 5 17 0 0.00 M M 12.7 22 170 M M 0 30 170
7 69 46 58 15 7 0 0.00 M M 19.9 32 190 M M 0 44 180
8 67 43 55 13 10 0 0.00 M M 14.0 25 180 M M 1 37 170
9 51 33 42 0 23 0 0.00 M M 11.8 25 360 M M 0 35 10
10 50 23 37 -5 28 0 0.00 M M 8.4 18 180 M M 0 24 180
11 60 29 45 3 20 0 0.00 M M 6.5 17 180 M M 0 23 180
12 59 33 46 5 19 0 0.00 M M 8.0 16 140 M M 0 23 140
13 58 47 53 12 12 0 0.00 M M 7.4 15 100 M M 4 21 110
14 60 43 52 11 13 0 T M M 10.0 18 140 M M 8 8 26 140
15 52 40 46 5 19 0 1.01 M M 8.3 24 120 M M 10 1 34 110
16 53 34 44 4 21 0 0.00 M M 7.8 17 300 M M 0 24 320
17 67 31 49 9 16 0 0.00 M M 7.1 14 350 M M 0 18 340
18 52 32 42 2 23 0 0.00 M M 7.8 17 40 M M 0 26 20
19 59 31 45 5 20 0 0.00 M M 16.8 30 170 M M 0 37 180
20 58 42 50 10 15 0 0.00 M M 15.8 23 180 M M 6 1 32 170
21 62 52 57 17 8 0 T 0.0 0 13.6 21 180 M M 10 1 27 170
22 66 48 57 18 8 0 0.00 0.0 0 9.4 17 180 M M 6 12 23 190
23 66 53 60 21 5 0 0.10 0.0 0 14.6 24 150 M M 9 12 34 150
24 63 38 51 12 14 0 0.75 0.0 0 14.9 26 320 M M 9 1 41 340
25 44 29 37 -2 28 0 0.00 M M 14.5 24 330 M M 6 37 330
26 50 28 39 0 26 0 0.00 M M 11.9 22 260 M M 8 31 220
27 41 31 36 -3 29 0 M M M 13.0 23 320 M M 7 34 310
28 42 27 35 -4 30 0 0.00 0.0 0 10.1 18 360 M M 6 25 360
29 52 26 39 0 26 0 0.00 0.0 0 9.0 20 330 M M 0 27 350
30 61 24 43 4 22 0 0.00 0.0 0 4.5 12 190 M M 0 15 220
31 46 32 39 0 26 0 0.00 0.0 0 12.7 22 10 M M 3 27 20
================================================================================
SM 1751 1076 595 0 1.86 0.0 330.6 M 108
================================================================================
AV 56.5 34.7 10.7 FASTST M M 3 MAX(MPH)
MISC ----> 32 190 44 180
================================================================================
NOTES:
# LAST OF SEVERAL OCCURRENCES
COLUMN 17 PEAK WIND IN M.P.H.
PRELIMINARY LOCAL CLIMATOLOGICAL DATA (WS FORM: F-6) , PAGE 2
STATION: BETHANY/WILEY POST
MONTH: DECEMBER
YEAR: 2023
LATITUDE: 35 31 N
LONGITUDE: 97 38 W
[TEMPERATURE DATA] [PRECIPITATION DATA] SYMBOLS USED IN COLUMN 16
AVERAGE MONTHLY: 45.6 TOTAL FOR MONTH: 1.86 1 = FOG OR MIST
DPTR FM NORMAL: 4.7 DPTR FM NORMAL: 0.59 2 = FOG REDUCING VISIBILITY
HIGHEST: 69 ON 7 GRTST 24HR 1.01 ON 14-15 TO 1/4 MILE OR LESS
LOWEST: 23 ON 10 3 = THUNDER
SNOW, ICE PELLETS, HAIL 4 = ICE PELLETS
TOTAL MONTH: 0.0 INCH 5 = HAIL
GRTST 24HR 0.0 6 = FREEZING RAIN OR DRIZZLE
GRTST DEPTH: 0 7 = DUSTSTORM OR SANDSTORM:
VSBY 1/2 MILE OR LESS
8 = SMOKE OR HAZE
[NO. OF DAYS WITH] [WEATHER - DAYS WITH] 9 = BLOWING SNOW
X = TORNADO
MAX 32 OR BELOW: 0 0.01 INCH OR MORE: 3
MAX 90 OR ABOVE: 0 0.10 INCH OR MORE: 3
MIN 32 OR BELOW: 16 0.50 INCH OR MORE: 2
MIN 0 OR BELOW: 0 1.00 INCH OR MORE: 1
[HDD (BASE 65) ]
TOTAL THIS MO. 595 CLEAR (SCALE 0-3) 17
DPTR FM NORMAL -154 PTCLDY (SCALE 4-7) 9
TOTAL FM JUL 1 1170 CLOUDY (SCALE 8-10) 5
DPTR FM NORMAL -200
[CDD (BASE 65) ]
TOTAL THIS MO. 0
DPTR FM NORMAL 0 [PRESSURE DATA]
TOTAL FM JAN 1 2336 HIGHEST SLP 30.34 ON 31
DPTR FM NORMAL 168 LOWEST SLP 30.01 ON 31
[REMARKS]
#FINAL-12-23#