683
CXUS53 KUNR 010945
CF6RAP
PRELIMINARY LOCAL CLIMATOLOGICAL DATA (WS FORM: F-6)
STATION: RAPID CITY AIRPORT SD
MONTH: AUGUST
YEAR: 2020
LATITUDE: 44 2 N
LONGITUDE: 103 4 W
TEMPERATURE IN F: :PCPN: SNOW: WIND :SUNSHINE: SKY :PK WND
================================================================================
1 2 3 4 5 6A 6B 7 8 9 10 11 12 13 14 15 16 17 18
12Z AVG MX 2MIN
DY MAX MIN AVG DEP HDD CDD WTR SNW DPTH SPD SPD DIR MIN PSBL S-S WX SPD DR
================================================================================
1 83 53 68 -6 0 3 0.00 M M 8.5 17 60 M M 1 24 20
2 81 49 65 -9 0 0 0.00 M M 4.7 15 120 M M 0 19 120
3 86 51 69 -5 0 4 0.00 M M 10.3 22 150 M M 0 30 130
4 85 56 71 -3 0 6 0.00 M M 8.3 25 350 M M 0 33 360
5 87 54 71 -3 0 6 0.00 M M 8.5 17 350 M M 0 24 340
6 93 54 74 0 0 9 0.07 M M 9.0 32 290 M M 0 3 43 290
7 93 58 76 3 0 11 0.02 M M 8.1 29 320 M M 0 38 39 330
8 89 59 74 1 0 9 0.42 M M 10.3 41 280 M M 1 13 54 280
9 84 57 71 -2 0 6 0.00 M M 12.6 36 350 M M 0 48 360
10 84 53 69 -4 0 4 0.00 M M 9.0 23 170 M M 1 30 140
11 87 60 74 1 0 9 0.02 M M 8.4 20 100 M M 0 3 26 120
12 101 59 80 7 0 15 0.00 M M 9.6 21 190 M M 0 29 190
13 92 59 76 4 0 11 0.00 M M 10.2 20 340 M M 0 27 340
14 83 51 67 -5 0 2 0.00 M M 15.8 49 330 M M 0 71 340
15 91 49 70 -2 0 5 0.00 M M 5.7 18 40 M M 0 24 50
16 92 52 72 0 0 7 0.00 M M 8.5 22 20 M M 0 29 30
17 96 53 75 3 0 10 0.00 M M 9.2 22 160 M M 0 29 160
18 95 59 77 5 0 12 0.00 M M 5.7 14 20 M M 0 18 360
19 96 61 79 8 0 14 T M M 4.2 24 240 M M 1 48 240
20 97 60 79 8 0 14 0.00 M M 6.0 14 230 M M 0 19 20
21 91 60 76 5 0 11 0.00 M M 8.9 37 330 M M 0 8 50 320
22 94 61 78 8 0 13 0.00 M M 3.6 12 320 M M 0 8 14 320
23 101 62 82 12 0 17 0.12 M M 10.3 45 320 M M 1 38 57 320
24 88 59 74 4 0 9 0.00 M M 8.7 20 360 M M 0 8 26 340
25 98 59 79 9 0 14 0.00 M M 6.9 17 360 M M 0 8 24 360
26 93 63 78 9 0 13 0.00 M M 8.6 23 350 M M 0 8 32 340
27 87 63 75 6 0 10 0.28 M M 10.9 43 360 M M 1 138 64 360
28 76 48 62 -7 3 0 T M M 12.3 31 360 M M 2 3 42 350
29 89 46 68 0 0 3 T M M 12.7 44 190 M M 1 38 55 200
30 81 49 65 -3 0 0 0.01 M M 17.6 44 340 M M 1 63 350
31 71 37 54 -14 11 0 0.00 M M 5.9 16 170 M M 3 22 150
================================================================================
SM 2764 1714 14 247 0.94 M 279.0 M 13
================================================================================
AV 89.2 55.3 9.0 FASTST M M 0 MAX(MPH)
MISC ----> # 49 330 # 71 340
================================================================================
NOTES:
# LAST OF SEVERAL OCCURRENCES
COLUMN 17 PEAK WIND IN M.P.H.
PRELIMINARY LOCAL CLIMATOLOGICAL DATA (WS FORM: F-6) , PAGE 2
STATION: RAPID CITY AIRPORT SD
MONTH: AUGUST
YEAR: 2020
LATITUDE: 44 2 N
LONGITUDE: 103 4 W
[TEMPERATURE DATA] [PRECIPITATION DATA] SYMBOLS USED IN COLUMN 16
AVERAGE MONTHLY: 72.2 TOTAL FOR MONTH: 0.94 1 = FOG OR MIST
DPTR FM NORMAL: 0.7 DPTR FM NORMAL: -0.62 2 = FOG REDUCING VISIBILITY
HIGHEST: 101 ON 23,12 GRTST 24HR 0.42 ON 8- 8 TO 1/4 MILE OR LESS
LOWEST: 37 ON 31 3 = THUNDER
SNOW, ICE PELLETS, HAIL 4 = ICE PELLETS
TOTAL MONTH: M 5 = HAIL
GRTST 24HR M ON M 6 = FREEZING RAIN OR DRIZZLE
GRTST DEPTH: M ON M 7 = DUSTSTORM OR SANDSTORM:
VSBY 1/2 MILE OR LESS
8 = SMOKE OR HAZE
[NO. OF DAYS WITH] [WEATHER - DAYS WITH] 9 = BLOWING SNOW
X = TORNADO
MAX 32 OR BELOW: 0 0.01 INCH OR MORE: 7
MAX 90 OR ABOVE: 15 0.10 INCH OR MORE: 3
MIN 32 OR BELOW: 0 0.50 INCH OR MORE: 0
MIN 0 OR BELOW: 0 1.00 INCH OR MORE: 0
[HDD (BASE 65) ]
TOTAL THIS MO. 14 CLEAR (SCALE 0-3) 31
DPTR FM NORMAL -8 PTCLDY (SCALE 4-7) 0
TOTAL FM JUL 1 14 CLOUDY (SCALE 8-10) 0
DPTR FM NORMAL -23
[CDD (BASE 65) ]
TOTAL THIS MO. 247
DPTR FM NORMAL 24 [PRESSURE DATA]
TOTAL FM JAN 1 642 HIGHEST SLP 30.24 ON 17
DPTR FM NORMAL 70 LOWEST SLP 29.49 ON 30
[REMARKS]
#FINAL-08-20#