000
CXUS54 KFWD 010830
CF6RBD
PRELIMINARY LOCAL CLIMATOLOGICAL DATA (WS FORM: F-6)
STATION: DALLAS EXECUTIVE
MONTH: JANUARY
YEAR: 2021
LATITUDE: 32 40 N
LONGITUDE: 96 52 W
TEMPERATURE IN F: :PCPN: SNOW: WIND :SUNSHINE: SKY :PK WND
================================================================================
1 2 3 4 5 6A 6B 7 8 9 10 11 12 13 14 15 16 17 18
12Z AVG MX 2MIN
DY MAX MIN AVG DEP HDD CDD WTR SNW DPTH SPD SPD DIR MIN PSBL S-S WX SPD DR
================================================================================
1 40 36 38 -8 27 0 0.01 M M 11.4 22 300 M M 10 1 32 300
2 55 35 45 -1 20 0 0.00 M M 7.7 15 290 M M 4 19 200
3 67 37 52 6 13 0 0.00 M M 8.2 17 220 M M 0 28 190
4 68 38 53 7 12 0 0.00 M M 4.3 12 350 M M 0 15 350
5 67 37 52 6 13 0 0.00 M M 7.9 16 170 M M 0 23 140
6 62 47 55 9 10 0 T M M 15.2 26 300 M M 9 18 38 310
7 49 44 47 1 18 0 0.00 M M 14.7 25 330 M M 10 35 320
8 50 37 44 -2 21 0 0.00 M M 8.2 16 330 M M 6 20 350
9 49 28 39 -7 26 0 0.00 M M 4.9 12 60 M M 0 18 15 50
10 41 33 37 -9 28 0 0.15 M M 6.6 14 340 M M 9 18 20 350
11 48 32 40 -6 25 0 T M M 5.7 14 360 M M 4 18 19 340
12 53 33 43 -3 22 0 0.00 M M 6.8 13 240 M M 0 18 220
13 63 37 50 4 15 0 0.00 M M 9.0 16 190 M M 0 22 180
14 64 42 53 6 12 0 0.00 M M 14.2 33 340 M M 0 45 350
15 54 41 48 1 17 0 0.00 M M 15.7 31 300 M M 0 44 310
16 58 35 47 0 18 0 0.00 M M 7.2 17 320 M M 0 22 310
17 61 38 50 3 15 0 0.00 M M 7.2 15 350 M M 0 23 320
18 69 37 53 6 12 0 0.00 M M 9.5 23 190 M M 3 34 200
19 60 51 56 9 9 0 T M M 11.5 20 10 M M 10 25 360
20 52 45 49 2 16 0 0.09 M M 4.8 15 10 M M 10 1 21 10
21 55 46 51 4 14 0 0.09 M M 4.8 15 170 M M 4 12 20 170
22 51 46 49 2 16 0 0.07 M M 6.7 13 60 M M 10 128 19 50
23 53 49 51 4 14 0 0.05 M M 7.5 13 140 M M 10 12 16 150
24 67 52 60 13 5 0 0.61 M M 7.7 16 160 M M 10 123 22 170
25 69 51 60 13 5 0 0.22 M M 10.4 29 310 M M 3 138 40 310
26 59 39 49 2 16 0 T M M 9.0 18 360 M M 1 25 340
27 52 35 44 -3 21 0 T M M 10.4 25 360 M M 3 8 32 350
28 50 29 40 -8 25 0 0.00 M M 5.1 10 60 M M 0 16 100
29 63 36 50 2 15 0 0.00 M M 9.4 20 170 M M 0 26 160
30 77 52 65 17 0 0 T M M 15.9 32 280 M M 6 138 49 270
31 58 42 50 2 15 0 0.00 M M 15.8 28 320 M M 0 36 320
================================================================================
SM 1784 1240 495 0 1.29 M 283.4 M 122
================================================================================
AV 57.5 40.0 9.1 FASTST M M 4 MAX(MPH)
MISC ----> 33 340 49 270
================================================================================
NOTES:
# LAST OF SEVERAL OCCURRENCES
COLUMN 17 PEAK WIND IN M.P.H.
PRELIMINARY LOCAL CLIMATOLOGICAL DATA (WS FORM: F-6) , PAGE 2
STATION: DALLAS EXECUTIVE
MONTH: JANUARY
YEAR: 2021
LATITUDE: 32 40 N
LONGITUDE: 96 52 W
[TEMPERATURE DATA] [PRECIPITATION DATA] SYMBOLS USED IN COLUMN 16
AVERAGE MONTHLY: 48.8 TOTAL FOR MONTH: 1.29 1 = FOG OR MIST
DPTR FM NORMAL: 2.0 DPTR FM NORMAL: -1.30 2 = FOG REDUCING VISIBILITY
HIGHEST: 77 ON 30 GRTST 24HR 1.12 ON 31- 1 TO 1/4 MILE OR LESS
LOWEST: 28 ON 9 3 = THUNDER
SNOW, ICE PELLETS, HAIL 4 = ICE PELLETS
TOTAL MONTH: M 5 = HAIL
GRTST 24HR M ON M 6 = FREEZING RAIN OR DRIZZLE
GRTST DEPTH: M ON M 7 = DUSTSTORM OR SANDSTORM:
VSBY 1/2 MILE OR LESS
8 = SMOKE OR HAZE
[NO. OF DAYS WITH] [WEATHER - DAYS WITH] 9 = BLOWING SNOW
X = TORNADO
MAX 32 OR BELOW: 0 0.01 INCH OR MORE: 8
MAX 90 OR ABOVE: 0 0.10 INCH OR MORE: 3
MIN 32 OR BELOW: 3 0.50 INCH OR MORE: 1
MIN 0 OR BELOW: 0 1.00 INCH OR MORE: 0
[HDD (BASE 65) ]
TOTAL THIS MO. 495 CLEAR (SCALE 0-3) 17
DPTR FM NORMAL -73 PTCLDY (SCALE 4-7) 5
TOTAL FM JUL 1 1222 CLOUDY (SCALE 8-10) 9
DPTR FM NORMAL -244
[CDD (BASE 65) ]
TOTAL THIS MO. 0
DPTR FM NORMAL -2 [PRESSURE DATA]
TOTAL FM JAN 1 0 HIGHEST SLP 30.63 ON 28
DPTR FM NORMAL -2 LOWEST SLP 29.56 ON 25
[REMARKS]
#FINAL-01-21#