000
CXUS54 KFWD 070343
CF6RBD
PRELIMINARY LOCAL CLIMATOLOGICAL DATA (WS FORM: F-6)
STATION: DALLAS EXECUTIVE
MONTH: NOVEMBER
YEAR: 2020
LATITUDE: 32 40 N
LONGITUDE: 96 52 W
TEMPERATURE IN F: :PCPN: SNOW: WIND :SUNSHINE: SKY :PK WND
================================================================================
1 2 3 4 5 6A 6B 7 8 9 10 11 12 13 14 15 16 17 18
12Z AVG MX 2MIN
DY MAX MIN AVG DEP HDD CDD WTR SNW DPTH SPD SPD DIR MIN PSBL S-S WX SPD DR
================================================================================
1 73 45 59 -3 6 0 0.00 M M 7.8 18 40 M M 0 25 30
2 71 39 55 -7 10 0 0.00 M M 4.5 13 140 M M 0 17 130
3 78 47 63 1 2 0 0.00 M M 7.7 15 170 M M 0 21 190
4 75 48 62 1 3 0 0.00 M M 10.5 21 160 M M 0 29 190
5 77 57 67 6 0 2 0.00 M M 9.9 17 170 M M 3 24 180
6 76 58 67 7 0 2 0.00 M M 8.5 16 130 M M 4 22 120
7 77 52 65 5 0 0 0.00 M M 6.0 14 120 M M 0 18 120
8 76 56 66 6 0 1 0.00 M M 8.3 18 160 M M 4 1 24 170
9 83 63 73 14 0 8 0.00 M M 11.0 21 170 M M 5 1 28 170
10 78 51 65 6 0 0 T M M 9.3 21 170 M M 4 18 31 170
11 76 45 61 3 4 0 0.00 M M 3.7 12 40 M M 0 16 50
12 81 49 65 7 0 0 0.00 M M 7.1 18 190 M M 2 25 210
13 77 58 68 10 0 3 0.00 M M 6.8 15 340 M M 4 21 340
14 83 66 75 18 0 10 T M M 13.0 28 190 M M 4 39 210
15 74 44 59 2 6 0 0.00 M M 8.0 32 350 M M 1 8 46 350
16 71 39 55 -1 10 0 0.00 M M 4.9 13 160 M M 0 8 16 160
17 74 41 58 2 7 0 0.00 M M 4.6 15 100 M M 0 21 140
18 75 49 62 6 3 0 0.00 M M 10.5 18 170 M M 0 26 170
19 77 55 66 11 0 1 0.00 M M 12.5 21 190 M M 3 29 190
20 76 62 69 14 0 4 0.00 M M 9.3 18 190 M M 4 25 180
21 79 61 70 16 0 5 0.00 M M 6.5 14 190 M M 6 1 19 170
22 64 49 57 3 8 0 T M M 9.9 21 360 M M 8 18 25 340
23 60 48 54 0 11 0 0.00 M M 9.1 17 140 M M 8 1 23 130
24 73 52 63 10 2 0 0.47 M M 11.8 28 280 M M 7 13 39 280
25 64 45 55 2 10 0 0.00 M M 8.5 22 320 M M 0 30 310
26 74 44 59 7 6 0 0.00 M M 8.8 14 180 M M 0 21 150
27 66 55 61 9 4 0 0.00 M M 8.8 20 20 M M 4 25 20
28 59 48 54 2 11 0 0.34 M M 8.4 16 70 M M 9 1 22 60
29 52 44 48 -3 17 0 0.03 M M 11.3 28 330 M M 8 1 37 340
30 51 32 42 -9 23 0 0.00 M M 10.4 24 350 M M 0 36 340
================================================================================
SM 2170 1502 143 36 0.84 M 257.4 M 88
================================================================================
AV 72.3 50.1 8.6 FASTST M M 3 MAX(MPH)
MISC ----> 32 350 46 350
================================================================================
NOTES:
# LAST OF SEVERAL OCCURRENCES
COLUMN 17 PEAK WIND IN M.P.H.
PRELIMINARY LOCAL CLIMATOLOGICAL DATA (WS FORM: F-6) , PAGE 2
STATION: DALLAS EXECUTIVE
MONTH: NOVEMBER
YEAR: 2020
LATITUDE: 32 40 N
LONGITUDE: 96 52 W
[TEMPERATURE DATA] [PRECIPITATION DATA] SYMBOLS USED IN COLUMN 16
AVERAGE MONTHLY: 61.2 TOTAL FOR MONTH: 0.84 1 = FOG OR MIST
DPTR FM NORMAL: 4.6 DPTR FM NORMAL: -2.14 2 = FOG REDUCING VISIBILITY
HIGHEST: 83 ON 14, 9 GRTST 24HR 0.47 ON 24-24 TO 1/4 MILE OR LESS
LOWEST: 32 ON 30 3 = THUNDER
SNOW, ICE PELLETS, HAIL 4 = ICE PELLETS
TOTAL MONTH: M 5 = HAIL
GRTST 24HR M ON M 6 = FREEZING RAIN OR DRIZZLE
GRTST DEPTH: M ON M 7 = DUSTSTORM OR SANDSTORM:
VSBY 1/2 MILE OR LESS
8 = SMOKE OR HAZE
[NO. OF DAYS WITH] [WEATHER - DAYS WITH] 9 = BLOWING SNOW
X = TORNADO
MAX 32 OR BELOW: 0 0.01 INCH OR MORE: 3
MAX 90 OR ABOVE: 0 0.10 INCH OR MORE: 2
MIN 32 OR BELOW: 1 0.50 INCH OR MORE: 0
MIN 0 OR BELOW: 0 1.00 INCH OR MORE: 0
[HDD (BASE 65) ]
TOTAL THIS MO. 143 CLEAR (SCALE 0-3) 15
DPTR FM NORMAL -133 PTCLDY (SCALE 4-7) 14
TOTAL FM JUL 1 275 CLOUDY (SCALE 8-10) 1
DPTR FM NORMAL -78
[CDD (BASE 65) ]
TOTAL THIS MO. 36
DPTR FM NORMAL 10 [PRESSURE DATA]
TOTAL FM JAN 1 2730 HIGHEST SLP 30.54 ON 2
DPTR FM NORMAL 164 LOWEST SLP 29.68 ON 14
[REMARKS]
#FINAL-11-20#