000
CXUS56 KSTO 011402
CF6RBL
PRELIMINARY LOCAL CLIMATOLOGICAL DATA (WS FORM: F-6)
STATION: RED BLUFF
MONTH: FEBRUARY
YEAR: 2024
LATITUDE: 40 8 N
LONGITUDE: 122-15 E
TEMPERATURE IN F: :PCPN: SNOW: WIND :SUNSHINE: SKY :PK WND
================================================================================
1 2 3 4 5 6A 6B 7 8 9 10 11 12 13 14 15 16 17 18
12Z AVG MX 2MIN
DY MAX MIN AVG DEP HDD CDD WTR SNW DPTH SPD SPD DIR MIN PSBL S-S WX SPD DR
================================================================================
1 59 47 53 4 12 0 0.14 M M 10.9 20 160 M M 8 1 25 170
2 57 39 48 -1 17 0 0.22 M M 8.5 18 280 M M 8 3 24 270
3 54 37 46 -3 19 0 0.00 M M 4.4 12 20 M M 4 13 330
4 54 42 48 -1 17 0 1.90 M M 13.0 43 150 M M 10 1 57 150
5 59 44 52 3 13 0 0.00 M M 10.9 33 160 M M 2 42 150
6 62 42 52 2 13 0 0.00 M M 7.3 14 360 M M 3 18 290
7 46 38 42 -8 23 0 0.59 M M 5.9 18 150 M M 8 1 21 150
8 52 32 42 -8 23 0 0.00 M M 3.5 13 130 M M 3 12 15 130
9 55 37 46 -4 19 0 0.00 M M 3.6 10 320 M M 3 14 320
10 63 39 51 1 14 0 0.00 M M 6.9 20 20 M M 2 22 20
11 59 34 47 -3 18 0 0.00 M M 3.5 8 330 M M 0 10 340
12 59 37 48 -2 17 0 0.00 M M 2.8 8 140 M M 0 11 140
13 57 42 50 0 15 0 0.00 M M 3.8 8 140 M M 7 11 110
14 53 47 50 -1 15 0 0.22 M M 14.1 35 150 M M 8 1 47 150
15 59 49 54 3 11 0 T M M 10.6 20 160 M M 8 26 170
16 58 50 54 3 11 0 0.02 0.0 M 4.7 10 310 M M 3 15 310
17 53 48 51 0 14 0 0.78 M M 8.8 30 150 M M 8 1 41 140
18 57 51 54 3 11 0 1.16 M M 9.8 18 160 M M 10 1 24 150
19 59 50 55 4 10 0 0.48 M M 22.7 39 150 M M 8 1 53 140
20 55 49 52 0 13 0 0.01 M M 11.1 20 150 M M 9 26 150
21 58 46 52 0 13 0 0.02 M M 4.9 14 170 M M 9 1 19 170
22 62 45 54 2 11 0 0.00 M M 3.3 9 160 M M 3 12 160
23 70 41 56 4 9 0 0.00 0.0 M 7.0 17 350 M M 0 22 350
24 72 42 57 5 8 0 0.00 0.0 M 4.0 12 340 M M 0 8 15 340
25 69 43 56 4 9 0 0.00 M M 5.5 12 190 M M 2 14 180
26 65 47 56 4 9 0 0.00 M M 6.6 17 300 M M 3 30 280
27 64 41 53 0 12 0 0.00 M M 9.9 21 350 M M 0 27 360
28 63 37 50 -3 15 0 0.00 M M 5.3 15 170 M M 3 21 170
29 59 48 54 1 11 0 0.14 M M 21.5 40 140 M M 7 1 55 150
================================================================================
SM 1712 1244 402 0 5.68 0.0 234.8 M 139
================================================================================
AV 59.0 42.9 8.1 FASTST M M 5 MAX(MPH)
MISC ----> 43 150 57 150
================================================================================
NOTES:
# LAST OF SEVERAL OCCURRENCES
COLUMN 17 PEAK WIND IN M.P.H.
PRELIMINARY LOCAL CLIMATOLOGICAL DATA (WS FORM: F-6) , PAGE 2
STATION: RED BLUFF
MONTH: FEBRUARY
YEAR: 2024
LATITUDE: 40 8 N
LONGITUDE: 122-15 E
[TEMPERATURE DATA] [PRECIPITATION DATA] SYMBOLS USED IN COLUMN 16
AVERAGE MONTHLY: 51.0 TOTAL FOR MONTH: 5.68 1 = FOG OR MIST
DPTR FM NORMAL: 0.2 DPTR FM NORMAL: 1.53 2 = FOG REDUCING VISIBILITY
HIGHEST: 72 ON 24 GRTST 24HR 1.90 ON 4- 4 TO 1/4 MILE OR LESS
LOWEST: 32 ON 8 3 = THUNDER
SNOW, ICE PELLETS, HAIL 4 = ICE PELLETS
TOTAL MONTH: 0.0 INCH 5 = HAIL
GRTST 24HR 0.0 6 = FREEZING RAIN OR DRIZZLE
GRTST DEPTH: M ON M 7 = DUSTSTORM OR SANDSTORM:
VSBY 1/2 MILE OR LESS
8 = SMOKE OR HAZE
[NO. OF DAYS WITH] [WEATHER - DAYS WITH] 9 = BLOWING SNOW
X = TORNADO
MAX 32 OR BELOW: 0 0.01 INCH OR MORE: 12
MAX 90 OR ABOVE: 0 0.10 INCH OR MORE: 9
MIN 32 OR BELOW: 1 0.50 INCH OR MORE: 4
MIN 0 OR BELOW: 0 1.00 INCH OR MORE: 2
[HDD (BASE 65) ]
TOTAL THIS MO. 402 CLEAR (SCALE 0-3) 15
DPTR FM NORMAL 4 PTCLDY (SCALE 4-7) 8
TOTAL FM JUL 1 1672 CLOUDY (SCALE 8-10) 6
DPTR FM NORMAL -302
[CDD (BASE 65) ]
TOTAL THIS MO. 0
DPTR FM NORMAL 0 [PRESSURE DATA]
TOTAL FM JAN 1 0 HIGHEST SLP 30.31 ON 22
DPTR FM NORMAL 0 LOWEST SLP 29.28 ON 4
[REMARKS]
#FINAL-02-24#