000
CXUS56 KPDT 020532
CF6RDM
PRELIMINARY LOCAL CLIMATOLOGICAL DATA (WS FORM: F-6)
STATION: REDMOND OR
MONTH: JUNE
YEAR: 2020
LATITUDE: 44 16 N
LONGITUDE: 121 9 W
TEMPERATURE IN F: :PCPN: SNOW: WIND :SUNSHINE: SKY :PK WND
================================================================================
1 2 3 4 5 6A 6B 7 8 9 10 11 12 13 14 15 16 17 18
12Z AVG MX 2MIN
DY MAX MIN AVG DEP HDD CDD WTR SNW DPTH SPD SPD DIR MIN PSBL S-S WX SPD DR
================================================================================
1 77 48 63 8 2 0 0.00 M M 6.0 18 310 M M 3 24 290
2 86 38 62 6 3 0 0.00 M M 6.4 22 310 M M 0 28 300
3 81 44 63 7 2 0 0.00 M M 7.5 21 290 M M 0 27 300
4 77 41 59 3 6 0 0.00 M M 7.1 16 360 M M 0 21 360
5 74 44 59 3 6 0 0.07 M M 7.7 25 330 M M 3 32 330
6 61 34 48 -8 17 0 0.02 M M 8.6 26 290 M M 5 33 280
7 61 28 45 -11 20 0 0.00 M M 13.7 28 280 M M 4 35 290
8 62 34 48 -9 17 0 0.00 M M 7.4 17 320 M M 3 22 310
9 76 44 60 3 5 0 T M M 8.8 22 280 M M 5 28 320
10 86 41 64 7 1 0 T M M 8.4 22 150 M M 1 8 31 150
11 78 55 67 10 0 2 0.07 M M 5.9 18 310 M M 3 13 23 310
12 71 47 59 1 6 0 0.00 M M 7.5 24 310 M M 2 30 290
13 62 46 54 -4 11 0 T M M 11.0 24 290 M M 8 30 280
14 69 42 56 -2 9 0 0.01 M M 5.4 17 310 M M 6 26 310
15 61 50 56 -2 9 0 0.06 M M 3.8 6 330 M M 9 M M
16 63 41 52 -6 13 0 0.15 M M 7.3 24 290 M M 6 29 280
17 74 38 56 -3 9 0 0.00 M M 4.8 15 350 M M 1 20 340
18 82 40 61 2 4 0 0.00 M M 4.4 14 350 M M 0 20 20
19 90 47 69 10 0 4 0.00 M M 5.3 15 310 M M 1 21 300
20 81 60 71 11 0 6 0.00 M M 6.9 18 310 M M 7 27 300
21 84 51 68 8 0 3 0.00 M M 6.6 20 300 M M 3 25 320
22 91 46 69 9 0 4 0.00 M M 6.5 17 310 M M 0 23 310
23 97 51 74 14 0 9 0.00 M M 6.1 18 360 M M 0 24 350
24 84 52 68 7 0 3 0.00 M M 8.7 21 300 M M 0 26 290
25 87 46 67 6 0 2 0.00 M M 6.0 18 340 M M 0 23 350
26 96 51 74 13 0 9 0.00 M M 9.1 23 290 M M 0 28 360
27 81 57 69 7 0 4 0.00 M M 13.6 29 290 M M 0 36 290
28 65 48 57 -5 8 0 0.04 M M 12.7 24 300 M M 8 32 320
29 77 45 61 -1 4 0 0.00 M M 12.0 26 280 M M 3 33 280
30 72 43 58 -4 7 0 0.00 M M 14.1 26 290 M M 1 34 290
================================================================================
SM 2306 1352 159 46 0.42 M 239.3 M 82
================================================================================
AV 76.9 45.1 8.0 FASTST M M 3 MAX(MPH)
MISC ----> # 29 290 # 36 290
================================================================================
NOTES:
# LAST OF SEVERAL OCCURRENCES
COLUMN 17 PEAK WIND IN M.P.H.
PRELIMINARY LOCAL CLIMATOLOGICAL DATA (WS FORM: F-6) , PAGE 2
STATION: REDMOND OR
MONTH: JUNE
YEAR: 2020
LATITUDE: 44 16 N
LONGITUDE: 121 9 W
[TEMPERATURE DATA] [PRECIPITATION DATA] SYMBOLS USED IN COLUMN 16
AVERAGE MONTHLY: 61.0 TOTAL FOR MONTH: 0.42 1 = FOG OR MIST
DPTR FM NORMAL: 2.5 DPTR FM NORMAL: -0.22 2 = FOG REDUCING VISIBILITY
HIGHEST: 97 ON 23 GRTST 24HR 0.15 ON 16-16 TO 1/4 MILE OR LESS
LOWEST: 28 ON 7 3 = THUNDER
SNOW, ICE PELLETS, HAIL 4 = ICE PELLETS
TOTAL MONTH: M 5 = HAIL
GRTST 24HR M ON M 6 = FREEZING RAIN OR DRIZZLE
GRTST DEPTH: M ON M 7 = DUSTSTORM OR SANDSTORM:
VSBY 1/2 MILE OR LESS
8 = SMOKE OR HAZE
[NO. OF DAYS WITH] [WEATHER - DAYS WITH] 9 = BLOWING SNOW
X = TORNADO
MAX 32 OR BELOW: 0 0.01 INCH OR MORE: 7
MAX 90 OR ABOVE: 4 0.10 INCH OR MORE: 1
MIN 32 OR BELOW: 1 0.50 INCH OR MORE: 0
MIN 0 OR BELOW: 0 1.00 INCH OR MORE: 0
[HDD (BASE 65) ]
TOTAL THIS MO. 159 CLEAR (SCALE 0-3) 20
DPTR FM NORMAL -58 PTCLDY (SCALE 4-7) 9
TOTAL FM JUL 1 6059 CLOUDY (SCALE 8-10) 1
DPTR FM NORMAL -654
[CDD (BASE 65) ]
TOTAL THIS MO. 46
DPTR FM NORMAL 22 [PRESSURE DATA]
TOTAL FM JAN 1 57 HIGHEST SLP 30.24 ON 17
DPTR FM NORMAL 28 LOWEST SLP 29.61 ON 5
[REMARKS]
#FINAL-06-20#