000
CXUS52 KRAH 010845
CF6RDU
PRELIMINARY LOCAL CLIMATOLOGICAL DATA (WS FORM: F-6)
STATION: RALEIGH NC
MONTH: MARCH
YEAR: 2023
LATITUDE: 35 52 N
LONGITUDE: 78 47 W
TEMPERATURE IN F: :PCPN: SNOW: WIND :SUNSHINE: SKY :PK WND
================================================================================
1 2 3 4 5 6A 6B 7 8 9 10 11 12 13 14 15 16 17 18
12Z AVG MX 2MIN
DY MAX MIN AVG DEP HDD CDD WTR SNW DPTH SPD SPD DIR MIN PSBL S-S WX SPD DR
================================================================================
1 71 49 60 12 5 0 0.00 0.0 0 4.5 18 100 M M 7 24 100
2 67 58 63 15 2 0 0.62 0.0 0 2.4 10 190 M M 10 13 14 200
3 74 58 66 18 0 1 0.14 0.0 0 10.4 35 210 M M 10 1 46 210
4 70 49 60 11 5 0 0.00 0.0 0 8.9 21 230 M M 2 28 290
5 69 37 53 4 12 0 0.00 0.0 0 1.3 9 210 M M 1 13 230
6 74 42 58 9 7 0 0.00 0.0 0 6.3 17 230 M M 4 21 230
7 75 48 62 13 3 0 0.00 0.0 0 9.2 21 300 M M 2 32 300
8 61 39 50 0 15 0 0.00 0.0 0 5.4 17 40 M M 3 23 30
9 63 33 48 -2 17 0 0.00 0.0 0 2.3 10 230 M M 6 13 210
10 54 47 51 1 14 0 0.20 0.0 0 6.9 15 180 M M 9 1 24 300
11 56 40 48 -2 17 0 0.00 0.0 0 8.2 16 330 M M 6 27 320
12 41 35 38 -13 27 0 0.57 T 0 5.8 13 80 M M 9 14 16 80
13 59 40 50 -1 15 0 0.01 0.0 0 5.7 14 300 M M 8 1 22 280
14 51 31 41 -10 24 0 0.00 0.0 0 8.8 18 290 M M 1 30 320
15 56 30 43 -8 22 0 0.00 0.0 0 5.2 17 290 M M 0 24 280
16 68 28 48 -4 17 0 0.00 0.0 0 6.2 18 240 M M 6 23 240
17 70 49 60 8 5 0 0.17 0.0 0 14.6 29 230 M M 9 1 36 240
18 61 47 54 2 11 0 0.20 0.0 0 5.5 16 220 M M 8 1 21 210
19 50 36 43 -9 22 0 0.00 0.0 0 4.7 14 40 M M 3 20 20
20 55 29 42 -11 23 0 0.00 0.0 0 3.9 13 30 M M 2 17 10
21 65 28 47 -6 18 0 0.00 0.0 0 2.6 12 170 M M 6 18 110
22 60 48 54 1 11 0 0.01 0.0 0 5.7 15 220 M M 10 19 220
23 81 53 67 13 0 2 T 0.0 0 12.4 25 230 M M 8 12 32 230
24 87 59 73 19 0 8 0.00 0.0 0 10.8 25 230 M M 6 32 230
25 76 55 66 12 0 1 0.06 0.0 0 11.4 25 220 M M 6 1 33 220
26 66 56 61 6 4 0 0.22 0.0 0 2.8 13 40 M M 6 13 17 40
27 79 59 69 14 0 4 0.54 0.0 0 7.3 17 230 M M 8 13 21 220
28 70 49 60 5 5 0 0.28 0.0 0 5.0 15 40 M M 8 1 20 40
29 62 44 53 -3 12 0 0.04 0.0 0 5.8 15 30 M M 6 23 10
30 68 39 54 -2 11 0 0.00 0.0 0 5.1 13 170 M M 1 20 50
31 70 51 61 5 4 0 0.04 0.0 0 10.1 23 230 M M 8 28 220
================================================================================
SM 2029 1366 328 16 3.10 T 205.2 M 179
================================================================================
AV 65.5 44.1 6.6 FASTST M M 6 MAX(MPH)
MISC ----> 35 210 46 210
================================================================================
NOTES:
# LAST OF SEVERAL OCCURRENCES
COLUMN 17 PEAK WIND IN M.P.H.
PRELIMINARY LOCAL CLIMATOLOGICAL DATA (WS FORM: F-6) , PAGE 2
STATION: RALEIGH NC
MONTH: MARCH
YEAR: 2023
LATITUDE: 35 52 N
LONGITUDE: 78 47 W
[TEMPERATURE DATA] [PRECIPITATION DATA] SYMBOLS USED IN COLUMN 16
AVERAGE MONTHLY: 54.8 TOTAL FOR MONTH: 3.10 1 = FOG OR MIST
DPTR FM NORMAL: 3.0 DPTR FM NORMAL: -1.00 2 = FOG REDUCING VISIBILITY
HIGHEST: 87 ON 24 GRTST 24HR 0.76 ON 26-27 TO 1/4 MILE OR LESS
LOWEST: 28 ON 21,16 3 = THUNDER
SNOW, ICE PELLETS, HAIL 4 = ICE PELLETS
TOTAL MONTH: T 5 = HAIL
GRTST 24HR T ON 12-12 6 = FREEZING RAIN OR DRIZZLE
GRTST DEPTH: 0 7 = DUSTSTORM OR SANDSTORM:
VSBY 1/2 MILE OR LESS
8 = SMOKE OR HAZE
[NO. OF DAYS WITH] [WEATHER - DAYS WITH] 9 = BLOWING SNOW
X = TORNADO
MAX 32 OR BELOW: 0 0.01 INCH OR MORE: 14
MAX 90 OR ABOVE: 0 0.10 INCH OR MORE: 9
MIN 32 OR BELOW: 5 0.50 INCH OR MORE: 3
MIN 0 OR BELOW: 0 1.00 INCH OR MORE: 0
[HDD (BASE 65) ]
TOTAL THIS MO. 328 CLEAR (SCALE 0-3) 8
DPTR FM NORMAL -93 PTCLDY (SCALE 4-7) 14
TOTAL FM JUL 1 2270 CLOUDY (SCALE 8-10) 9
DPTR FM NORMAL -654
[CDD (BASE 65) ]
TOTAL THIS MO. 16
DPTR FM NORMAL 4 [PRESSURE DATA]
TOTAL FM JAN 1 30 HIGHEST SLP 30.49 ON 21
DPTR FM NORMAL 16 LOWEST SLP 29.36 ON 3
[REMARKS]
#FINAL-03-23#