000
CXUS51 KAKQ 010710
CF6RIC
PRELIMINARY LOCAL CLIMATOLOGICAL DATA (WS FORM: F-6)
STATION: RICHMOND VA
MONTH: AUGUST
YEAR: 2022
LATITUDE: 37 30 N
LONGITUDE: 77 20 W
TEMPERATURE IN F: :PCPN: SNOW: WIND :SUNSHINE: SKY :PK WND
================================================================================
1 2 3 4 5 6A 6B 7 8 9 10 11 12 13 14 15 16 17 18
12Z AVG MX 2MIN
DY MAX MIN AVG DEP HDD CDD WTR SNW DPTH SPD SPD DIR MIN PSBL S-S WX SPD DR
================================================================================
1 88 73 81 2 0 16 0.60 0.0 0 4.8 18 170 M M 7 13 27 180
2 94 75 85 6 0 20 0.00 0.0 0 6.0 10 290 M M 5 M M
3 94 73 84 5 0 19 0.00 0.0 0 3.1 7 40 M M 4 M M
4 95 74 85 6 0 20 0.01 0.0 0 5.5 20 170 M M 6 3 25 180
5 92 71 82 3 0 17 1.35 0.0 0 7.2 31 330 M M 9 13 37 340
6 88 71 80 1 0 15 T 0.0 0 5.5 18 280 M M 9 24 270
7 91 73 82 4 0 17 T 0.0 0 6.9 14 190 M M 5 17 190
8 94 74 84 6 0 19 0.00 0.0 0 8.6 16 210 M M 3 22 220
9 97 75 86 8 0 21 0.00 0.0 0 9.1 15 220 M M 2 21 260
10 93 72 83 5 0 18 1.26 0.0 0 6.6 26 290 M M 6 13 37 350
11 84 70 77 -1 0 12 0.00 0.0 0 4.5 12 360 M M 8 16 10
12 84 65 75 -3 0 10 0.07 0.0 0 8.2 16 360 M M 6 20 20
13 83 61 72 -6 0 7 0.00 0.0 0 5.7 14 30 M M 3 18 30
14 83 65 74 -4 0 9 0.02 0.0 0 4.5 12 190 M M 8 16 180
15 71 64 68 -10 0 3 0.25 0.0 0 3.8 12 50 M M 9 1 17 30
16 83 65 74 -4 0 9 0.00 0.0 0 6.9 16 30 M M 6 19 30
17 83 63 73 -5 0 8 T 0.0 0 6.1 16 30 M M 5 19 50
18 86 61 74 -4 0 9 0.00 0.0 0 4.0 13 180 M M 2 17 220
19 85 65 75 -2 0 10 0.00 0.0 0 5.5 17 140 M M 6 22 130
20 86 69 78 1 0 13 0.17 0.0 0 4.9 14 120 M M 7 1 17 120
21 82 69 76 -1 0 11 0.05 0.0 0 4.9 13 190 M M 8 1 16 180
22 86 70 78 1 0 13 0.28 0.0 0 7.9 17 310 M M 8 1 23 290
23 88 66 77 0 0 12 0.00 0.0 0 2.7 12 20 M M 3 1 15 40
24 88 66 77 0 0 12 0.00 0.0 0 2.3 9 20 M M 5 11 10
25 89 69 79 2 0 14 0.00 0.0 0 4.5 15 150 M M 6 18 150
26 92 68 80 4 0 15 0.00 0.0 0 5.5 15 210 M M 4 18 210
27 93 69 81 5 0 16 0.00 0.0 0 5.2 18 80 M M 4 23 80
28 92 67 80 4 0 15 0.00 0.0 0 4.3 14 120 M M 3 17 140
29 94 68 81 5 0 16 0.00 0.0 0 3.8 13 150 M M 4 1 16 140
30 94 71 83 7 0 18 0.01 0.0 0 7.9 22 300 M M 5 28 290
31 89 67 78 2 0 13 0.00 0.0 0 6.0 16 260 M M 4 21 270
================================================================================
SM 2741 2129 0 427 4.07 0.0 172.4 M 170
================================================================================
AV 88.4 68.7 5.6 FASTST M M 5 MAX(MPH)
MISC ----> 31 330 # 37 340
================================================================================
NOTES:
# LAST OF SEVERAL OCCURRENCES
COLUMN 17 PEAK WIND IN M.P.H.
PRELIMINARY LOCAL CLIMATOLOGICAL DATA (WS FORM: F-6) , PAGE 2
STATION: RICHMOND VA
MONTH: AUGUST
YEAR: 2022
LATITUDE: 37 30 N
LONGITUDE: 77 20 W
[TEMPERATURE DATA] [PRECIPITATION DATA] SYMBOLS USED IN COLUMN 16
AVERAGE MONTHLY: 78.5 TOTAL FOR MONTH: 4.07 1 = FOG OR MIST
DPTR FM NORMAL: 1.0 DPTR FM NORMAL: -0.83 2 = FOG REDUCING VISIBILITY
HIGHEST: 97 ON 9 GRTST 24HR 1.35 ON 4- 5 TO 1/4 MILE OR LESS
LOWEST: 61 ON 18,13 3 = THUNDER
SNOW, ICE PELLETS, HAIL 4 = ICE PELLETS
TOTAL MONTH: 0.0 INCH 5 = HAIL
GRTST 24HR 0.0 6 = FREEZING RAIN OR DRIZZLE
GRTST DEPTH: 0 7 = DUSTSTORM OR SANDSTORM:
VSBY 1/2 MILE OR LESS
8 = SMOKE OR HAZE
[NO. OF DAYS WITH] [WEATHER - DAYS WITH] 9 = BLOWING SNOW
X = TORNADO
MAX 32 OR BELOW: 0 0.01 INCH OR MORE: 11
MAX 90 OR ABOVE: 13 0.10 INCH OR MORE: 6
MIN 32 OR BELOW: 0 0.50 INCH OR MORE: 3
MIN 0 OR BELOW: 0 1.00 INCH OR MORE: 2
[HDD (BASE 65) ]
TOTAL THIS MO. 0 CLEAR (SCALE 0-3) 5
DPTR FM NORMAL 0 PTCLDY (SCALE 4-7) 20
TOTAL FM JUL 1 0 CLOUDY (SCALE 8-10) 6
DPTR FM NORMAL 0
[CDD (BASE 65) ]
TOTAL THIS MO. 427
DPTR FM NORMAL 38 [PRESSURE DATA]
TOTAL FM JAN 1 1471 HIGHEST SLP M ON M
DPTR FM NORMAL 161 LOWEST SLP 29.82 ON 30
[REMARKS]
#FINAL-08-22#