000
CXUS55 KGJT 010910
CF6RIL
PRELIMINARY LOCAL CLIMATOLOGICAL DATA (WS FORM: F-6)
STATION: RIFLE CO
MONTH: MAY
YEAR: 2021
LATITUDE: 39 31 N
LONGITUDE: 107 43 W
TEMPERATURE IN F: :PCPN: SNOW: WIND :SUNSHINE: SKY :PK WND
================================================================================
1 2 3 4 5 6A 6B 7 8 9 10 11 12 13 14 15 16 17 18
12Z AVG MX 2MIN
DY MAX MIN AVG DEP HDD CDD WTR SNW DPTH SPD SPD DIR MIN PSBL S-S WX SPD DR
================================================================================
1 85 42 64 12 1 0 0.00 M M 6.3 25 260 M M 0 34 280
2 64 46 55 3 10 0 0.21 M M 6.5 33 250 M M 4 13 44 250
3 48 40 44 -9 21 0 0.42 M M 4.0 14 280 M M 9 1 17 270
4 61 36 49 -4 16 0 T M M 3.9 22 320 M M 4 1 36 320
5 70 38 54 1 11 0 0.00 M M 4.0 13 130 M M 1 20 200
6 81 37 59 5 6 0 0.00 M M 4.4 20 260 M M 0 28 270
7 85 42 64 10 1 0 0.00 M M 7.7 31 240 M M 0 44 200
8 73 48 61 7 4 0 T M M 10.4 35 310 M M 3 47 310
9 63 35 49 -6 16 0 0.00 M M 6.5 24 240 M M 2 34 270
10 58 40 49 -6 16 0 0.04 M M 6.5 24 320 M M 9 1 35 330
11 57 36 47 -9 18 0 0.05 M M 5.1 20 280 M M 4 13 29 360
12 71 34 53 -3 12 0 0.00 M M 4.2 15 270 M M 1 23 280
13 80 36 58 2 7 0 0.00 M M 5.3 25 240 M M 0 36 260
14 85 46 66 9 0 1 0.00 M M 6.3 25 320 M M 0 33 320
15 82 43 63 6 2 0 0.00 M M 6.2 26 270 M M 0 35 260
16 84 47 66 9 0 1 0.00 M M 9.1 25 80 M M 0 34 80
17 68 45 57 -1 8 0 T M M 8.3 29 260 M M 4 36 250
18 80 44 62 4 3 0 T M M 5.9 30 50 M M 4 3 43 50
19 83 44 64 6 1 0 T M M 6.7 28 70 M M 2 37 70
20 83 55 69 10 0 4 0.00 M M 13.7 32 210 M M 1 45 220
21 73 56 65 6 0 0 T M M 10.9 29 280 M M 6 8 39 280
22 81 49 65 6 0 0 T M M 10.8 43 210 M M 4 38 57 210
23 68 40 54 -6 11 0 0.00 M M 13.8 29 280 M M 2 41 250
24 71 33 52 -8 13 0 0.00 M M 8.8 28 270 M M 0 36 270
25 78 36 57 -3 8 0 0.00 M M 5.9 20 260 M M 0 27 260
26 80 46 63 2 2 0 0.00 M M 8.6 25 210 M M 1 40 320
27 82 45 64 3 1 0 0.00 M M 6.0 18 320 M M 0 28 330
28 86 41 64 2 1 0 0.00 M M 7.5 25 260 M M 0 37 280
29 84 47 66 4 0 1 0.00 M M 4.9 21 360 M M 0 29 360
30 77 51 64 2 1 0 T M M 5.8 39 200 M M 3 38 56 210
31 81 47 64 2 1 0 0.00 M M 4.7 20 90 M M 0 3 29 310
================================================================================
SM 2322 1325 191 7 0.72 M 218.7 M 64
================================================================================
AV 74.9 42.7 7.1 FASTST M M 2 MAX(MPH)
MISC ----> 43 210 57 210
================================================================================
NOTES:
# LAST OF SEVERAL OCCURRENCES
COLUMN 17 PEAK WIND IN M.P.H.
PRELIMINARY LOCAL CLIMATOLOGICAL DATA (WS FORM: F-6) , PAGE 2
STATION: RIFLE CO
MONTH: MAY
YEAR: 2021
LATITUDE: 39 31 N
LONGITUDE: 107 43 W
[TEMPERATURE DATA] [PRECIPITATION DATA] SYMBOLS USED IN COLUMN 16
AVERAGE MONTHLY: 58.8 TOTAL FOR MONTH: 0.72 1 = FOG OR MIST
DPTR FM NORMAL: 1.5 DPTR FM NORMAL: -0.42 2 = FOG REDUCING VISIBILITY
HIGHEST: 86 ON 28 GRTST 24HR 0.63 ON 2- 3 TO 1/4 MILE OR LESS
LOWEST: 33 ON 24 3 = THUNDER
SNOW, ICE PELLETS, HAIL 4 = ICE PELLETS
TOTAL MONTH: M 5 = HAIL
GRTST 24HR M ON M 6 = FREEZING RAIN OR DRIZZLE
GRTST DEPTH: M ON M 7 = DUSTSTORM OR SANDSTORM:
VSBY 1/2 MILE OR LESS
8 = SMOKE OR HAZE
[NO. OF DAYS WITH] [WEATHER - DAYS WITH] 9 = BLOWING SNOW
X = TORNADO
MAX 32 OR BELOW: 0 0.01 INCH OR MORE: 4
MAX 90 OR ABOVE: 0 0.10 INCH OR MORE: 2
MIN 32 OR BELOW: 0 0.50 INCH OR MORE: 0
MIN 0 OR BELOW: 0 1.00 INCH OR MORE: 0
[HDD (BASE 65) ]
TOTAL THIS MO. 191 CLEAR (SCALE 0-3) 22
DPTR FM NORMAL -61 PTCLDY (SCALE 4-7) 7
TOTAL FM JUL 1 6140 CLOUDY (SCALE 8-10) 2
DPTR FM NORMAL -211
[CDD (BASE 65) ]
TOTAL THIS MO. 7
DPTR FM NORMAL -5 [PRESSURE DATA]
TOTAL FM JAN 1 7 HIGHEST SLP M ON M
DPTR FM NORMAL -5 LOWEST SLP 29.43 ON 20
[REMARKS]
#FINAL-05-21#