000
CXUS51 KRNK 010931
CF6RNK
PRELIMINARY LOCAL CLIMATOLOGICAL DATA (WS FORM: F-6)
STATION: BLACKSBURG VA
MONTH: MARCH
YEAR: 2022
LATITUDE: 37 13 N
LONGITUDE: 80 25 W
TEMPERATURE IN F: :PCPN: SNOW: WIND :SUNSHINE: SKY :PK WND
================================================================================
1 2 3 4 5 6A 6B 7 8 9 10 11 12 13 14 15 16 17 18
12Z AVG MX 2MIN
DY MAX MIN AVG DEP HDD CDD WTR SNW DPTH SPD SPD DIR MIN PSBL S-S WX SPD DR
================================================================================
1 61 26 44 6 21 0 0.00 0.0 0 2.4 8 270 M M 0 17 220
2 66 32 49 11 16 0 0.00 0.0 0 3.1 14 310 M M 0 23 310
3 68 38 53 15 12 0 0.00 0.0 0 7.4 18 310 M M 2 28 310
4 57 33 45 7 20 0 0.00 0.0 0 4.7 10 110 M M 0 M M
5 71 34 53 14 12 0 0.00 0.0 0 4.0 13 180 M M 0 22 190
6 70 48 59 20 6 0 0.00 0.0 0 4.2 12 200 M M 2 20 180
7 71 45 58 19 7 0 0.41 0.0 0 7.1 16 300 M M 5 1 35 220
8 55 36 46 6 19 0 0.21 0.0 0 6.3 14 310 M M 5 1 25 290
9 49 37 43 3 22 0 0.59 0.0 0 5.7 15 310 M M 9 12 21 310
10 52 32 42 2 23 0 0.00 0.0 0 3.7 9 100 M M 9 M M
11 65 29 47 7 18 0 0.00 0.0 0 1.6 9 220 M M 3 1 M M
12 50 16 33 -7 32 0 0.36 1.4 1 12.7 32 310 M M 10 14 40 310
13 45 14 30 -11 35 0 0.00 0.0 0 7.2 17 300 M M 1 29 300
14 63 25 44 3 21 0 0.00 0.0 0 2.2 9 210 M M 0 M M
15 64 29 47 6 18 0 0.00 0.0 0 0.9 9 200 M M 1 M M
16 62 36 49 7 16 0 0.25 0.0 0 2.8 12 100 M M 6 1 18 150
17 68 43 56 14 9 0 0.02 0.0 0 2.4 9 310 M M 7 12 18 310
18 67 38 53 11 12 0 T 0.0 0 4.4 15 170 M M 6 1 31 160
19 71 42 57 15 8 0 0.00 0.0 0 5.9 16 250 M M 5 25 260
20 55 40 48 5 17 0 T 0.0 0 10.4 16 300 M M 7 33 290
21 66 31 49 6 16 0 0.00 0.0 0 2.4 12 310 M M 0 17 310
22 68 36 52 9 13 0 0.00 0.0 0 2.9 12 110 M M 0 M M
23 61 52 57 13 8 0 0.67 0.0 0 7.4 14 110 M M 9 13 17 360
24 63 44 54 10 11 0 T 0.0 0 3.6 7 220 M M 3 M M
25 49 37 43 -1 22 0 0.00 0.0 0 5.6 13 260 M M 6 23 260
26 42 29 36 -8 29 0 0.02 0.1 0 9.8 23 310 M M 7 1 33 300
27 40 28 34 -11 31 0 0.00 0.0 0 12.4 22 310 M M 3 33 310
28 44 25 35 -10 30 0 0.00 0.0 0 11.3 17 310 M M 0 35 300
29 52 25 39 -6 26 0 0.00 0.0 0 3.2 9 300 M M 4 M M
30 68 35 52 6 13 0 0.00 0.0 0 5.8 16 180 M M 3 31 200
31 71 54 63 17 2 0 0.08 0.0 0 9.7 16 190 M M 8 3 28 190
================================================================================
SM 1854 1069 545 0 2.61 1.5 173.2 M 121
================================================================================
AV 59.8 34.5 5.6 FASTST M M 4 MAX(MPH)
MISC ----> 32 310 99 9999
================================================================================
NOTES:
# LAST OF SEVERAL OCCURRENCES
COLUMN 17 PEAK WIND IN M.P.H.
PRELIMINARY LOCAL CLIMATOLOGICAL DATA (WS FORM: F-6) , PAGE 2
STATION: BLACKSBURG VA
MONTH: MARCH
YEAR: 2022
LATITUDE: 37 13 N
LONGITUDE: 80 25 W
[TEMPERATURE DATA] [PRECIPITATION DATA] SYMBOLS USED IN COLUMN 16
AVERAGE MONTHLY: 47.1 TOTAL FOR MONTH: 2.61 1 = FOG OR MIST
DPTR FM NORMAL: 5.4 DPTR FM NORMAL: -1.17 2 = FOG REDUCING VISIBILITY
HIGHEST: 71 ON 19,31 GRTST 24HR 0.67 ON 23-23 TO 1/4 MILE OR LESS
LOWEST: 14 ON 13 3 = THUNDER
SNOW, ICE PELLETS, HAIL 4 = ICE PELLETS
TOTAL MONTH: 1.5 INCHES 5 = HAIL
GRTST 24HR 1.4 ON 12-12 6 = FREEZING RAIN OR DRIZZLE
GRTST DEPTH: 1 ON 12 7 = DUSTSTORM OR SANDSTORM:
VSBY 1/2 MILE OR LESS
8 = SMOKE OR HAZE
[NO. OF DAYS WITH] [WEATHER - DAYS WITH] 9 = BLOWING SNOW
X = TORNADO
MAX 32 OR BELOW: 0 0.01 INCH OR MORE: 9
MAX 90 OR ABOVE: 0 0.10 INCH OR MORE: 6
MIN 32 OR BELOW: 13 0.50 INCH OR MORE: 2
MIN 0 OR BELOW: 0 1.00 INCH OR MORE: 0
[HDD (BASE 65) ]
TOTAL THIS MO. 545 CLEAR (SCALE 0-3) 14
DPTR FM NORMAL -177 PTCLDY (SCALE 4-7) 13
TOTAL FM JUL 1 4013 CLOUDY (SCALE 8-10) 4
DPTR FM NORMAL -654
[CDD (BASE 65) ]
TOTAL THIS MO. 0
DPTR FM NORMAL 0 [PRESSURE DATA]
TOTAL FM JAN 1 0 HIGHEST SLP M ON M
DPTR FM NORMAL 0 LOWEST SLP M ON M
[REMARKS]
DUE TO EQUIPMENT FAILURE ON OCTOBER 17, 2021, ALL HEATING
DEGREE DAY INFORMATION WILL BE CALCULATED WITHOUT DATA FROM THIS
DATE.
#FINAL-03-22#