000
CXUS56 KSGX 011145
CF6RNM
PRELIMINARY LOCAL CLIMATOLOGICAL DATA (WS FORM: F-6)
STATION: RAMONA AIRPORT CA
MONTH: NOVEMBER
YEAR: 2023
LATITUDE: 33 2 N
LONGITUDE: 116 55 W
TEMPERATURE IN F: :PCPN: SNOW: WIND :SUNSHINE: SKY :PK WND
================================================================================
1 2 3 4 5 6A 6B 7 8 9 10 11 12 13 14 15 16 17 18
12Z AVG MX 2MIN
DY MAX MIN AVG DEP HDD CDD WTR SNW DPTH SPD SPD DIR MIN PSBL S-S WX SPD DR
================================================================================
1 86 40 63 2 2 0 0.00 M M 4.2 17 70 M M 0 22 80
2 87 36 62 2 3 0 0.00 M M 3.5 15 260 M M 0 19 260
3 86 34 60 0 5 0 T M M 2.8 14 300 M M 0 18 260
4 87 37 62 2 3 0 0.00 M M 3.9 15 270 M M 0 17 270
5 90 37 64 4 1 0 0.00 M M 3.6 12 300 M M 0 16 280
6 83 41 62 3 3 0 0.00 M M 3.4 13 300 M M 0 18 290
7 72 39 56 -3 9 0 0.00 M M 4.2 15 260 M M 7 128 18 260
8 77 37 57 -2 8 0 0.00 M M 5.7 17 270 M M 3 12 21 260
9 79 32 56 -2 9 0 0.00 M M 3.6 16 270 M M 0 19 270
10 79 24 52 -6 13 0 0.00 M M 3.7 14 270 M M 0 17 290
11 82 29 56 -2 9 0 0.00 M M 6.9 20 90 M M 0 8 25 90
12 84 37 61 3 4 0 0.00 M M 3.4 14 300 M M 0 18 290
13 82 38 60 3 5 0 0.00 M M 4.4 15 260 M M 0 8 17 270
14 83 35 59 2 6 0 T M M 3.1 13 250 M M 0 15 270
15 73 45 59 3 6 0 0.50 M M 4.8 24 230 M M 7 13 36 220
16 73 48 61 5 4 0 0.00 M M 1.9 10 220 M M 8 12 13 200
17 78 40 59 3 6 0 0.11 M M 4.4 23 180 M M 6 128 23 180
18 69 49 59 3 6 0 T M M 3.6 14 270 M M 8 128 16 290
19 69 41 55 0 10 0 0.00 M M 3.4 13 290 M M 7 128 16 300
20 74 37 56 1 9 0 0.00 M M 9.5 28 80 M M 1 12 36 80
21 78 52 65 10 0 0 0.00 M M 15.5 28 70 M M 0 46 30
22 82 39 61 7 4 0 0.00 M M 4.9 15 80 M M 0 20 70
23 72 42 57 3 8 0 0.00 M M 4.9 15 210 M M 3 20 190
24 63 42 53 -1 12 0 0.04 M M 4.4 13 190 M M 9 128 18 200
25 69 34 52 -2 13 0 0.00 M M 3.7 13 80 M M 4 12 17 60
26 68 39 54 1 11 0 0.00 M M 7.4 21 80 M M 0 29 90
27 73 34 54 1 11 0 0.00 M M 4.0 15 60 M M 0 20 60
28 71 33 52 -1 13 0 0.00 M M 2.7 15 280 M M 0 8 19 290
29 63 31 47 -5 18 0 0.02 M M 3.7 14 260 M M 7 1 18 260
30 57 46 52 0 13 0 0.37 M M 2.2 12 260 M M 9 128 14 260
================================================================================
SM 2289 1148 224 0 1.04 M 137.4 M 79
================================================================================
AV 76.3 38.3 4.6 FASTST M M 3 MAX(MPH)
MISC ----> # 28 80 46 30
================================================================================
NOTES:
# LAST OF SEVERAL OCCURRENCES
COLUMN 17 PEAK WIND IN M.P.H.
PRELIMINARY LOCAL CLIMATOLOGICAL DATA (WS FORM: F-6) , PAGE 2
STATION: RAMONA AIRPORT CA
MONTH: NOVEMBER
YEAR: 2023
LATITUDE: 33 2 N
LONGITUDE: 116 55 W
[TEMPERATURE DATA] [PRECIPITATION DATA] SYMBOLS USED IN COLUMN 16
AVERAGE MONTHLY: 57.3 TOTAL FOR MONTH: 1.04 1 = FOG OR MIST
DPTR FM NORMAL: 0.9 DPTR FM NORMAL: -0.02 2 = FOG REDUCING VISIBILITY
HIGHEST: 90 ON 5 GRTST 24HR 0.50 ON 15-15 TO 1/4 MILE OR LESS
LOWEST: 24 ON 10 3 = THUNDER
SNOW, ICE PELLETS, HAIL 4 = ICE PELLETS
TOTAL MONTH: M 5 = HAIL
GRTST 24HR M ON M 6 = FREEZING RAIN OR DRIZZLE
GRTST DEPTH: M ON M 7 = DUSTSTORM OR SANDSTORM:
VSBY 1/2 MILE OR LESS
8 = SMOKE OR HAZE
[NO. OF DAYS WITH] [WEATHER - DAYS WITH] 9 = BLOWING SNOW
X = TORNADO
MAX 32 OR BELOW: 0 0.01 INCH OR MORE: 5
MAX 90 OR ABOVE: 1 0.10 INCH OR MORE: 3
MIN 32 OR BELOW: 4 0.50 INCH OR MORE: 1
MIN 0 OR BELOW: 0 1.00 INCH OR MORE: 0
[HDD (BASE 65) ]
TOTAL THIS MO. 224 CLEAR (SCALE 0-3) 20
DPTR FM NORMAL -42 PTCLDY (SCALE 4-7) 8
TOTAL FM JUL 1 285 CLOUDY (SCALE 8-10) 2
DPTR FM NORMAL -79
[CDD (BASE 65) ]
TOTAL THIS MO. 0
DPTR FM NORMAL -8 [PRESSURE DATA]
TOTAL FM JAN 1 946 HIGHEST SLP 30.25 ON 21
DPTR FM NORMAL -11 LOWEST SLP 29.78 ON 23
[REMARKS]
#FINAL-11-23#