000
CXUS55 KREV 041536 CCA
CF6RNO
PRELIMINARY LOCAL CLIMATOLOGICAL DATA (WS FORM: F-6)
STATION: RENO-TAHOE INTL AIRPORT NV
MONTH: APRIL
YEAR: 2020
LATITUDE: 39 30 N
LONGITUDE: 119 47 W
TEMPERATURE IN F: :PCPN: SNOW: WIND :SUNSHINE: SKY :PK WND
================================================================================
1 2 3 4 5 6A 6B 7 8 9 10 11 12 13 14 15 16 17 18
12Z AVG MX 2MIN
DY MAX MIN AVG DEP HDD CDD WTR SNW DPTH SPD SPD DIR MIN PSBL S-S WX SPD DR
================================================================================
1 58 34 46 -2 19 0 0.00 0.0 0 11.8 31 290 M M 2 39 290
2 53 25 39 -9 26 0 0.00 0.0 0 5.0 14 10 M M 1 17 10
3 60 27 44 -4 21 0 0.00 0.0 0 7.1 21 240 M M 2 28 260
4 58 31 45 -3 20 0 T 0.0 0 13.6 36 180 M M 6 45 170
5 51 33 42 -6 23 0 0.01 T 0 12.7 31 190 M M 8 1 40 190
6 48 30 39 -10 26 0 0.15 1.3 0 5.0 13 180 M M 8 1 17 10
7 56 36 46 -3 19 0 0.21 0.0 0 5.2 17 50 M M 7 1 23 80
8 66 35 51 2 14 0 0.00 0.0 0 6.9 20 80 M M 6 28 80
9 57 44 51 2 14 0 0.01 0.0 0 6.8 20 140 M M 8 23 140
10 63 36 50 1 15 0 0.00 0.0 0 4.3 15 160 M M 3 19 150
11 72 38 55 5 10 0 T 0.0 0 7.8 22 290 M M 4 28 330
12 61 44 53 3 12 0 0.00 0.0 0 8.3 21 10 M M 6 24 330
13 56 37 47 -3 18 0 0.00 0.0 0 6.2 24 330 M M 1 31 340
14 65 30 48 -2 17 0 0.00 0.0 0 3.5 17 350 M M 2 21 40
15 72 36 54 4 11 0 0.00 0.0 0 8.4 22 270 M M 4 31 280
16 63 44 54 3 11 0 0.00 0.0 0 7.2 16 80 M M 5 21 90
17 66 38 52 1 13 0 0.00 0.0 0 8.5 25 270 M M 7 32 280
18 67 38 53 2 12 0 0.00 0.0 0 8.4 28 270 M M 6 34 260
19 62 43 53 1 12 0 T 0.0 0 6.9 25 280 M M 5 34 280
20 63 37 50 -2 15 0 0.00 0.0 0 7.0 21 290 M M 5 28 310
21 72 38 55 3 10 0 0.00 0.0 0 5.4 18 320 M M 3 24 340
22 76 44 60 8 5 0 0.00 0.0 0 10.0 26 290 M M 4 33 280
23 75 47 61 8 4 0 0.00 0.0 0 9.3 18 350 M M 2 24 350
24 79 43 61 8 4 0 0.00 0.0 0 5.7 23 310 M M 4 34 320
25 80 48 64 11 1 0 0.00 0.0 0 6.6 23 270 M M 7 28 270
26 79 47 63 9 2 0 0.00 0.0 0 6.8 21 280 M M 3 38 290
27 80 45 63 9 2 0 0.00 0.0 0 7.0 22 320 M M 6 27 280
28 85 51 68 14 0 3 0.00 0.0 0 4.5 13 40 M M 1 19 280
29 81 54 68 14 0 3 0.00 0.0 0 5.3 23 250 M M 6 29 250
30 74 53 64 9 1 0 0.00 0.0 0 11.8 26 280 M M 4 34 280
================================================================================
SM 1998 1186 357 6 0.38 1.3 223.0 M 136
================================================================================
AV 66.6 39.5 7.4 FASTST M M 5 MAX(MPH)
MISC ----> 36 180 45 170
================================================================================
NOTES:
# LAST OF SEVERAL OCCURRENCES
COLUMN 17 PEAK WIND IN M.P.H.
PRELIMINARY LOCAL CLIMATOLOGICAL DATA (WS FORM: F-6) , PAGE 2
STATION: RENO-TAHOE INTL AIRPORT NV
MONTH: APRIL
YEAR: 2020
LATITUDE: 39 30 N
LONGITUDE: 119 47 W
[TEMPERATURE DATA] [PRECIPITATION DATA] SYMBOLS USED IN COLUMN 16
AVERAGE MONTHLY: 53.1 TOTAL FOR MONTH: 0.38 1 = FOG OR MIST
DPTR FM NORMAL: 2.2 DPTR FM NORMAL: -0.09 2 = FOG REDUCING VISIBILITY
HIGHEST: 85 ON 28 GRTST 24HR 0.21 ON 7- 7 TO 1/4 MILE OR LESS
LOWEST: 25 ON 2 3 = THUNDER
SNOW, ICE PELLETS, HAIL 4 = ICE PELLETS
TOTAL MONTH: 1.3 INCHES 5 = HAIL
GRTST 24HR 1.3 ON 6- 6 6 = FREEZING RAIN OR DRIZZLE
GRTST DEPTH: 0 7 = DUSTSTORM OR SANDSTORM:
VSBY 1/2 MILE OR LESS
8 = SMOKE OR HAZE
[NO. OF DAYS WITH] [WEATHER - DAYS WITH] 9 = BLOWING SNOW
X = TORNADO
MAX 32 OR BELOW: 0 0.01 INCH OR MORE: 4
MAX 90 OR ABOVE: 0 0.10 INCH OR MORE: 2
MIN 32 OR BELOW: 5 0.50 INCH OR MORE: 0
MIN 0 OR BELOW: 0 1.00 INCH OR MORE: 0
[HDD (BASE 65) ]
TOTAL THIS MO. 357 CLEAR (SCALE 0-3) 9
DPTR FM NORMAL -69 PTCLDY (SCALE 4-7) 20
TOTAL FM JUL 1 4388 CLOUDY (SCALE 8-10) 1
DPTR FM NORMAL -274
[CDD (BASE 65) ]
TOTAL THIS MO. 6
DPTR FM NORMAL 5 [PRESSURE DATA]
TOTAL FM JAN 1 6 HIGHEST SLP M ON M
DPTR FM NORMAL 5 LOWEST SLP 29.50 ON 5
[REMARKS]
THE AVERAGE TEMPERATURE FOR APRIL 2020 AT THE RENO-TAHOE
INTERNATIONAL AIRPORT WAS 53.1 DEGREES WHICH IS 2.2 DEGREES ABOVE
NORMAL. THE HIGHEST TEMPERATURE FOR APRIL WAS 85 DEGREES WHICH
OCCURRED ON THE 28TH. THE LOWEST TEMPERATURE FOR THE MONTH WAS 25
DEGREES WHICH OCCURRED ON THE 2ND.
FOR APRIL 2020, 0.38 INCHES OF PRECIPITATION WAS RECORDED AT THE
RENO-TAHOE INTERNATIONAL AIRPORT. THIS IS 0.09 INCHES BELOW NORMAL.
THE TOTAL SNOWFALL FOR THE MONTH WAS 1.3 INCHES.
THE AVERAGE WIND SPEED FOR APRIL 2020 WAS 7.4 MPH. THE PEAK WIND
GUST FOR THE MONTH WAS 45 MPH FROM THE SOUTH ON THE 4TH.
#FINAL-04-20#