000
CXUS51 KRNK 011947
CF6ROA
PRELIMINARY LOCAL CLIMATOLOGICAL DATA (WS FORM: F-6)
STATION: ROANOKE VA
MONTH: MARCH
YEAR: 2023
LATITUDE: 37 19 N
LONGITUDE: 79 58 W
TEMPERATURE IN F: :PCPN: SNOW: WIND :SUNSHINE: SKY :PK WND
================================================================================
1 2 3 4 5 6A 6B 7 8 9 10 11 12 13 14 15 16 17 18
12Z AVG MX 2MIN
DY MAX MIN AVG DEP HDD CDD WTR SNW DPTH SPD SPD DIR MIN PSBL S-S WX SPD DR
================================================================================
1 61 46 54 10 11 0 0.00 0.0 0 5.0 13 110 M M 4 15 140
2 65 49 57 13 8 0 0.08 0.0 0 6.4 18 300 M M 10 23 310
3 53 41 47 2 18 0 0.87 0.0 0 4.9 21 280 M M 10 13 26 280
4 58 41 50 5 15 0 0.00 0.0 0 15.0 33 310 M M 1 1 49 310
5 68 33 51 6 14 0 0.00 0.0 0 3.3 18 280 M M 2 26 270
6 68 37 53 8 12 0 0.00 0.0 0 5.3 14 180 M M 0 18 180
7 67 42 55 9 10 0 0.00 0.0 0 16.8 32 310 M M 2 39 310
8 61 34 48 2 17 0 0.00 0.0 0 8.5 21 320 M M 1 25 330
9 65 32 49 3 16 0 0.00 0.0 0 4.1 13 140 M M 1 14 110
10 57 42 50 4 15 0 0.10 0.0 0 9.1 30 300 M M 10 41 290
11 47 33 40 -7 25 0 0.00 0.0 0 13.1 29 310 M M 7 36 320
12 35 31 33 -14 32 0 0.18 0.4 0 4.8 12 120 M M 9 1 14 160
13 52 34 43 -4 22 0 T T 0 9.4 24 310 M M 8 37 310
14 39 31 35 -13 30 0 T T 0 19.1 35 300 M M 9 46 290
15 53 29 41 -7 24 0 0.00 0.0 0 12.9 32 310 M M 2 43 310
16 67 30 49 1 16 0 0.00 0.0 0 4.8 15 270 M M 1 18 270
17 64 46 55 7 10 0 0.01 0.0 0 5.3 20 310 M M 7 28 280
18 53 37 45 -4 20 0 0.00 0.0 0 16.9 26 280 M M 1 36 280
19 41 26 34 -15 31 0 0.00 0.0 0 12.0 25 280 M M 1 32 310
20 52 23 38 -11 27 0 0.00 0.0 0 2.3 9 110 M M 0 12 180
21 64 27 46 -4 19 0 0.00 0.0 0 4.5 17 150 M M 2 23 160
22 59 48 54 4 11 0 T 0.0 0 4.9 14 250 M M 9 18 190
23 80 49 65 15 0 0 0.00 0.0 0 10.5 25 250 M M 4 38 240
24 85 57 71 20 0 6 0.00 0.0 0 8.9 25 320 M M 5 33 350
25 79 48 64 13 1 0 0.12 0.0 0 10.3 38 240 M M 7 1 53 230
26 76 49 63 12 2 0 0.00 0.0 0 7.5 23 300 M M 1 27 300
27 81 50 66 14 0 1 0.00 0.0 0 6.9 24 320 M M 4 32 300
28 60 43 52 0 13 0 T 0.0 0 6.9 28 320 M M 6 33 320
29 63 38 51 -1 14 0 0.00 0.0 0 6.6 17 270 M M 2 25 250
30 67 40 54 1 11 0 0.00 0.0 0 3.7 14 300 M M 0 19 290
31 63 42 53 0 12 0 0.23 0.0 0 2.3 18 220 M M 7 1 24 220
================================================================================
SM 1903 1208 456 7 1.59 0.4 252.0 M 133
================================================================================
AV 61.4 39.0 8.1 FASTST M M 4 MAX(MPH)
MISC ----> 38 240 53 230
================================================================================
NOTES:
# LAST OF SEVERAL OCCURRENCES
COLUMN 17 PEAK WIND IN M.P.H.
PRELIMINARY LOCAL CLIMATOLOGICAL DATA (WS FORM: F-6) , PAGE 2
STATION: ROANOKE VA
MONTH: MARCH
YEAR: 2023
LATITUDE: 37 19 N
LONGITUDE: 79 58 W
[TEMPERATURE DATA] [PRECIPITATION DATA] SYMBOLS USED IN COLUMN 16
AVERAGE MONTHLY: 50.2 TOTAL FOR MONTH: 1.59 1 = FOG OR MIST
DPTR FM NORMAL: 1.9 DPTR FM NORMAL: -1.92 2 = FOG REDUCING VISIBILITY
HIGHEST: 85 ON 24 GRTST 24HR 0.87 ON 3- 3 TO 1/4 MILE OR LESS
LOWEST: 23 ON 20 3 = THUNDER
SNOW, ICE PELLETS, HAIL 4 = ICE PELLETS
TOTAL MONTH: 0.4 INCH 5 = HAIL
GRTST 24HR 0.4 ON 12-12 6 = FREEZING RAIN OR DRIZZLE
GRTST DEPTH: 0 7 = DUSTSTORM OR SANDSTORM:
VSBY 1/2 MILE OR LESS
8 = SMOKE OR HAZE
[NO. OF DAYS WITH] [WEATHER - DAYS WITH] 9 = BLOWING SNOW
X = TORNADO
MAX 32 OR BELOW: 0 0.01 INCH OR MORE: 7
MAX 90 OR ABOVE: 0 0.10 INCH OR MORE: 4
MIN 32 OR BELOW: 8 0.50 INCH OR MORE: 1
MIN 0 OR BELOW: 0 1.00 INCH OR MORE: 0
[HDD (BASE 65) ]
TOTAL THIS MO. 456 CLEAR (SCALE 0-3) 15
DPTR FM NORMAL -67 PTCLDY (SCALE 4-7) 10
TOTAL FM JUL 1 3041 CLOUDY (SCALE 8-10) 6
DPTR FM NORMAL -502
[CDD (BASE 65) ]
TOTAL THIS MO. 7
DPTR FM NORMAL 2 [PRESSURE DATA]
TOTAL FM JAN 1 12 HIGHEST SLP 30.47 ON 21
DPTR FM NORMAL 7 LOWEST SLP 29.40 ON 4
[REMARKS]
#FINAL-03-23#