000
CXUS51 KRNK 010835
CF6ROA
PRELIMINARY LOCAL CLIMATOLOGICAL DATA (WS FORM: F-6)
STATION: ROANOKE VA
MONTH: JUNE
YEAR: 2020
LATITUDE: 37 19 N
LONGITUDE: 79 58 W
TEMPERATURE IN F: :PCPN: SNOW: WIND :SUNSHINE: SKY :PK WND
================================================================================
1 2 3 4 5 6A 6B 7 8 9 10 11 12 13 14 15 16 17 18
12Z AVG MX 2MIN
DY MAX MIN AVG DEP HDD CDD WTR SNW DPTH SPD SPD DIR MIN PSBL S-S WX SPD DR
================================================================================
1 74 50 62 -7 3 0 0.00 0.0 0 5.8 14 150 M M 0 18 170
2 89 58 74 5 0 9 T 0.0 0 6.4 16 260 M M 3 23 230
3 93 73 83 13 0 18 0.00 0.0 0 10.1 28 300 M M 2 36 300
4 91 69 80 10 0 15 0.22 0.0 0 5.3 18 150 M M 4 3 23 170
5 84 68 76 6 0 11 0.09 0.0 0 4.4 16 320 M M 6 13 20 160
6 90 67 79 9 0 14 0.03 0.0 0 5.8 28 350 M M 3 3 37 10
7 89 64 77 6 0 12 0.00 0.0 0 5.9 13 30 M M 2 17 30
8 85 58 72 1 0 7 0.00 0.0 0 4.5 13 130 M M 5 19 130
9 91 71 81 10 0 16 0.01 0.0 0 5.9 18 140 M M 6 23 120
10 91 73 82 10 0 17 0.01 0.0 0 7.5 21 170 M M 6 3 27 170
11 85 67 76 4 0 11 0.08 0.0 0 7.6 16 310 M M 6 30 250
12 85 59 72 0 0 7 0.00 0.0 0 6.1 18 20 M M 2 23 20
13 83 49 66 -6 0 1 0.04 0.0 0 5.5 20 40 M M 5 25 40
14 78 58 68 -5 0 3 1.76 0.0 0 4.9 23 280 M M 7 13 26 280
15 63 57 60 -13 5 0 0.52 0.0 0 4.6 14 100 M M 10 1 18 100
16 65 56 61 -12 4 0 0.64 0.0 0 4.4 13 30 M M 10 1 16 360
17 66 58 62 -12 3 0 2.78 0.0 0 7.4 18 20 M M 10 1 24 20
18 76 64 70 -4 0 5 0.06 0.0 0 6.8 17 150 M M 9 1 22 160
19 79 65 72 -2 0 7 1.32 0.0 0 3.0 16 150 M M 8 123 21 150
20 85 61 73 -1 0 8 T 0.0 0 4.4 14 250 M M 6 12 18 250
21 86 63 75 1 0 10 0.03 0.0 0 2.3 15 340 M M 3 17 350
22 89 67 78 3 0 13 0.00 0.0 0 5.0 15 220 M M 3 22 220
23 87 66 77 2 0 12 0.13 0.0 0 6.6 17 160 M M 4 1 22 170
24 85 65 75 0 0 10 0.00 0.0 0 7.0 17 290 M M 2 24 310
25 86 63 75 0 0 10 T 0.0 0 4.1 14 10 M M 3 3 17 300
26 87 63 75 0 0 10 0.00 0.0 0 6.6 17 300 M M 2 21 320
27 89 68 79 3 0 14 T 0.0 0 9.2 23 270 M M 2 29 270
28 80 71 76 0 0 11 T 0.0 0 6.4 15 260 M M 7 21 240
29 91 68 80 4 0 15 0.00 0.0 0 5.5 15 310 M M 2 19 320
30 88 69 79 3 0 14 T 0.0 0 4.4 16 260 M M 4 21 260
================================================================================
SM 2510 1908 15 280 7.72 0.0 173.4 M 142
================================================================================
AV 83.7 63.6 5.8 FASTST M M 5 MAX(MPH)
MISC ----> # 28 300 37 10
================================================================================
NOTES:
# LAST OF SEVERAL OCCURRENCES
COLUMN 17 PEAK WIND IN M.P.H.
PRELIMINARY LOCAL CLIMATOLOGICAL DATA (WS FORM: F-6) , PAGE 2
STATION: ROANOKE VA
MONTH: JUNE
YEAR: 2020
LATITUDE: 37 19 N
LONGITUDE: 79 58 W
[TEMPERATURE DATA] [PRECIPITATION DATA] SYMBOLS USED IN COLUMN 16
AVERAGE MONTHLY: 73.6 TOTAL FOR MONTH: 7.72 1 = FOG OR MIST
DPTR FM NORMAL: 0.7 DPTR FM NORMAL: 3.89 2 = FOG REDUCING VISIBILITY
HIGHEST: 93 ON 3 GRTST 24HR 2.78 ON 17-17 TO 1/4 MILE OR LESS
LOWEST: 49 ON 13 3 = THUNDER
SNOW, ICE PELLETS, HAIL 4 = ICE PELLETS
TOTAL MONTH: 0.0 INCH 5 = HAIL
GRTST 24HR 0.0 6 = FREEZING RAIN OR DRIZZLE
GRTST DEPTH: 0 7 = DUSTSTORM OR SANDSTORM:
VSBY 1/2 MILE OR LESS
8 = SMOKE OR HAZE
[NO. OF DAYS WITH] [WEATHER - DAYS WITH] 9 = BLOWING SNOW
X = TORNADO
MAX 32 OR BELOW: 0 0.01 INCH OR MORE: 15
MAX 90 OR ABOVE: 6 0.10 INCH OR MORE: 7
MIN 32 OR BELOW: 0 0.50 INCH OR MORE: 5
MIN 0 OR BELOW: 0 1.00 INCH OR MORE: 3
[HDD (BASE 65) ]
TOTAL THIS MO. 15 CLEAR (SCALE 0-3) 12
DPTR FM NORMAL 4 PTCLDY (SCALE 4-7) 13
TOTAL FM JUL 1 3562 CLOUDY (SCALE 8-10) 5
DPTR FM NORMAL -580
[CDD (BASE 65) ]
TOTAL THIS MO. 280
DPTR FM NORMAL 34 [PRESSURE DATA]
TOTAL FM JAN 1 397 HIGHEST SLP 30.37 ON 15
DPTR FM NORMAL 35 LOWEST SLP 29.73 ON 23
[REMARKS]
#FINAL-06-20#