000
CXUS55 KABQ 011110
CF6ROW
PRELIMINARY LOCAL CLIMATOLOGICAL DATA (WS FORM: F-6)
STATION: ROSWELL NM
MONTH: JANUARY
YEAR: 2023
LATITUDE: 33 17 N
LONGITUDE: 104 32 W
TEMPERATURE IN F: :PCPN: SNOW: WIND :SUNSHINE: SKY :PK WND
================================================================================
1 2 3 4 5 6A 6B 7 8 9 10 11 12 13 14 15 16 17 18
12Z AVG MX 2MIN
DY MAX MIN AVG DEP HDD CDD WTR SNW DPTH SPD SPD DIR MIN PSBL S-S WX SPD DR
================================================================================
1 71 37 54 13 11 0 0.00 0.0 0 6.7 26 210 M M 0 37 210
2 62 42 52 11 13 0 T 0.0 0 10.7 25 280 M M 2 40 270
3 58 35 47 6 18 0 0.00 0.0 0 7.3 24 260 M M 2 32 290
4 63 33 48 7 17 0 0.00 0.0 0 8.1 23 320 M M 0 30 330
5 64 28 46 5 19 0 0.00 0.0 0 6.9 17 180 M M 0 21 180
6 76 34 55 14 10 0 0.00 0.0 0 7.9 22 270 M M 0 34 270
7 57 31 44 3 21 0 0.00 0.0 0 4.6 12 10 M M 0 15 320
8 64 26 45 3 20 0 0.00 0.0 0 6.8 18 150 M M 0 22 160
9 69 27 48 6 17 0 0.00 0.0 0 5.3 21 260 M M 0 28 260
10 76 37 57 15 8 0 0.00 0.0 0 6.6 17 280 M M 0 25 290
11 70 40 55 13 10 0 0.00 0.0 0 14.5 31 310 M M 0 43 300
12 58 34 46 4 19 0 0.00 0.0 0 6.6 18 330 M M 0 23 330
13 62 27 45 3 20 0 0.00 0.0 0 5.1 13 170 M M 0 16 190
14 75 29 52 10 13 0 0.00 0.0 0 7.0 21 220 M M 0 26 220
15 71 48 60 18 5 0 0.00 0.0 0 17.3 36 250 M M 0 49 240
16 68 36 52 10 13 0 0.00 0.0 0 11.5 27 260 M M 0 36 260
17 62 38 50 7 15 0 0.00 0.0 0 13.7 32 240 M M 2 54 230
18 56 31 44 1 21 0 0.00 0.0 0 13.9 31 270 M M 0 44 260
19 54 28 41 -2 24 0 0.00 0.0 0 8.1 16 190 M M 0 23 310
20 63 25 44 1 21 0 0.00 0.0 0 9.0 28 220 M M 0 37 220
21 55 22 39 -4 26 0 0.00 0.0 0 9.2 23 320 M M 0 31 320
22 54 19 37 -7 28 0 0.00 0.0 0 5.4 13 130 M M 0 19 130
23 50 30 40 -4 25 0 0.31 T 0 8.1 23 80 M M 3 1 30 90
24 46 31 39 -5 26 0 0.20 2.2 2 6.4 16 360 M M 7 1 21 360
25 49 28 39 -5 26 0 T T 0 5.8 23 10 M M 3 29 10
26 44 25 35 -9 30 0 0.00 0.0 0 6.8 15 190 M M 1 20 200
27 54 21 38 -6 27 0 0.00 0.0 0 5.5 12 230 M M 0 15 170
28 67 23 45 1 20 0 0.00 0.0 0 5.0 13 360 M M 0 16 340
29 59 27 43 -2 22 0 0.00 0.0 0 6.1 15 10 M M 0 19 10
30 33 28 31 -14 34 0 0.00 0.0 0 7.5 15 180 M M 10 18 20 180
31 31 24 28 -17 37 0 0.00 0.0 0 8.3 14 110 M M 9 1 17 110
================================================================================
SM 1841 944 616 0 0.51 2.2 251.7 M 39
================================================================================
AV 59.4 30.5 8.1 FASTST M M 1 MAX(MPH)
MISC ----> 36 250 54 230
================================================================================
NOTES:
# LAST OF SEVERAL OCCURRENCES
COLUMN 17 PEAK WIND IN M.P.H.
PRELIMINARY LOCAL CLIMATOLOGICAL DATA (WS FORM: F-6) , PAGE 2
STATION: ROSWELL NM
MONTH: JANUARY
YEAR: 2023
LATITUDE: 33 17 N
LONGITUDE: 104 32 W
[TEMPERATURE DATA] [PRECIPITATION DATA] SYMBOLS USED IN COLUMN 16
AVERAGE MONTHLY: 44.9 TOTAL FOR MONTH: 0.51 1 = FOG OR MIST
DPTR FM NORMAL: 2.2 DPTR FM NORMAL: 0.15 2 = FOG REDUCING VISIBILITY
HIGHEST: 76 ON 10, 6 GRTST 24HR 0.31 ON 23-23 TO 1/4 MILE OR LESS
LOWEST: 19 ON 22 3 = THUNDER
SNOW, ICE PELLETS, HAIL 4 = ICE PELLETS
TOTAL MONTH: 2.2 INCHES 5 = HAIL
GRTST 24HR 2.2 ON 24-24 6 = FREEZING RAIN OR DRIZZLE
GRTST DEPTH: 2 ON 24 7 = DUSTSTORM OR SANDSTORM:
VSBY 1/2 MILE OR LESS
8 = SMOKE OR HAZE
[NO. OF DAYS WITH] [WEATHER - DAYS WITH] 9 = BLOWING SNOW
X = TORNADO
MAX 32 OR BELOW: 1 0.01 INCH OR MORE: 2
MAX 90 OR ABOVE: 0 0.10 INCH OR MORE: 2
MIN 32 OR BELOW: 20 0.50 INCH OR MORE: 0
MIN 0 OR BELOW: 0 1.00 INCH OR MORE: 0
[HDD (BASE 65) ]
TOTAL THIS MO. 616 CLEAR (SCALE 0-3) 26
DPTR FM NORMAL -75 PTCLDY (SCALE 4-7) 3
TOTAL FM JUL 1 1902 CLOUDY (SCALE 8-10) 2
DPTR FM NORMAL -43
[CDD (BASE 65) ]
TOTAL THIS MO. 0
DPTR FM NORMAL 0 [PRESSURE DATA]
TOTAL FM JAN 1 0 HIGHEST SLP 30.44 ON 26
DPTR FM NORMAL 0 LOWEST SLP 29.49 ON 15
[REMARKS]
#FINAL-01-23#