000
CXUS54 KFWD 010730
CF6RPH
PRELIMINARY LOCAL CLIMATOLOGICAL DATA (WS FORM: F-6)
STATION: GRAHAM
MONTH: MAY
YEAR: 2022
LATITUDE: 33 6 N
LONGITUDE: 98 30 W
TEMPERATURE IN F: :PCPN: SNOW: WIND :SUNSHINE: SKY :PK WND
================================================================================
1 2 3 4 5 6A 6B 7 8 9 10 11 12 13 14 15 16 17 18
12Z AVG MX 2MIN
DY MAX MIN AVG DEP HDD CDD WTR SNW DPTH SPD SPD DIR MIN PSBL S-S WX SPD DR
================================================================================
1 84 50 67 0 0 2 0.54 M M 6.9 25 340 M M 3 18 36 340
2 88 63 76 9 0 11 T M M 10.4 18 200 M M 5 26 200
3 67 50 59 -8 6 0 0.00 M M 7.6 14 360 M M 10 23 10
4 81 58 70 2 0 5 0.00 M M 6.0 12 130 M M 8 1 20 140
5 78 56 67 -1 0 2 0.00 M M 8.8 20 300 M M 3 29 99
6 87 49 68 0 0 3 0.00 M M 3.8 10 120 M M 0 8 M M
7 90 65 78 10 0 13 0.00 M M 9.6 16 120 M M 0 30 M
8 100 73 87 18 0 22 0.00 M M 9.4 16 130 M M 0 1 22 130
9 98 75 87 18 0 22 0.00 M M 10.7 15 150 M M 0 8 25 150
10 94 76 85 16 0 20 0.00 M M 10.3 14 150 M M 1 25 140
11 92 68 80 10 0 15 0.00 M M 9.2 14 150 M M 3 23 130
12 97 67 82 12 0 17 0.00 M M 8.8 14 150 M M 0 23 150
13 96 68 82 12 0 17 T M M 5.5 14 110 M M 1 31 M
14 93 59 76 5 0 11 0.00 M M 4.8 10 130 M M 0 8 16 130
15 101 69 85 14 0 20 T M M 6.4 13 80 M M 0 8 20 170
16 90 65 78 7 0 13 0.00 M M 7.6 13 80 M M 0 8 22 90
17 99 73 86 14 0 21 0.00 M M 8.7 15 150 M M 1 22 150
18 101 75 88 16 0 23 0.00 M M 8.8 14 150 M M 1 21 160
19 102 71 87 15 0 22 0.00 M M 9.4 15 150 M M 0 24 150
20 99 75 87 15 0 22 0.00 M M 11.0 15 130 M M 0 24 170
21 82 64 73 0 0 8 0.00 M M 11.3 18 350 M M 8 25 350
22 73 55 64 -9 1 0 0.00 M M 8.8 17 30 M M 5 24 30
23 73 57 65 -8 0 0 T M M 5.2 9 150 M M 8 1 18 110
24 69 59 64 -10 1 0 0.24 M M 8.0 17 50 M M 8 1 28 310
25 69 52 61 -13 4 0 0.00 M M 11.1 20 320 M M 6 29 290
26 86 48 67 -7 0 2 0.00 M M 4.6 13 270 M M 0 20 300
27 93 53 73 -1 0 8 0.00 M M 4.7 9 130 M M 0 18 17 99
28 96 69 83 8 0 18 0.00 M M 9.8 18 160 M M 0 30 M
29 96 73 85 10 0 20 0.00 M M 11.1 16 140 M M 0 33 M
30 92 73 83 8 0 18 0.00 M M 12.7 16 180 M M 2 35 M
31 94 75 85 9 0 20 0.00 M M 10.7 16 160 M M 2 25 160
================================================================================
SM 2760 1983 12 375 0.78 M 261.7 M 75
================================================================================
AV 89.0 64.0 8.4 FASTST M M 2 MAX(MPH)
MISC ----> 25 340 36 340
================================================================================
NOTES:
# LAST OF SEVERAL OCCURRENCES
COLUMN 17 PEAK WIND IN M.P.H.
PRELIMINARY LOCAL CLIMATOLOGICAL DATA (WS FORM: F-6) , PAGE 2
STATION: GRAHAM
MONTH: MAY
YEAR: 2022
LATITUDE: 33 6 N
LONGITUDE: 98 30 W
[TEMPERATURE DATA] [PRECIPITATION DATA] SYMBOLS USED IN COLUMN 16
AVERAGE MONTHLY: 76.5 TOTAL FOR MONTH: 0.78 1 = FOG OR MIST
DPTR FM NORMAL: 5.3 DPTR FM NORMAL: -3.50 2 = FOG REDUCING VISIBILITY
HIGHEST: 102 ON 19 GRTST 24HR 0.54 ON 1- 1 TO 1/4 MILE OR LESS
LOWEST: 48 ON 26 3 = THUNDER
SNOW, ICE PELLETS, HAIL 4 = ICE PELLETS
TOTAL MONTH: M 5 = HAIL
GRTST 24HR M ON M 6 = FREEZING RAIN OR DRIZZLE
GRTST DEPTH: M ON M 7 = DUSTSTORM OR SANDSTORM:
VSBY 1/2 MILE OR LESS
8 = SMOKE OR HAZE
[NO. OF DAYS WITH] [WEATHER - DAYS WITH] 9 = BLOWING SNOW
X = TORNADO
MAX 32 OR BELOW: 0 0.01 INCH OR MORE: 2
MAX 90 OR ABOVE: 19 0.10 INCH OR MORE: 2
MIN 32 OR BELOW: 0 0.50 INCH OR MORE: 1
MIN 0 OR BELOW: 0 1.00 INCH OR MORE: 0
[HDD (BASE 65) ]
TOTAL THIS MO. 12 CLEAR (SCALE 0-3) 20
DPTR FM NORMAL -16 PTCLDY (SCALE 4-7) 10
TOTAL FM JUL 1 2350 CLOUDY (SCALE 8-10) 1
DPTR FM NORMAL -559
[CDD (BASE 65) ]
TOTAL THIS MO. 375
DPTR FM NORMAL 156 [PRESSURE DATA]
TOTAL FM JAN 1 564 HIGHEST SLP M ON M
DPTR FM NORMAL 256 LOWEST SLP M ON M
[REMARKS]
#FINAL-05-22#