000
CXUS56 KFGZ 010910
CF6RQE
PRELIMINARY LOCAL CLIMATOLOGICAL DATA (WS FORM: F-6)
STATION: WINDOW ROCK AZ AIRPORT
MONTH: JULY
YEAR: 2021
LATITUDE: 35 39 N
LONGITUDE: 109 4 W
TEMPERATURE IN F: :PCPN: SNOW: WIND :SUNSHINE: SKY :PK WND
================================================================================
1 2 3 4 5 6A 6B 7 8 9 10 11 12 13 14 15 16 17 18
12Z AVG MX 2MIN
DY MAX MIN AVG DEP HDD CDD WTR SNW DPTH SPD SPD DIR MIN PSBL S-S WX SPD DR
================================================================================
1 86 54 70 0 0 5 T M M 3.0 15 210 M M 6 18 220
2 88 54 71 1 0 6 T M M 6.9 28 360 M M 3 35 360
3 90 54 72 2 0 7 0.00 M M 4.9 22 330 M M 1 27 320
4 90 57 74 3 0 9 0.37 M M 4.9 16 10 M M 2 22 220
5 93 62 78 7 0 13 0.05 M M 7.2 28 50 M M 4 35 40
6 91 61 76 5 0 11 0.16 M M 4.4 22 10 M M 2 3 29 360
7 94 58 76 5 0 11 0.00 M M 5.9 23 350 M M 0 29 360
8 95 54 75 4 0 10 0.00 M M 3.5 18 290 M M 0 3 22 280
9 96 57 77 5 0 12 T M M 5.6 25 20 M M 0 3 32 10
10 98 59 79 7 0 14 0.21 M M 3.8 28 320 M M 0 3 36 310
11 98 52 75 3 0 10 0.00 M M 4.7 21 110 M M 0 29 60
12 92 56 74 2 0 9 0.03 M M 3.6 17 180 M M 0 3 23 170
13 91 60 76 4 0 11 0.06 M M 5.5 22 130 M M 2 3 35 130
14 84 57 71 -1 0 6 0.02 M M 5.5 21 250 M M 5 3 26 250
15 85 56 71 -1 0 6 T M M 4.9 15 200 M M 2 20 180
16 88 55 72 0 0 7 0.00 M M 4.4 20 220 M M 1 3 26 230
17 87 61 74 2 0 9 T M M 4.1 22 20 M M 5 3 26 10
18 91 63 77 5 0 12 T M M 4.6 24 200 M M 4 3 31 210
19 91 55 73 1 0 8 T M M 3.7 17 300 M M 2 22 310
20 89 55 72 0 0 7 0.01 M M 5.9 22 60 M M 4 38 31 60
21 89 59 74 2 0 9 T M M 5.5 33 10 M M 2 38 39 10
22 88 63 76 4 0 11 0.24 M M 4.4 18 180 M M 3 38 23 160
23 87 59 73 1 0 8 0.42 M M 7.0 26 260 M M 6 13 32 270
24 77 57 67 -5 0 2 T M M 3.9 25 150 M M 6 3 35 140
25 80 56 68 -4 0 3 T M M 4.4 17 180 M M 6 3 23 180
26 84 56 70 -2 0 5 0.00 M M 5.7 20 360 M M 2 3 23 360
27 86 56 71 -1 0 6 0.01 M M 3.9 23 360 M M 4 3 27 360
28 85 60 73 1 0 8 0.06 M M 3.2 20 210 M M 4 3 26 210
29 85 57 71 -1 0 6 T M M 3.9 15 130 M M 2 3 20 130
30 85 54 70 -1 0 5 T M M 4.7 22 210 M M 2 3 28 200
31 87 54 71 0 0 6 T M M 3.9 17 20 M M 4 3 24 260
================================================================================
SM 2750 1771 0 252 1.64 M 147.5 M 84
================================================================================
AV 88.7 57.1 4.8 FASTST M M 3 MAX(MPH)
MISC ----> 33 10 39 10
================================================================================
NOTES:
# LAST OF SEVERAL OCCURRENCES
COLUMN 17 PEAK WIND IN M.P.H.
PRELIMINARY LOCAL CLIMATOLOGICAL DATA (WS FORM: F-6) , PAGE 2
STATION: WINDOW ROCK AZ AIRPORT
MONTH: JULY
YEAR: 2021
LATITUDE: 35 39 N
LONGITUDE: 109 4 W
[TEMPERATURE DATA] [PRECIPITATION DATA] SYMBOLS USED IN COLUMN 16
AVERAGE MONTHLY: 72.9 TOTAL FOR MONTH: 1.64 1 = FOG OR MIST
DPTR FM NORMAL: 1.4 DPTR FM NORMAL: -0.14 2 = FOG REDUCING VISIBILITY
HIGHEST: 98 ON 11,10 GRTST 24HR 0.60 ON 22-23 TO 1/4 MILE OR LESS
LOWEST: 52 ON 11 3 = THUNDER
SNOW, ICE PELLETS, HAIL 4 = ICE PELLETS
TOTAL MONTH: M 5 = HAIL
GRTST 24HR M ON M 6 = FREEZING RAIN OR DRIZZLE
GRTST DEPTH: M ON M 7 = DUSTSTORM OR SANDSTORM:
VSBY 1/2 MILE OR LESS
8 = SMOKE OR HAZE
[NO. OF DAYS WITH] [WEATHER - DAYS WITH] 9 = BLOWING SNOW
X = TORNADO
MAX 32 OR BELOW: 0 0.01 INCH OR MORE: 12
MAX 90 OR ABOVE: 13 0.10 INCH OR MORE: 5
MIN 32 OR BELOW: 0 0.50 INCH OR MORE: 0
MIN 0 OR BELOW: 0 1.00 INCH OR MORE: 0
[HDD (BASE 65) ]
TOTAL THIS MO. 0 CLEAR (SCALE 0-3) 19
DPTR FM NORMAL -1 PTCLDY (SCALE 4-7) 12
TOTAL FM JUL 1 0 CLOUDY (SCALE 8-10) 0
DPTR FM NORMAL 0
[CDD (BASE 65) ]
TOTAL THIS MO. 252
DPTR FM NORMAL 48 [PRESSURE DATA]
TOTAL FM JAN 1 400 HIGHEST SLP M ON M
DPTR FM NORMAL 123 LOWEST SLP 29.69 ON 6
[REMARKS]
#FINAL-07-21#