000
CXUS55 KCYS 011610
CF6RWL
PRELIMINARY LOCAL CLIMATOLOGICAL DATA (WS FORM: F-6)
STATION: RAWLINS WYOMING AIRPORT
MONTH: JUNE
YEAR: 2023
LATITUDE: 41 47 N
LONGITUDE: 107 12 W
TEMPERATURE IN F: :PCPN: SNOW: WIND :SUNSHINE: SKY :PK WND
================================================================================
1 2 3 4 5 6A 6B 7 8 9 10 11 12 13 14 15 16 17 18
12Z AVG MX 2MIN
DY MAX MIN AVG DEP HDD CDD WTR SNW DPTH SPD SPD DIR MIN PSBL S-S WX SPD DR
================================================================================
1 69 43 56 1 9 0 T M M 8.5 25 230 M M 7 33 230
2 59 49 54 -2 11 0 0.10 M M 11.4 21 270 M M 9 1 27 260
3 66 49 58 2 7 0 T M M 5.4 17 230 M M 9 26 240
4 70 49 60 4 5 0 0.04 M M 7.9 23 70 M M 6 13 29 80
5 74 44 59 2 6 0 0.00 M M 4.9 18 230 M M 1 3 25 240
6 76 39 58 1 7 0 0.16 M M 5.4 22 100 M M 2 3 28 110
7 75 46 61 4 4 0 0.27 M M 5.8 21 250 M M 4 13 29 310
8 69 50 60 2 5 0 T M M 4.6 12 330 M M 5 19 270
9 73 44 59 1 6 0 0.05 M M 5.4 25 250 M M 1 38 35 240
10 74 48 61 3 4 0 0.00 M M 7.5 25 330 M M 2 38 32 330
11 73 45 59 1 6 0 T M M 10.7 24 60 M M 2 3 31 70
12 63 45 54 -5 11 0 0.07 M M 9.1 24 200 M M 7 3 31 200
13 68 47 58 -1 7 0 0.06 M M 6.3 22 230 M M 8 13 29 240
14 72 45 59 0 6 0 T M M 13.8 32 290 M M 3 41 280
15 68 45 57 -3 8 0 0.32 M M 11.4 24 290 M M 6 13 31 300
16 61 43 52 -8 13 0 T M M 9.3 22 320 M M 5 1 27 300
17 69 43 56 -4 9 0 0.00 M M 13.0 24 270 M M 4 35 280
18 79 46 63 2 2 0 T M M 16.0 38 230 M M 2 53 220
19 82 52 67 6 0 2 0.00 M M 20.0 36 200 M M 1 53 190
20 80 46 63 2 2 0 0.00 M M 14.6 32 190 M M 1 45 190
21 80 44 62 0 3 0 0.00 M M 10.3 26 240 M M 3 36 230
22 74 51 63 1 2 0 0.20 M M 10.5 28 50 M M 6 13 39 30
23 79 49 64 2 1 0 T M M 16.1 39 170 M M 2 3 70 200
24 73 48 61 -2 4 0 0.00 M M 17.0 32 240 M M 2 43 290
25 80 41 61 -2 4 0 0.00 M M 8.2 17 50 M M 0 26 70
26 84 44 64 1 1 0 0.00 M M 9.9 28 230 M M 0 38 230
27 81 45 63 -1 2 0 0.00 M M 11.7 29 230 M M 0 40 210
28 78 46 62 -2 3 0 0.00 M M 8.0 33 300 M M 1 43 290
29 79 47 63 -1 2 0 0.06 M M 8.2 35 340 M M 2 3 48 340
30 71 46 59 -5 6 0 T M M 6.0 29 350 M M 3 3 39 350
================================================================================
SM 2199 1379 156 2 1.33 M 296.9 M 104
================================================================================
AV 73.3 46.0 9.9 FASTST M M 3 MAX(MPH)
MISC ----> 39 170 70 200
================================================================================
NOTES:
# LAST OF SEVERAL OCCURRENCES
COLUMN 17 PEAK WIND IN M.P.H.
PRELIMINARY LOCAL CLIMATOLOGICAL DATA (WS FORM: F-6) , PAGE 2
STATION: RAWLINS WYOMING AIRPORT
MONTH: JUNE
YEAR: 2023
LATITUDE: 41 47 N
LONGITUDE: 107 12 W
[TEMPERATURE DATA] [PRECIPITATION DATA] SYMBOLS USED IN COLUMN 16
AVERAGE MONTHLY: 59.6 TOTAL FOR MONTH: 1.33 1 = FOG OR MIST
DPTR FM NORMAL: -0.3 DPTR FM NORMAL: 0.46 2 = FOG REDUCING VISIBILITY
HIGHEST: 84 ON 26 GRTST 24HR 0.32 ON 15-15 TO 1/4 MILE OR LESS
LOWEST: 39 ON 6 3 = THUNDER
SNOW, ICE PELLETS, HAIL 4 = ICE PELLETS
TOTAL MONTH: M 5 = HAIL
GRTST 24HR M ON M 6 = FREEZING RAIN OR DRIZZLE
GRTST DEPTH: M ON M 7 = DUSTSTORM OR SANDSTORM:
VSBY 1/2 MILE OR LESS
8 = SMOKE OR HAZE
[NO. OF DAYS WITH] [WEATHER - DAYS WITH] 9 = BLOWING SNOW
X = TORNADO
MAX 32 OR BELOW: 0 0.01 INCH OR MORE: 10
MAX 90 OR ABOVE: 0 0.10 INCH OR MORE: 5
MIN 32 OR BELOW: 0 0.50 INCH OR MORE: 0
MIN 0 OR BELOW: 0 1.00 INCH OR MORE: 0
[HDD (BASE 65) ]
TOTAL THIS MO. 156 CLEAR (SCALE 0-3) 18
DPTR FM NORMAL -18 PTCLDY (SCALE 4-7) 10
TOTAL FM JUL 1 8611 CLOUDY (SCALE 8-10) 2
DPTR FM NORMAL 445
[CDD (BASE 65) ]
TOTAL THIS MO. 2
DPTR FM NORMAL -19 [PRESSURE DATA]
TOTAL FM JAN 1 2 HIGHEST SLP 30.13 ON 16
DPTR FM NORMAL -20 LOWEST SLP 29.53 ON 19
[REMARKS]
#FINAL-06-23#