000
CXUS55 KPIH 011100
CF6RXE
PRELIMINARY LOCAL CLIMATOLOGICAL DATA (WS FORM: F-6)
STATION: REXBURG
MONTH: MAY
YEAR: 2022
LATITUDE: 43 49 N
LONGITUDE: 111 48 W
TEMPERATURE IN F: :PCPN: SNOW: WIND :SUNSHINE: SKY :PK WND
================================================================================
1 2 3 4 5 6A 6B 7 8 9 10 11 12 13 14 15 16 17 18
12Z AVG MX 2MIN
DY MAX MIN AVG DEP HDD CDD WTR SNW DPTH SPD SPD DIR MIN PSBL S-S WX SPD DR
================================================================================
1 63 41 52 4 13 0 0.07 M M 7.8 15 30 M M 8 23 30
2 62 34 48 0 17 0 0.41 M M 7.6 29 260 M M 6 128 41 260
3 45 34 40 -9 25 0 0.11 M M 4.8 16 220 M M 10 1 22 210
4 61 32 47 -2 18 0 0.00 M M 4.9 15 210 M M 4 12 19 200
5 68 39 54 4 11 0 0.02 M M 8.0 26 250 M M 3 36 250
6 66 47 57 7 8 0 T M M 16.3 29 200 M M 5 42 210
7 58 42 50 0 15 0 0.00 M M 21.2 32 220 M M 3 49 230
8 52 34 43 -7 22 0 T M M 15.0 24 200 M M 6 38 190
9 46 31 39 -12 26 0 0.02 M M 16.0 33 220 M M 6 1 49 240
10 55 24 40 -11 25 0 0.00 M M 5.4 15 240 M M 5 22 240
11 64 28 46 -6 19 0 0.00 M M 7.1 22 240 M M 1 32 230
12 59 40 50 -2 15 0 0.06 M M 12.4 28 240 M M 9 39 230
13 59 43 51 -1 14 0 T M M 19.6 35 230 M M 2 52 220
14 68 43 56 4 9 0 0.00 M M 12.0 35 240 M M 6 52 230
15 76 36 56 3 9 0 0.00 M M 3.8 12 210 M M 0 17 210
16 80 50 65 12 0 0 T M M 8.4 22 230 M M 1 35 230
17 74 45 60 7 5 0 0.00 M M 9.5 23 190 M M 0 33 180
18 72 47 60 6 5 0 0.00 M M 14.3 25 220 M M 1 41 210
19 61 38 50 -4 15 0 0.00 M M 13.1 29 210 M M 4 47 210
20 57 38 48 -6 17 0 0.00 M M 10.2 28 360 M M 5 39 360
21 60 32 46 -8 19 0 0.00 M M 6.2 18 200 M M 3 28 200
22 56 37 47 -8 18 0 0.18 M M 5.0 21 250 M M 6 3 31 280
23 61 31 46 -9 19 0 T M M 4.6 13 20 M M 4 12 20 330
24 66 35 51 -4 14 0 T M M 3.9 17 20 M M 3 24 30
25 75 39 57 1 8 0 0.00 M M 9.3 18 190 M M 1 29 220
26 85 40 63 7 2 0 0.01 M M 6.2 35 230 M M 2 3 51 230
27 78 57 68 12 0 3 0.04 M M 12.3 25 220 M M 4 38 240
28 63 49 56 0 9 0 0.07 M M 14.5 29 220 M M 7 41 200
29 54 42 48 -8 17 0 0.10 M M 11.4 18 240 M M 8 1 28 220
30 48 41 45 -12 20 0 0.28 M M 5.7 13 200 M M 10 1 19 200
31 65 42 54 -3 11 0 0.07 M M 6.5 17 180 M M 9 26 30
================================================================================
SM 1957 1211 425 3 1.44 M 303.0 M 142
================================================================================
AV 63.1 39.1 9.8 FASTST M M 5 MAX(MPH)
MISC ----> # 35 230 # 52 220
================================================================================
NOTES:
# LAST OF SEVERAL OCCURRENCES
COLUMN 17 PEAK WIND IN M.P.H.
PRELIMINARY LOCAL CLIMATOLOGICAL DATA (WS FORM: F-6) , PAGE 2
STATION: REXBURG
MONTH: MAY
YEAR: 2022
LATITUDE: 43 49 N
LONGITUDE: 111 48 W
[TEMPERATURE DATA] [PRECIPITATION DATA] SYMBOLS USED IN COLUMN 16
AVERAGE MONTHLY: 51.1 TOTAL FOR MONTH: 1.44 1 = FOG OR MIST
DPTR FM NORMAL: -1.8 DPTR FM NORMAL: -0.27 2 = FOG REDUCING VISIBILITY
HIGHEST: 85 ON 26 GRTST 24HR 0.52 ON 2- 3 TO 1/4 MILE OR LESS
LOWEST: 24 ON 10 3 = THUNDER
SNOW, ICE PELLETS, HAIL 4 = ICE PELLETS
TOTAL MONTH: M 5 = HAIL
GRTST 24HR M ON M 6 = FREEZING RAIN OR DRIZZLE
GRTST DEPTH: M ON M 7 = DUSTSTORM OR SANDSTORM:
VSBY 1/2 MILE OR LESS
8 = SMOKE OR HAZE
[NO. OF DAYS WITH] [WEATHER - DAYS WITH] 9 = BLOWING SNOW
X = TORNADO
MAX 32 OR BELOW: 0 0.01 INCH OR MORE: 13
MAX 90 OR ABOVE: 0 0.10 INCH OR MORE: 5
MIN 32 OR BELOW: 6 0.50 INCH OR MORE: 0
MIN 0 OR BELOW: 0 1.00 INCH OR MORE: 0
[HDD (BASE 65) ]
TOTAL THIS MO. 425 CLEAR (SCALE 0-3) 10
DPTR FM NORMAL 45 PTCLDY (SCALE 4-7) 17
TOTAL FM JUL 1 7642 CLOUDY (SCALE 8-10) 4
DPTR FM NORMAL -86
[CDD (BASE 65) ]
TOTAL THIS MO. 3
DPTR FM NORMAL 0 [PRESSURE DATA]
TOTAL FM JAN 1 3 HIGHEST SLP 30.24 ON 23
DPTR FM NORMAL 0 LOWEST SLP 29.48 ON 8
[REMARKS]
#FINAL-05-22#