000
CXUS55 KPIH 011121
CF6RXE
PRELIMINARY LOCAL CLIMATOLOGICAL DATA (WS FORM: F-6)
STATION: REXBURG
MONTH: SEPTEMBER
YEAR: 2023
LATITUDE: 43 49 N
LONGITUDE: 111 48 W
TEMPERATURE IN F: :PCPN: SNOW: WIND :SUNSHINE: SKY :PK WND
================================================================================
1 2 3 4 5 6A 6B 7 8 9 10 11 12 13 14 15 16 17 18
12Z AVG MX 2MIN
DY MAX MIN AVG DEP HDD CDD WTR SNW DPTH SPD SPD DIR MIN PSBL S-S WX SPD DR
================================================================================
1 83 52 68 6 0 3 0.11 M M 5.7 23 180 M M 1 3 38 190
2 83 56 70 8 0 5 0.00 M M 5.5 13 180 M M 3 19 200
3 75 56 66 4 0 1 0.74 M M 5.8 18 200 M M 6 13 26 210
4 62 54 58 -4 7 0 0.38 M M 7.1 14 200 M M 9 1 20 200
5 73 54 64 3 1 0 0.00 M M 4.9 17 200 M M 7 30 180
6 77 47 62 1 3 0 0.00 M M 4.3 21 210 M M 0 3 33 230
7 81 51 66 6 0 1 T M M 5.7 18 220 M M 1 32 270
8 83 56 70 10 0 5 0.01 M M 7.8 17 210 M M 1 24 200
9 82 47 65 5 0 0 0.00 M M 4.7 14 210 M M 0 20 200
10 81 51 66 6 0 1 0.00 M M 4.2 10 10 M M 1 3 19 40
11 82 50 66 7 0 1 0.00 M M 3.5 12 30 M M 2 16 20
12 83 47 65 6 0 0 0.00 M M 4.3 13 270 M M 0 18 270
13 78 52 65 7 0 0 0.07 M M 6.3 25 270 M M 5 3 38 260
14 76 44 60 2 5 0 0.00 M M 3.8 9 20 M M 1 8 13 20
15 78 42 60 2 5 0 0.00 M M 1.9 10 60 M M 0 13 60
16 80 41 61 4 4 0 0.00 M M 3.5 13 260 M M 0 17 270
17 82 42 62 5 3 0 0.00 M M 5.5 14 190 M M 0 19 180
18 81 47 64 7 1 0 T M M 5.3 20 350 M M 2 38 33 350
19 77 48 63 7 2 0 0.00 M M 10.3 23 200 M M 0 36 210
20 74 45 60 4 5 0 M M M 7.4 23 180 M M 3 3 41 160
21 56 45 51 -4 14 0 M M M 4.5 24 220 M M 8 1 38 200
22 51 43 47 -8 18 0 0.05 M M 6.9 21 210 M M 9 1 28 210
23 62 41 52 -3 13 0 0.00 M M 3.7 13 240 M M 1 18 240
24 70 37 54 0 11 0 0.00 M M 3.9 9 240 M M 0 14 250
25 79 41 60 6 5 0 0.00 M M 4.9 12 230 M M 0 17 240
26 78 43 61 8 4 0 0.00 M M 6.2 22 240 M M 0 30 240
27 75 40 58 5 7 0 0.00 M M 8.7 23 230 M M 0 32 220
28 65 42 54 2 11 0 0.00 M M 8.3 16 200 M M 0 23 230
29 69 38 54 2 11 0 0.00 M M 4.4 13 70 M M 1 17 190
30 72 46 59 7 6 0 0.00 M M 3.6 14 230 M M 2 17 240
================================================================================
SM 2248 1398 136 17 1.36 M 162.6 M 63
================================================================================
AV 74.9 46.6 5.4 FASTST M M 2 MAX(MPH)
MISC ----> 25 270 41 160
================================================================================
NOTES:
# LAST OF SEVERAL OCCURRENCES
20TH AND 21ST: FUNNEL ON TIPPING BUCKET CLOGGED WITH GRASS AND MUD.
CLEARED AFTER 1059 MDT (0959 LST) OBSERVATION ON 21ST.
COLUMN 17 PEAK WIND IN M.P.H.
PRELIMINARY LOCAL CLIMATOLOGICAL DATA (WS FORM: F-6) , PAGE 2
STATION: REXBURG
MONTH: SEPTEMBER
YEAR: 2023
LATITUDE: 43 49 N
LONGITUDE: 111 48 W
[TEMPERATURE DATA] [PRECIPITATION DATA] SYMBOLS USED IN COLUMN 16
AVERAGE MONTHLY: 60.8 TOTAL FOR MONTH: 1.36 1 = FOG OR MIST
DPTR FM NORMAL: 3.4 DPTR FM NORMAL: 0.58 2 = FOG REDUCING VISIBILITY
HIGHEST: 83 ON 12, 8 GRTST 24HR 0.74 ON 3- 3 TO 1/4 MILE OR LESS
LOWEST: 37 ON 24 3 = THUNDER
SNOW, ICE PELLETS, HAIL 4 = ICE PELLETS
TOTAL MONTH: M 5 = HAIL
GRTST 24HR M ON M 6 = FREEZING RAIN OR DRIZZLE
GRTST DEPTH: M ON M 7 = DUSTSTORM OR SANDSTORM:
VSBY 1/2 MILE OR LESS
8 = SMOKE OR HAZE
[NO. OF DAYS WITH] [WEATHER - DAYS WITH] 9 = BLOWING SNOW
X = TORNADO
MAX 32 OR BELOW: 0 0.01 INCH OR MORE: 6
MAX 90 OR ABOVE: 0 0.10 INCH OR MORE: 3
MIN 32 OR BELOW: 0 0.50 INCH OR MORE: 1
MIN 0 OR BELOW: 0 1.00 INCH OR MORE: 0
[HDD (BASE 65) ]
TOTAL THIS MO. 136 CLEAR (SCALE 0-3) 24
DPTR FM NORMAL -105 PTCLDY (SCALE 4-7) 4
TOTAL FM JUL 1 143 CLOUDY (SCALE 8-10) 2
DPTR FM NORMAL -158
[CDD (BASE 65) ]
TOTAL THIS MO. 17
DPTR FM NORMAL 6 [PRESSURE DATA]
TOTAL FM JAN 1 404 HIGHEST SLP 30.23 ON 16
DPTR FM NORMAL 147 LOWEST SLP 29.64 ON 30
[REMARKS]
#FINAL-09-23#