276
CXUS56 KSTO 091827
CF6SAC
PRELIMINARY LOCAL CLIMATOLOGICAL DATA (WS FORM: F-6)
STATION: SACRAMENTO EXEC. AIRPORT CA
MONTH: AUGUST
YEAR: 2020
LATITUDE: 38 31 N
LONGITUDE: 121 30 W
TEMPERATURE IN F: :PCPN: SNOW: WIND :SUNSHINE: SKY :PK WND
================================================================================
1 2 3 4 5 6A 6B 7 8 9 10 11 12 13 14 15 16 17 18
12Z AVG MX 2MIN
DY MAX MIN AVG DEP HDD CDD WTR SNW DPTH SPD SPD DIR MIN PSBL S-S WX SPD DR
================================================================================
1 96 58 77 1 0 12 0.00 0.0 0 5.0 14 200 M M 0 17 200
2 96 60 78 3 0 13 0.00 0.0 0 6.0 15 210 M M 0 24 310
3 97 63 80 5 0 15 0.00 0.0 0 5.5 17 230 M M 0 21 230
4 92 60 76 1 0 11 0.00 0.0 0 9.0 18 220 M M 0 24 220
5 79 60 70 -5 0 5 0.00 0.0 0 10.5 18 220 M M 3 26 190
6 87 58 73 -2 0 8 0.00 0.0 0 6.1 14 210 M M 1 20 220
7 92 59 76 1 0 11 0.00 0.0 0 5.0 14 220 M M 0 18 220
8 96 62 79 4 0 14 0.00 0.0 0 6.0 14 230 M M 0 18 230
9 99 64 82 7 0 17 0.00 0.0 0 4.7 14 210 M M 0 18 210
10 97 63 80 5 0 15 0.00 0.0 0 6.4 16 220 M M 0 8 22 220
11 86 61 74 -1 0 9 0.00 0.0 0 10.2 17 200 M M 0 25 200
12 97 58 78 3 0 13 0.00 0.0 0 6.4 13 200 M M 0 19 200
13 100 66 83 8 0 18 0.00 0.0 0 4.8 12 230 M M 0 32 330
14 106 71 89 14 0 24 0.00 0.0 0 4.8 13 340 M M 0 15 290
15 109 72 91 16 0 26 0.00 0.0 0 4.7 13 230 M M 0 17 250
16 112 74 93 18 0 28 0.02 0.0 0 8.1 26 220 M M 0 38 35 220
17 105 71 88 13 0 23 T 0.0 0 9.1 26 310 M M 0 3 34 300
18 106 73 90 16 0 25 0.00 0.0 0 3.5 10 200 M M 2 8 16 220
19 101 70 86 12 0 21 0.00 0.0 0 3.3 9 250 M M 8 8 13 210
20 88 63 76 2 0 11 0.00 0.0 0 4.8 10 300 M M 10 8 17 30
21 92 62 77 3 0 12 0.00 0.0 0 3.4 10 200 M M 10 8 15 200
22 97 65 81 7 0 16 0.00 0.0 0 3.1 10 210 M M 2 8 13 200
23 97 65 81 7 0 16 0.00 0.0 0 6.3 22 220 M M 1 8 29 220
24 93 71 82 8 0 17 0.00 0.0 0 7.4 13 230 M M 4 8 20 180
25 92 64 78 4 0 13 0.00 0.0 0 7.5 13 210 M M 0 8 19 230
26 90 61 76 2 0 11 0.00 0.0 0 7.3 14 200 M M 0 8 18 210
27 93 56 75 1 0 10 0.00 0.0 0 5.5 13 240 M M 0 8 18 200
28 93 59 76 2 0 11 0.00 0.0 0 5.3 12 210 M M 0 8 15 200
29 90 60 75 1 0 10 0.00 0.0 0 6.9 16 220 M M 0 8 21 220
30 94 57 76 2 0 11 0.00 0.0 0 5.1 13 220 M M 0 18 17 220
31 95 58 77 3 0 12 0.00 0.0 0 4.3 13 220 M M 1 8 29 150
================================================================================
SM 2967 1964 0 458 0.02 0.0 186.0 M 42
================================================================================
AV 95.7 63.4 6.0 FASTST M M 1 MAX(MPH)
MISC ----> # 26 220 # 35 220
================================================================================
NOTES:
# LAST OF SEVERAL OCCURRENCES
COLUMN 17 PEAK WIND IN M.P.H.
PRELIMINARY LOCAL CLIMATOLOGICAL DATA (WS FORM: F-6) , PAGE 2
STATION: SACRAMENTO EXEC. AIRPORT CA
MONTH: AUGUST
YEAR: 2020
LATITUDE: 38 31 N
LONGITUDE: 121 30 W
[TEMPERATURE DATA] [PRECIPITATION DATA] SYMBOLS USED IN COLUMN 16
AVERAGE MONTHLY: 79.5 TOTAL FOR MONTH: 0.02 1 = FOG OR MIST
DPTR FM NORMAL: 4.9 DPTR FM NORMAL: -0.03 2 = FOG REDUCING VISIBILITY
HIGHEST: 112 ON 16 GRTST 24HR 0.02 ON 16-16 TO 1/4 MILE OR LESS
LOWEST: 56 ON 27 3 = THUNDER
SNOW, ICE PELLETS, HAIL 4 = ICE PELLETS
TOTAL MONTH: 0.0 INCH 5 = HAIL
GRTST 24HR 0.0 6 = FREEZING RAIN OR DRIZZLE
GRTST DEPTH: 0 7 = DUSTSTORM OR SANDSTORM:
VSBY 1/2 MILE OR LESS
8 = SMOKE OR HAZE
[NO. OF DAYS WITH] [WEATHER - DAYS WITH] 9 = BLOWING SNOW
X = TORNADO
MAX 32 OR BELOW: 0 0.01 INCH OR MORE: 1
MAX 90 OR ABOVE: 27 0.10 INCH OR MORE: 0
MIN 32 OR BELOW: 0 0.50 INCH OR MORE: 0
MIN 0 OR BELOW: 0 1.00 INCH OR MORE: 0
[HDD (BASE 65) ]
TOTAL THIS MO. 0 CLEAR (SCALE 0-3) 27
DPTR FM NORMAL -1 PTCLDY (SCALE 4-7) 2
TOTAL FM JUL 1 0 CLOUDY (SCALE 8-10) 2
DPTR FM NORMAL -2
[CDD (BASE 65) ]
TOTAL THIS MO. 458
DPTR FM NORMAL 160 [PRESSURE DATA]
TOTAL FM JAN 1 1329 HIGHEST SLP 29.99 ON 2
DPTR FM NORMAL 407 LOWEST SLP 29.70 ON 28
[REMARKS]
#FINAL-08-20#