000
CXUS55 KTWC 010855
CF6SAD
PRELIMINARY LOCAL CLIMATOLOGICAL DATA (WS FORM: F-6)
STATION: SAFFORD AZ AIRPORT
MONTH: NOVEMBER
YEAR: 2022
LATITUDE: 32 50 N
LONGITUDE: 109 38 W
TEMPERATURE IN F: :PCPN: SNOW: WIND :SUNSHINE: SKY :PK WND
================================================================================
1 2 3 4 5 6A 6B 7 8 9 10 11 12 13 14 15 16 17 18
12Z AVG MX 2MIN
DY MAX MIN AVG DEP HDD CDD WTR SNW DPTH SPD SPD DIR MIN PSBL S-S WX SPD DR
================================================================================
1 75 41 58 -4 7 0 0.00 M M 6.3 15 130 M M 0 19 130
2 76 38 57 -4 8 0 0.00 M M 4.0 15 40 M M M 20 170
3 67 41 54 -7 11 0 T M M 14.8 31 310 M M 7 42 310
4 58 34 46 -14 19 0 0.00 M M 10.1 20 300 M M 1 27 300
5 65 30 48 -12 17 0 0.00 M M 4.0 10 250 M M 0 16 320
6 72 33 53 -7 12 0 0.00 M M 4.4 10 150 M M 0 14 150
7 80 39 60 1 5 0 0.00 M M 8.3 16 130 M M 0 21 110
8 80 42 61 2 4 0 0.00 M M 8.3 20 180 M M 0 29 190
9 77 52 65 7 0 0 0.00 M M 11.4 24 310 M M 0 35 330
10 65 40 53 -5 12 0 0.00 M M 7.4 18 290 M M 1 24 290
11 63 33 48 -9 17 0 0.00 M M 4.2 13 290 M M 0 18 290
12 67 42 55 -2 10 0 0.00 M M 8.8 14 100 M M 0 22 110
13 71 42 57 0 8 0 0.00 M M 10.6 26 300 M M 0 36 310
14 60 32 46 -10 19 0 0.00 M M 5.8 14 300 M M M 8 18 300
15 64 26 45 -11 20 0 0.00 M M 3.7 10 120 M M 0 16 140
16 62 29 46 -9 19 0 0.00 M M 5.7 13 90 M M M 19 80
17 60 36 48 -7 17 0 0.00 M M 8.4 15 90 M M M 20 90
18 66 40 53 -1 12 0 0.00 M M 6.7 16 120 M M M 22 120
19 61 41 51 -3 14 0 0.00 M M 10.4 17 130 M M M 23 140
20 58 36 47 -7 18 0 0.00 M M 8.4 15 80 M M M 21 140
21 63 37 50 -3 15 0 0.00 M M 8.8 15 100 M M 0 19 110
22 64 41 53 0 12 0 0.00 M M 7.7 17 120 M M 0 26 110
23 68 31 50 -2 15 0 0.00 M M 5.7 18 300 M M 0 24 290
24 62 34 48 -4 17 0 0.00 M M 7.1 21 50 M M 0 29 20
25 60 30 45 -7 20 0 0.00 M M 4.7 10 130 M M 0 16 160
26 65 25 45 -6 20 0 0.00 M M 7.9 22 310 M M 0 33 320
27 65 27 46 -5 19 0 0.00 M M 4.9 16 300 M M 0 21 330
28 66 28 47 -4 18 0 0.00 M M 4.3 10 310 M M 0 13 170
29 65 31 48 -2 17 0 0.00 M M 5.7 14 300 M M 0 17 300
30 69 34 52 2 13 0 0.00 M M 7.2 17 90 M M 0 23 110
================================================================================
SM 1994 1065 415 0 T M 215.7 M 9
================================================================================
AV 66.5 35.5 7.2 FASTST M M 0 MAX(MPH)
MISC ----> 31 310 42 310
================================================================================
NOTES:
# LAST OF SEVERAL OCCURRENCES
COLUMN 17 PEAK WIND IN M.P.H.
PRELIMINARY LOCAL CLIMATOLOGICAL DATA (WS FORM: F-6) , PAGE 2
STATION: SAFFORD AZ AIRPORT
MONTH: NOVEMBER
YEAR: 2022
LATITUDE: 32 50 N
LONGITUDE: 109 38 W
[TEMPERATURE DATA] [PRECIPITATION DATA] SYMBOLS USED IN COLUMN 16
AVERAGE MONTHLY: 51.0 TOTAL FOR MONTH: T 1 = FOG OR MIST
DPTR FM NORMAL: -4.6 DPTR FM NORMAL: -0.52 2 = FOG REDUCING VISIBILITY
HIGHEST: 80 ON 8, 7 GRTST 24HR T ON 3- 3 TO 1/4 MILE OR LESS
LOWEST: 25 ON 26 3 = THUNDER
SNOW, ICE PELLETS, HAIL 4 = ICE PELLETS
TOTAL MONTH: M 5 = HAIL
GRTST 24HR M ON M 6 = FREEZING RAIN OR DRIZZLE
GRTST DEPTH: M ON M 7 = DUSTSTORM OR SANDSTORM:
VSBY 1/2 MILE OR LESS
8 = SMOKE OR HAZE
[NO. OF DAYS WITH] [WEATHER - DAYS WITH] 9 = BLOWING SNOW
X = TORNADO
MAX 32 OR BELOW: 0 0.01 INCH OR MORE: 0
MAX 90 OR ABOVE: 0 0.10 INCH OR MORE: 0
MIN 32 OR BELOW: 10 0.50 INCH OR MORE: 0
MIN 0 OR BELOW: 0 1.00 INCH OR MORE: 0
[HDD (BASE 65) ]
TOTAL THIS MO. 415 CLEAR (SCALE 0-3) 22
DPTR FM NORMAL 125 PTCLDY (SCALE 4-7) 1
TOTAL FM JUL 1 496 CLOUDY (SCALE 8-10) 7
DPTR FM NORMAL 157
[CDD (BASE 65) ]
TOTAL THIS MO. 0
DPTR FM NORMAL -8 [PRESSURE DATA]
TOTAL FM JAN 1 2730 HIGHEST SLP M ON M
DPTR FM NORMAL 17 LOWEST SLP 29.66 ON 13
[REMARKS]
#FINAL-11-22#