000
CXUS56 KSGX 011045
CF6SAN
PRELIMINARY LOCAL CLIMATOLOGICAL DATA (WS FORM: F-6)
STATION: SAN DIEGO INTL AIRPORT CA
MONTH: MARCH
YEAR: 2024
LATITUDE: 32 43 N
LONGITUDE: 117 10 W
TEMPERATURE IN F: :PCPN: SNOW: WIND :SUNSHINE: SKY :PK WND
================================================================================
1 2 3 4 5 6A 6B 7 8 9 10 11 12 13 14 15 16 17 18
12Z AVG MX 2MIN
DY MAX MIN AVG DEP HDD CDD WTR SNW DPTH SPD SPD DIR MIN PSBL S-S WX SPD DR
================================================================================
1 66 53 60 0 5 0 T M M 5.8 15 260 M M 5 20 250
2 64 57 61 1 4 0 0.17 M M 8.9 17 290 M M 8 1 28 180
3 64 56 60 0 5 0 0.01 M M 7.8 17 250 M M 7 18 23 270
4 64 54 59 -1 6 0 0.04 M M 5.8 17 270 M M 7 1 22 270
5 64 55 60 0 5 0 0.00 M M 4.6 13 280 M M 8 21 220
6 65 52 59 -1 6 0 0.45 M M 7.1 18 160 M M 7 1 24 210
7 63 53 58 -2 7 0 0.06 M M 5.8 16 280 M M 8 1 22 260
8 66 52 59 -1 6 0 0.00 M M 5.2 15 300 M M 2 20 300
9 69 50 60 0 5 0 0.00 M M 3.7 16 300 M M 5 21 270
10 66 51 59 -1 6 0 0.00 M M 4.4 14 300 M M 5 1 19 300
11 64 53 59 -1 6 0 0.00 M M 4.6 16 260 M M 6 24 220
12 65 55 60 0 5 0 0.03 M M 4.4 13 270 M M 7 1 23 220
13 66 56 61 1 4 0 0.00 M M 6.5 13 260 M M 8 22 200
14 68 53 61 0 4 0 0.03 M M 4.4 16 260 M M 6 3 23 280
15 64 52 58 -3 7 0 T M M 7.6 16 220 M M 6 32 210
16 68 52 60 -1 5 0 0.00 M M 4.8 14 260 M M 5 22 230
17 66 51 59 -2 6 0 0.00 M M 4.9 15 310 M M 4 22 290
18 76 51 64 3 1 0 T M M 4.1 22 60 M M 3 26 70
19 70 52 61 0 4 0 0.00 M M 4.6 13 220 M M 3 22 210
20 66 54 60 -1 5 0 0.00 M M 3.6 13 280 M M 4 21 220
21 69 57 63 2 2 0 0.00 M M 4.6 12 300 M M 6 18 16 290
22 67 56 62 1 3 0 0.00 M M 4.4 15 290 M M 8 18 19 290
23 65 57 61 0 4 0 0.06 M M 10.1 23 290 M M 8 1 31 290
24 64 54 59 -2 6 0 0.06 M M 16.1 26 280 M M 7 18 33 290
25 64 50 57 -4 8 0 0.00 M M 6.1 14 210 M M 6 25 200
26 65 54 60 -2 5 0 T M M 6.1 14 220 M M 6 25 210
27 67 50 59 -3 6 0 0.00 M M 3.9 14 270 M M 3 20 210
28 65 55 60 -2 5 0 0.00 M M 7.1 16 290 M M 7 20 310
29 64 52 58 -4 7 0 0.00 M M 5.5 14 230 M M 4 28 220
30 60 52 56 -6 9 0 1.30 M M 11.4 23 250 M M 9 1 35 160
31 65 52 59 -3 6 0 0.33 M M 10.4 20 170 M M 8 1 35 190
================================================================================
SM 2039 1651 163 0 2.54 M 194.3 M 186
================================================================================
AV 65.8 53.3 6.3 FASTST M M 6 MAX(MPH)
MISC ----> 26 280 # 35 160
================================================================================
NOTES:
# LAST OF SEVERAL OCCURRENCES
COLUMN 17 PEAK WIND IN M.P.H.
PRELIMINARY LOCAL CLIMATOLOGICAL DATA (WS FORM: F-6) , PAGE 2
STATION: SAN DIEGO INTL AIRPORT CA
MONTH: MARCH
YEAR: 2024
LATITUDE: 32 43 N
LONGITUDE: 117 10 W
[TEMPERATURE DATA] [PRECIPITATION DATA] SYMBOLS USED IN COLUMN 16
AVERAGE MONTHLY: 59.5 TOTAL FOR MONTH: 2.54 1 = FOG OR MIST
DPTR FM NORMAL: -1.2 DPTR FM NORMAL: 1.08 2 = FOG REDUCING VISIBILITY
HIGHEST: 76 ON 18 GRTST 24HR 1.58 ON 30-31 TO 1/4 MILE OR LESS
LOWEST: 50 ON 27,25 3 = THUNDER
SNOW, ICE PELLETS, HAIL 4 = ICE PELLETS
TOTAL MONTH: M 5 = HAIL
GRTST 24HR M ON M 6 = FREEZING RAIN OR DRIZZLE
GRTST DEPTH: M ON M 7 = DUSTSTORM OR SANDSTORM:
VSBY 1/2 MILE OR LESS
8 = SMOKE OR HAZE
[NO. OF DAYS WITH] [WEATHER - DAYS WITH] 9 = BLOWING SNOW
X = TORNADO
MAX 32 OR BELOW: 0 0.01 INCH OR MORE: 11
MAX 90 OR ABOVE: 0 0.10 INCH OR MORE: 4
MIN 32 OR BELOW: 0 0.50 INCH OR MORE: 1
MIN 0 OR BELOW: 0 1.00 INCH OR MORE: 1
[HDD (BASE 65) ]
TOTAL THIS MO. 163 CLEAR (SCALE 0-3) 3
DPTR FM NORMAL 21 PTCLDY (SCALE 4-7) 26
TOTAL FM JUL 1 896 CLOUDY (SCALE 8-10) 2
DPTR FM NORMAL 46
[CDD (BASE 65) ]
TOTAL THIS MO. 0
DPTR FM NORMAL -10 [PRESSURE DATA]
TOTAL FM JAN 1 0 HIGHEST SLP 30.22 ON 27
DPTR FM NORMAL -18 LOWEST SLP 29.75 ON 30
[REMARKS]
#FINAL-03-24#