000
CXUS56 KSGX 011145
CF6SAN
PRELIMINARY LOCAL CLIMATOLOGICAL DATA (WS FORM: F-6)
STATION: SAN DIEGO INTL AIRPORT CA
MONTH: NOVEMBER
YEAR: 2021
LATITUDE: 32 43 N
LONGITUDE: 117 10 W
TEMPERATURE IN F: :PCPN: SNOW: WIND :SUNSHINE: SKY :PK WND
================================================================================
1 2 3 4 5 6A 6B 7 8 9 10 11 12 13 14 15 16 17 18
12Z AVG MX 2MIN
DY MAX MIN AVG DEP HDD CDD WTR SNW DPTH SPD SPD DIR MIN PSBL S-S WX SPD DR
================================================================================
1 71 59 65 -1 0 0 0.00 M M 5.3 17 320 M M 7 24 320
2 68 59 64 -2 1 0 0.00 M M 5.9 15 280 M M 7 18 21 350
3 68 59 64 -1 1 0 0.00 M M 4.6 14 290 M M 6 18 18 300
4 67 59 63 -2 2 0 0.00 M M 5.0 13 290 M M 7 18 16 290
5 69 59 64 -1 1 0 0.00 M M 4.6 10 210 M M 8 18 19 190
6 69 61 65 0 0 0 0.00 M M 4.1 13 280 M M 8 18 17 210
7 69 59 64 -1 1 0 0.00 M M 4.4 14 280 M M 7 8 17 280
8 67 59 63 -1 2 0 0.00 M M 4.9 10 200 M M 6 8 22 200
9 69 57 63 -1 2 0 T M M 5.3 15 300 M M 6 18 21 280
10 70 60 65 1 0 0 0.00 M M 4.5 15 310 M M 4 1 22 320
11 85 56 71 7 0 6 0.00 M M 3.2 12 320 M M 0 16 310
12 92 58 75 11 0 10 0.00 M M 2.5 10 320 M M 2 17 210
13 85 57 71 8 0 6 0.00 M M 1.6 8 250 M M 1 17 220
14 87 56 72 9 0 7 0.00 M M 2.3 10 300 M M 0 15 310
15 81 54 68 5 0 3 0.00 M M 3.0 12 300 M M 3 128 14 320
16 66 56 61 -2 4 0 0.00 M M 4.7 12 280 M M 8 128 17 200
17 69 58 64 2 1 0 0.00 M M 3.8 10 270 M M 5 8 22 220
18 66 55 61 -1 4 0 0.00 M M 4.0 13 280 M M 7 18 15 300
19 67 59 63 1 2 0 0.00 M M 4.1 14 270 M M 8 18 18 260
20 66 60 63 1 2 0 0.00 M M 4.8 13 280 M M 8 8 17 270
21 80 54 67 5 0 2 0.00 M M 2.3 12 300 M M 5 18 16 180
22 82 56 69 8 0 4 0.00 M M 2.3 10 300 M M 6 8 16 180
23 66 53 60 -1 5 0 0.00 M M 2.9 9 170 M M 6 18 210
24 67 53 60 -1 5 0 0.00 M M 4.5 9 310 M M 4 16 220
25 79 45 62 1 3 0 0.00 M M 5.6 18 50 M M 0 23 50
26 78 49 64 4 1 0 0.00 M M 3.5 14 320 M M 2 8 20 320
27 75 46 61 1 4 0 0.00 M M 1.8 9 250 M M 1 18 220
28 77 46 62 2 3 0 0.00 M M 2.8 13 310 M M 1 1 15 300
29 74 46 60 0 5 0 0.00 M M 2.1 12 300 M M 3 12 16 310
30 65 53 59 -1 6 0 0.00 M M 3.1 9 290 M M 5 128 14 310
================================================================================
SM 2194 1661 55 38 T M 113.5 M 141
================================================================================
AV 73.1 55.4 3.8 FASTST M M 5 MAX(MPH)
MISC ----> 18 50 24 320
================================================================================
NOTES:
# LAST OF SEVERAL OCCURRENCES
COLUMN 17 PEAK WIND IN M.P.H.
PRELIMINARY LOCAL CLIMATOLOGICAL DATA (WS FORM: F-6) , PAGE 2
STATION: SAN DIEGO INTL AIRPORT CA
MONTH: NOVEMBER
YEAR: 2021
LATITUDE: 32 43 N
LONGITUDE: 117 10 W
[TEMPERATURE DATA] [PRECIPITATION DATA] SYMBOLS USED IN COLUMN 16
AVERAGE MONTHLY: 64.3 TOTAL FOR MONTH: T 1 = FOG OR MIST
DPTR FM NORMAL: 1.5 DPTR FM NORMAL: -0.79 2 = FOG REDUCING VISIBILITY
HIGHEST: 92 ON 12 GRTST 24HR T ON 31- 1 TO 1/4 MILE OR LESS
LOWEST: 45 ON 25 3 = THUNDER
SNOW, ICE PELLETS, HAIL 4 = ICE PELLETS
TOTAL MONTH: M 5 = HAIL
GRTST 24HR M ON M 6 = FREEZING RAIN OR DRIZZLE
GRTST DEPTH: M ON M 7 = DUSTSTORM OR SANDSTORM:
VSBY 1/2 MILE OR LESS
8 = SMOKE OR HAZE
[NO. OF DAYS WITH] [WEATHER - DAYS WITH] 9 = BLOWING SNOW
X = TORNADO
MAX 32 OR BELOW: 0 0.01 INCH OR MORE: 0
MAX 90 OR ABOVE: 1 0.10 INCH OR MORE: 0
MIN 32 OR BELOW: 0 0.50 INCH OR MORE: 0
MIN 0 OR BELOW: 0 1.00 INCH OR MORE: 0
[HDD (BASE 65) ]
TOTAL THIS MO. 55 CLEAR (SCALE 0-3) 8
DPTR FM NORMAL -38 PTCLDY (SCALE 4-7) 19
TOTAL FM JUL 1 78 CLOUDY (SCALE 8-10) 3
DPTR FM NORMAL -26
[CDD (BASE 65) ]
TOTAL THIS MO. 38
DPTR FM NORMAL 12 [PRESSURE DATA]
TOTAL FM JAN 1 1058 HIGHEST SLP 30.26 ON 9
DPTR FM NORMAL 165 LOWEST SLP 29.93 ON 23
[REMARKS]
#FINAL-11-21#