000
CXUS56 KSGX 011045
CF6SAN
PRELIMINARY LOCAL CLIMATOLOGICAL DATA (WS FORM: F-6)
STATION: SAN DIEGO INTL AIRPORT CA
MONTH: OCTOBER
YEAR: 2023
LATITUDE: 32 43 N
LONGITUDE: 117 10 W
TEMPERATURE IN F: :PCPN: SNOW: WIND :SUNSHINE: SKY :PK WND
================================================================================
1 2 3 4 5 6A 6B 7 8 9 10 11 12 13 14 15 16 17 18
12Z AVG MX 2MIN
DY MAX MIN AVG DEP HDD CDD WTR SNW DPTH SPD SPD DIR MIN PSBL S-S WX SPD DR
================================================================================
1 71 62 67 -3 0 2 T M M 5.9 14 270 M M 7 24 210
2 72 58 65 -5 0 0 0.00 M M 5.2 15 320 M M 3 20 290
3 75 57 66 -4 0 1 0.00 M M 4.5 17 300 M M 1 22 300
4 81 59 70 0 0 5 0.00 M M 3.3 15 310 M M 1 1 20 320
5 84 60 72 2 0 7 0.00 M M 3.5 15 280 M M 0 8 18 320
6 77 60 69 0 0 4 0.00 M M 2.6 13 280 M M 2 128 18 250
7 78 62 70 1 0 5 0.00 M M 4.0 10 280 M M 8 128 13 270
8 76 63 70 1 0 5 0.00 M M 5.8 16 290 M M 4 128 21 300
9 74 65 70 1 0 5 0.00 M M 6.4 17 290 M M 7 18 22 290
10 73 64 69 0 0 4 0.01 M M 5.2 13 260 M M 7 1 21 210
11 72 64 68 -1 0 3 T M M 6.7 13 210 M M 7 1 22 160
12 73 60 67 -2 0 2 0.00 M M 4.5 12 220 M M 5 23 190
13 73 60 67 -1 0 2 0.00 M M 3.3 12 260 M M 5 8 20 230
14 76 62 69 1 0 4 0.00 M M 4.6 16 290 M M 5 18 22 320
15 78 58 68 0 0 3 0.00 M M 3.8 16 310 M M 0 1 23 310
16 74 60 67 -1 0 2 0.00 M M 4.7 15 270 M M 4 18 18 280
17 73 63 68 0 0 3 T M M 4.5 10 200 M M 7 18 20 200
18 72 63 68 0 0 3 0.00 M M 4.7 9 290 M M 6 18 14 270
19 74 61 68 0 0 3 0.00 M M 5.3 15 290 M M 5 128 19 280
20 79 64 72 4 0 7 0.00 M M 4.6 16 310 M M 3 18 22 300
21 78 60 69 2 0 4 0.00 M M 4.8 17 290 M M 2 18 22 280
22 72 66 69 2 0 4 T M M 6.9 13 270 M M 7 21 200
23 70 62 66 -1 0 1 T M M 6.5 15 260 M M 5 23 250
24 72 57 65 -2 0 0 0.00 M M 5.0 12 260 M M 4 19 160
25 67 64 66 -1 0 1 0.00 M M 5.7 12 200 M M 9 22 200
26 72 60 66 -1 0 1 0.00 M M 3.8 15 290 M M 6 8 21 320
27 71 60 66 -1 0 1 0.00 M M 3.7 12 280 M M 5 19 220
28 70 55 63 -3 2 0 0.00 M M 3.1 13 290 M M 2 17 240
29 79 54 67 1 0 2 0.00 M M 3.6 13 300 M M 1 17 320
30 78 47 63 -3 2 0 0.00 M M 3.3 13 300 M M 1 17 320
31 81 55 68 2 0 3 0.00 M M 2.3 12 330 M M 2 15 320
================================================================================
SM 2315 1865 4 87 0.01 M 141.8 M 131
================================================================================
AV 74.7 60.2 4.6 FASTST M M 4 MAX(MPH)
MISC ----> # 17 300 24 210
================================================================================
NOTES:
# LAST OF SEVERAL OCCURRENCES
COLUMN 17 PEAK WIND IN M.P.H.
PRELIMINARY LOCAL CLIMATOLOGICAL DATA (WS FORM: F-6) , PAGE 2
STATION: SAN DIEGO INTL AIRPORT CA
MONTH: OCTOBER
YEAR: 2023
LATITUDE: 32 43 N
LONGITUDE: 117 10 W
[TEMPERATURE DATA] [PRECIPITATION DATA] SYMBOLS USED IN COLUMN 16
AVERAGE MONTHLY: 67.4 TOTAL FOR MONTH: 0.01 1 = FOG OR MIST
DPTR FM NORMAL: -0.7 DPTR FM NORMAL: -0.49 2 = FOG REDUCING VISIBILITY
HIGHEST: 84 ON 5 GRTST 24HR 0.01 ON 10-10 TO 1/4 MILE OR LESS
LOWEST: 47 ON 30 3 = THUNDER
SNOW, ICE PELLETS, HAIL 4 = ICE PELLETS
TOTAL MONTH: M 5 = HAIL
GRTST 24HR M ON M 6 = FREEZING RAIN OR DRIZZLE
GRTST DEPTH: M ON M 7 = DUSTSTORM OR SANDSTORM:
VSBY 1/2 MILE OR LESS
8 = SMOKE OR HAZE
[NO. OF DAYS WITH] [WEATHER - DAYS WITH] 9 = BLOWING SNOW
X = TORNADO
MAX 32 OR BELOW: 0 0.01 INCH OR MORE: 1
MAX 90 OR ABOVE: 0 0.10 INCH OR MORE: 0
MIN 32 OR BELOW: 0 0.50 INCH OR MORE: 0
MIN 0 OR BELOW: 0 1.00 INCH OR MORE: 0
[HDD (BASE 65) ]
TOTAL THIS MO. 4 CLEAR (SCALE 0-3) 11
DPTR FM NORMAL -7 PTCLDY (SCALE 4-7) 19
TOTAL FM JUL 1 4 CLOUDY (SCALE 8-10) 1
DPTR FM NORMAL -5
[CDD (BASE 65) ]
TOTAL THIS MO. 87
DPTR FM NORMAL -19 [PRESSURE DATA]
TOTAL FM JAN 1 701 HIGHEST SLP 30.07 ON 31
DPTR FM NORMAL -166 LOWEST SLP 29.98 ON 31
[REMARKS]
#FINAL-10-23#