000
CXUS54 KEWX 051854
CF6SAT
PRELIMINARY LOCAL CLIMATOLOGICAL DATA (WS FORM: F-6)
STATION: SAN ANTONIO
MONTH: JUNE
YEAR: 2022
LATITUDE: 29 31 N
LONGITUDE: 98 28 W
TEMPERATURE IN F: :PCPN: SNOW: WIND :SUNSHINE: SKY :PK WND
================================================================================
1 2 3 4 5 6A 6B 7 8 9 10 11 12 13 14 15 16 17 18
12Z AVG MX 2MIN
DY MAX MIN AVG DEP HDD CDD WTR SNW DPTH SPD SPD DIR MIN PSBL S-S WX SPD DR
================================================================================
1 99 77 88 7 0 23 T 0.0 0 13.3 25 110 M M 7 33 120
2 95 75 85 4 0 20 0.00 0.0 0 7.2 17 50 M M 5 26 40
3 95 76 86 5 0 21 0.00 0.0 0 6.9 17 80 M M 7 23 80
4 97 71 84 3 0 19 0.10 0.0 0 7.4 22 110 M M 6 30 350
5 102 74 88 7 0 23 0.00 0.0 0 12.4 24 140 M M 5 32 130
6 104 76 90 8 0 25 0.00 0.0 0 15.4 24 130 M M 3 32 130
7 104 77 91 9 0 26 0.00 0.0 0 15.1 23 120 M M 5 30 140
8 101 77 89 7 0 24 0.00 0.0 0 11.7 23 140 M M 5 31 140
9 99 76 88 6 0 23 0.00 0.0 0 10.3 22 160 M M 5 31 170
10 101 77 89 7 0 24 0.00 0.0 0 8.1 24 140 M M 4 31 150
11 104 78 91 9 0 26 0.00 0.0 0 8.1 24 150 M M 3 28 140
12 105 76 91 9 0 26 0.00 0.0 0 12.4 25 140 M M 2 34 130
13 101 78 90 8 0 25 0.00 0.0 0 15.3 28 140 M M 5 35 160
14 100 78 89 6 0 24 0.00 0.0 0 18.7 33 160 M M 8 40 150
15 95 80 88 5 0 23 0.00 0.0 0 14.5 26 140 M M 8 34 130
16 102 76 89 6 0 24 0.00 0.0 0 10.8 21 160 M M 6 30 160
17 98 75 87 4 0 22 0.00 0.0 0 8.1 21 140 M M 3 27 130
18 98 74 86 3 0 21 0.00 0.0 0 9.2 21 150 M M 2 27 160
19 100 76 88 5 0 23 0.00 0.0 0 9.7 22 140 M M 4 30 150
20 100 75 88 5 0 23 0.00 0.0 0 8.8 21 140 M M 4 28 150
21 100 77 89 6 0 24 0.00 0.0 0 9.2 25 140 M M 3 34 140
22 98 77 88 5 0 23 0.00 0.0 0 7.5 20 170 M M 5 27 160
23 101 78 90 7 0 25 0.00 0.0 0 7.5 20 140 M M 1 27 140
24 101 76 89 6 0 24 0.00 0.0 0 10.7 23 140 M M 2 29 150
25 100 76 88 5 0 23 0.00 0.0 0 10.7 24 140 M M 2 30 140
26 99 78 89 5 0 24 0.00 0.0 0 7.9 21 160 M M 5 26 140
27 101 75 88 4 0 23 T 0.0 0 6.6 25 70 M M 5 3 36 40
28 91 71 81 -3 0 16 0.53 0.0 0 7.2 21 100 M M 9 13 27 120
29 97 69 83 -1 0 18 0.00 0.0 0 6.8 17 130 M M 4 1 22 130
30 98 74 86 2 0 21 0.00 0.0 0 7.7 21 130 M M 2 26 130
================================================================================
SM 2986 2273 0 686 0.63 0.0 305.2 M 135
================================================================================
AV 99.5 75.8 10.2 FASTST M M 5 MAX(MPH)
MISC ----> 33 160 40 150
================================================================================
NOTES:
# LAST OF SEVERAL OCCURRENCES
COLUMN 17 PEAK WIND IN M.P.H.
PRELIMINARY LOCAL CLIMATOLOGICAL DATA (WS FORM: F-6) , PAGE 2
STATION: SAN ANTONIO
MONTH: JUNE
YEAR: 2022
LATITUDE: 29 31 N
LONGITUDE: 98 28 W
[TEMPERATURE DATA] [PRECIPITATION DATA] SYMBOLS USED IN COLUMN 16
AVERAGE MONTHLY: 87.7 TOTAL FOR MONTH: 0.63 1 = FOG OR MIST
DPTR FM NORMAL: 5.1 DPTR FM NORMAL: -2.65 2 = FOG REDUCING VISIBILITY
HIGHEST: 105 ON 12 GRTST 24HR 0.53 ON 28-28 TO 1/4 MILE OR LESS
LOWEST: 69 ON 29 3 = THUNDER
SNOW, ICE PELLETS, HAIL 4 = ICE PELLETS
TOTAL MONTH: 0.0 INCH 5 = HAIL
GRTST 24HR 0.0 6 = FREEZING RAIN OR DRIZZLE
GRTST DEPTH: 0 7 = DUSTSTORM OR SANDSTORM:
VSBY 1/2 MILE OR LESS
8 = SMOKE OR HAZE
[NO. OF DAYS WITH] [WEATHER - DAYS WITH] 9 = BLOWING SNOW
X = TORNADO
MAX 32 OR BELOW: 0 0.01 INCH OR MORE: 2
MAX 90 OR ABOVE: 30 0.10 INCH OR MORE: 2
MIN 32 OR BELOW: 0 0.50 INCH OR MORE: 1
MIN 0 OR BELOW: 0 1.00 INCH OR MORE: 0
[HDD (BASE 65) ]
TOTAL THIS MO. 0 CLEAR (SCALE 0-3) 8
DPTR FM NORMAL 0 PTCLDY (SCALE 4-7) 21
TOTAL FM JUL 1 1306 CLOUDY (SCALE 8-10) 1
DPTR FM NORMAL -133
[CDD (BASE 65) ]
TOTAL THIS MO. 686
DPTR FM NORMAL 160 [PRESSURE DATA]
TOTAL FM JAN 1 1627 HIGHEST SLP 30.11 ON 29
DPTR FM NORMAL 476 LOWEST SLP 29.56 ON 6
[REMARKS]
#FINAL-06-22#