000
CXUS56 KLOX 011255
CF6SBA
PRELIMINARY LOCAL CLIMATOLOGICAL DATA (WS FORM: F-6)
STATION: SANTA BARBARA AIRPORT CA
MONTH: DECEMBER
YEAR: 2021
LATITUDE: 34 25 N
LONGITUDE: 119 50 W
TEMPERATURE IN F: :PCPN: SNOW: WIND :SUNSHINE: SKY :PK WND
================================================================================
1 2 3 4 5 6A 6B 7 8 9 10 11 12 13 14 15 16 17 18
12Z AVG MX 2MIN
DY MAX MIN AVG DEP HDD CDD WTR SNW DPTH SPD SPD DIR MIN PSBL S-S WX SPD DR
================================================================================
1 61 39 50 -4 15 0 0.00 M M 2.4 12 130 M M 7 128 13 130
2 57 49 53 0 12 0 0.00 M M 3.7 M M M M 10 128 M M
3 60 53 57 4 8 0 0.00 M M 4.8 M M M M 9 18 M M
4 59 42 51 -2 14 0 0.00 M M 4.1 12 50 M M 5 18 14 220
5 66 39 53 0 12 0 0.00 M M 2.0 13 300 M M 0 1 18 330
6 60 40 50 -3 15 0 0.00 M M 3.8 9 80 M M 6 18 16 120
7 64 49 57 4 8 0 0.01 M M 1.9 8 320 M M 8 18 M M
8 73 45 59 7 6 0 0.00 M M 3.8 14 250 M M 1 18 16 250
9 62 44 53 1 12 0 0.01 M M 7.7 23 310 M M 5 8 32 290
10 62 40 51 -1 14 0 0.00 M M 3.0 13 20 M M 0 15 10
11 64 36 50 -2 15 0 0.00 M M 2.3 13 250 M M 0 16 250
12 62 36 49 -3 16 0 0.00 M M 2.5 9 250 M M 0 12 260
13 58 39 49 -3 16 0 0.90 M M 11.6 23 130 M M 7 18 32 130
14 58 46 52 0 13 0 1.44 M M 10.5 25 270 M M 7 1 36 280
15 58 37 48 -4 17 0 0.00 M M 3.0 16 320 M M 0 20 310
16 58 36 47 -5 18 0 0.02 M M 2.4 9 270 M M 6 18 13 240
17 61 39 50 -2 15 0 0.00 M M 2.4 9 210 M M 1 1 11 200
18 63 36 50 -2 15 0 0.00 M M 2.3 9 260 M M 0 1 12 260
19 61 35 48 -4 17 0 0.00 M M 1.8 8 250 M M 0 10 270
20 57 35 46 -6 19 0 0.00 M M 1.4 9 240 M M 2 1 12 240
21 61 41 51 -1 14 0 0.00 M M 2.3 13 250 M M 0 15 250
22 61 40 51 -1 14 0 0.47 M M 2.4 7 170 M M 7 1 10 170
23 57 55 56 4 9 0 3.10 M M 6.8 18 80 M M 10 1 24 110
24 61 45 53 1 12 0 0.16 M M 6.5 17 270 M M 6 1 23 250
25 58 48 53 1 12 0 0.48 M M 5.8 20 130 M M 9 18 25 130
26 59 38 49 -3 16 0 0.00 M M 6.8 20 260 M M 1 25 250
27 54 35 45 -7 20 0 0.69 M M 4.7 20 320 M M 4 18 26 320
28 59 40 50 -2 15 0 0.00 M M 7.5 24 340 M M 1 32 330
29 52 39 46 -6 19 0 0.21 M M 8.9 18 90 M M 9 18 26 80
30 60 47 54 2 11 0 0.13 M M 4.6 15 100 M M 8 18 20 110
31 62 40 51 -1 14 0 0.00 M M 7.0 21 260 M M 1 27 320
================================================================================
SM 1868 1283 433 0 7.62 M 140.7 M 130
================================================================================
AV 60.3 41.4 4.5 FASTST M M 4 MAX(MPH)
MISC ----> 25 270 36 280
================================================================================
NOTES:
# LAST OF SEVERAL OCCURRENCES
COLUMN 17 PEAK WIND IN M.P.H.
PRELIMINARY LOCAL CLIMATOLOGICAL DATA (WS FORM: F-6) , PAGE 2
STATION: SANTA BARBARA AIRPORT CA
MONTH: DECEMBER
YEAR: 2021
LATITUDE: 34 25 N
LONGITUDE: 119 50 W
[TEMPERATURE DATA] [PRECIPITATION DATA] SYMBOLS USED IN COLUMN 16
AVERAGE MONTHLY: 50.8 TOTAL FOR MONTH: 7.62 1 = FOG OR MIST
DPTR FM NORMAL: -1.5 DPTR FM NORMAL: 4.71 2 = FOG REDUCING VISIBILITY
HIGHEST: 73 ON 8 GRTST 24HR 3.41 ON 22-23 TO 1/4 MILE OR LESS
LOWEST: 35 ON 27,20 3 = THUNDER
SNOW, ICE PELLETS, HAIL 4 = ICE PELLETS
TOTAL MONTH: M 5 = HAIL
GRTST 24HR M ON M 6 = FREEZING RAIN OR DRIZZLE
GRTST DEPTH: M ON M 7 = DUSTSTORM OR SANDSTORM:
VSBY 1/2 MILE OR LESS
8 = SMOKE OR HAZE
[NO. OF DAYS WITH] [WEATHER - DAYS WITH] 9 = BLOWING SNOW
X = TORNADO
MAX 32 OR BELOW: 0 0.01 INCH OR MORE: 12
MAX 90 OR ABOVE: 0 0.10 INCH OR MORE: 9
MIN 32 OR BELOW: 0 0.50 INCH OR MORE: 4
MIN 0 OR BELOW: 0 1.00 INCH OR MORE: 2
[HDD (BASE 65) ]
TOTAL THIS MO. 433 CLEAR (SCALE 0-3) 14
DPTR FM NORMAL 41 PTCLDY (SCALE 4-7) 11
TOTAL FM JUL 1 864 CLOUDY (SCALE 8-10) 6
DPTR FM NORMAL 10
[CDD (BASE 65) ]
TOTAL THIS MO. 0
DPTR FM NORMAL 0 [PRESSURE DATA]
TOTAL FM JAN 1 196 HIGHEST SLP 30.26 ON 15
DPTR FM NORMAL -19 LOWEST SLP 29.69 ON 31
[REMARKS]
#FINAL-12-21#