000
CXUS53 KMKX 010810
CF6SBM
PRELIMINARY LOCAL CLIMATOLOGICAL DATA (WS FORM: F-6)
STATION: SHEBOYGAN WI
MONTH: SEPTEMBER
YEAR: 2021
LATITUDE: 43 46 N
LONGITUDE: 87 51 W
TEMPERATURE IN F: :PCPN: SNOW: WIND :SUNSHINE: SKY :PK WND
================================================================================
1 2 3 4 5 6A 6B 7 8 9 10 11 12 13 14 15 16 17 18
12Z AVG MX 2MIN
DY MAX MIN AVG DEP HDD CDD WTR SNW DPTH SPD SPD DIR MIN PSBL S-S WX SPD DR
================================================================================
1 74 57 66 1 0 1 0.00 M M 7.9 16 50 M M 1 21 50
2 74 53 64 -1 1 0 0.00 M M 3.6 12 40 M M 0 16 50
3 72 57 65 1 0 0 0.09 M M 2.6 13 220 M M 5 1 22 230
4 70 58 64 0 1 0 T M M 6.6 14 300 M M 8 1 22 270
5 78 56 67 3 0 2 0.00 M M 7.0 17 280 M M 1 28 280
6 76 49 63 -1 2 0 0.00 M M 4.2 12 180 M M 1 17 160
7 78 56 67 4 0 2 0.39 M M 6.2 15 360 M M 2 138 23 360
8 72 54 63 0 2 0 0.00 M M 8.1 20 300 M M 2 31 300
9 74 51 63 0 2 0 T M M 3.8 12 130 M M 2 16 270
10 77 52 65 3 0 0 0.00 M M 5.4 15 180 M M 2 21 160
11 84 55 70 8 0 5 0.00 M M 6.5 17 240 M M 1 26 230
12 70 58 64 2 1 0 0.01 M M 6.8 18 40 M M 7 3 23 30
13 71 58 65 3 0 0 0.23 M M 4.8 16 50 M M 6 13 21 100
14 78 60 69 8 0 4 T M M 9.4 18 280 M M 4 1 33 300
15 76 51 64 3 1 0 T M M 3.7 9 160 M M 1 14 170
16 76 49 63 3 2 0 0.00 M M 8.1 20 170 M M 0 26 160
17 84 56 70 10 0 5 0.00 M M 8.1 20 200 M M 1 28 280
18 71 48 60 0 5 0 0.00 M M 4.5 12 80 M M 0 18 110
19 79 48 64 5 1 0 0.00 M M 3.7 14 170 M M 2 12 20 160
20 77 60 69 10 0 4 0.76 M M 10.8 20 170 M M 5 1238 30 170
21 68 56 62 3 3 0 0.12 M M 8.6 17 290 M M 7 13 27 310
22 64 53 59 1 6 0 0.00 0.0 0 11.4 22 40 M M 1 30 340
23 64 44 54 -4 11 0 T M M 8.5 22 350 M M 1 33 350
24 76 43 60 3 5 0 0.09 M M 9.9 23 260 M M 2 34 210
25 68 48 58 1 7 0 0.00 M M 8.9 22 260 M M 2 34 270
26 82 49 66 9 0 1 0.00 M M 6.8 16 230 M M 1 25 220
27 71 52 62 6 3 0 T M M 7.8 20 40 M M 0 26 40
28 68 45 57 1 8 0 0.00 M M 3.2 10 70 M M 0 14 100
29 74 44 59 4 6 0 0.00 M M 2.5 9 100 M M 3 12 14 130
30 76 49 63 8 2 0 0.00 M M 2.3 9 150 M M 5 12 12 160
================================================================================
SM 2222 1569 69 24 1.69 0.0 191.7 M 73
================================================================================
AV 74.1 52.3 6.4 FASTST M M 2 MAX(MPH)
MISC ----> 23 260 # 34 210
================================================================================
NOTES:
# LAST OF SEVERAL OCCURRENCES
COLUMN 17 PEAK WIND IN M.P.H.
PRELIMINARY LOCAL CLIMATOLOGICAL DATA (WS FORM: F-6) , PAGE 2
STATION: SHEBOYGAN WI
MONTH: SEPTEMBER
YEAR: 2021
LATITUDE: 43 46 N
LONGITUDE: 87 51 W
[TEMPERATURE DATA] [PRECIPITATION DATA] SYMBOLS USED IN COLUMN 16
AVERAGE MONTHLY: 63.2 TOTAL FOR MONTH: 1.69 1 = FOG OR MIST
DPTR FM NORMAL: 2.8 DPTR FM NORMAL: -1.01 2 = FOG REDUCING VISIBILITY
HIGHEST: 84 ON 17,11 GRTST 24HR 0.88 ON 20-21 TO 1/4 MILE OR LESS
LOWEST: 43 ON 24 3 = THUNDER
SNOW, ICE PELLETS, HAIL 4 = ICE PELLETS
TOTAL MONTH: 0.0 INCH 5 = HAIL
GRTST 24HR 0.0 6 = FREEZING RAIN OR DRIZZLE
GRTST DEPTH: 0 7 = DUSTSTORM OR SANDSTORM:
VSBY 1/2 MILE OR LESS
8 = SMOKE OR HAZE
[NO. OF DAYS WITH] [WEATHER - DAYS WITH] 9 = BLOWING SNOW
X = TORNADO
MAX 32 OR BELOW: 0 0.01 INCH OR MORE: 7
MAX 90 OR ABOVE: 0 0.10 INCH OR MORE: 4
MIN 32 OR BELOW: 0 0.50 INCH OR MORE: 1
MIN 0 OR BELOW: 0 1.00 INCH OR MORE: 0
[HDD (BASE 65) ]
TOTAL THIS MO. 69 CLEAR (SCALE 0-3) 22
DPTR FM NORMAL -106 PTCLDY (SCALE 4-7) 8
TOTAL FM JUL 1 82 CLOUDY (SCALE 8-10) 0
DPTR FM NORMAL -152
[CDD (BASE 65) ]
TOTAL THIS MO. 24
DPTR FM NORMAL -13 [PRESSURE DATA]
TOTAL FM JAN 1 663 HIGHEST SLP M ON M
DPTR FM NORMAL 260 LOWEST SLP 29.57 ON 7
[REMARKS]
#FINAL-09-21#