000
CXUS53 KIWX 010810
CF6SBN
PRELIMINARY LOCAL CLIMATOLOGICAL DATA (WS FORM: F-6)
STATION: SOUTH BEND
MONTH: APRIL
YEAR: 2022
LATITUDE: 41 42 N
LONGITUDE: 86 19 W
TEMPERATURE IN F: :PCPN: SNOW: WIND :SUNSHINE: SKY :PK WND
================================================================================
1 2 3 4 5 6A 6B 7 8 9 10 11 12 13 14 15 16 17 18
12Z AVG MX 2MIN
DY MAX MIN AVG DEP HDD CDD WTR SNW DPTH SPD SPD DIR MIN PSBL S-S WX SPD DR
================================================================================
1 39 29 34 -8 31 0 0.08 1.0 1 9.1 21 310 M M 7 1 26 310
2 46 28 37 -6 28 0 0.22 0.0 0 8.4 18 330 M M 5 1 25 180
3 51 32 42 -1 23 0 0.00 0.0 0 5.8 15 330 M M 7 18 19 330
4 58 38 48 4 17 0 0.17 0.0 0 12.1 23 210 M M 7 1 31 220
5 60 30 45 1 20 0 0.00 0.0 M 9.2 20 140 M M 5 128 24 120
6 57 46 52 8 13 0 0.53 0.0 0 14.2 25 240 M M 9 1 34 240
7 46 38 42 -3 23 0 0.01 0.0 0 14.5 26 240 M M 10 37 250
8 44 33 39 -6 26 0 0.04 T 0 9.7 20 290 M M 10 18 26 300
9 43 30 37 -9 28 0 0.11 T T 8.8 21 300 M M 8 18 27 290
10 61 29 45 -1 20 0 0.00 0.0 M 11.5 30 140 M M 0 38 140
11 65 38 52 6 13 0 T 0.0 0 7.5 21 140 M M 4 30 140
12 70 32 51 4 14 0 0.00 0.0 0 12.2 25 170 M M 3 36 180
13 67 44 56 9 9 0 0.70 0.0 0 14.8 29 300 M M 8 138 40 290
14 55 35 45 -3 20 0 0.08 0.0 0 20.4 43 240 M M 4 1 62 250
15 56 39 48 0 17 0 0.02 0.0 0 10.3 26 310 M M 8 33 300
16 45 29 37 -11 28 0 0.00 0.0 0 10.8 22 280 M M 2 30 320
17 48 24 36 -13 29 0 0.00 0.0 0 6.9 21 110 M M 0 29 110
18 39 32 36 -13 29 0 0.23 T 0 9.3 23 300 M M 9 18 33 300
19 45 34 40 -9 25 0 T 0.2 T 12.3 18 310 M M 7 36 320
20 56 33 45 -5 20 0 0.05 0.0 0 14.5 25 130 M M 6 34 130
21 70 45 58 8 7 0 0.17 0.0 0 11.0 24 220 M M 5 1 36 220
22 55 41 48 -3 17 0 0.18 0.0 0 11.8 22 120 M M 5 13 29 120
23 84 47 66 15 0 1 0.00 0.0 0 15.6 25 220 M M 0 33 210
24 78 62 70 19 0 5 0.11 0.0 0 16.4 31 210 M M 5 13 43 200
25 62 42 52 0 13 0 T 0.0 0 10.8 23 310 M M 9 31 310
26 46 30 38 -14 27 0 0.00 0.0 0 10.9 21 310 M M 7 28 310
27 43 27 35 -17 30 0 T T 0 8.8 17 360 M M 4 30 350
28 51 37 44 -9 21 0 T 0.0 0 12.4 21 130 M M 9 27 120
29 64 44 54 1 11 0 T 0.0 0 15.8 23 130 M M 8 32 100
30 65 48 57 3 8 0 0.93 0.0 0 18.2 30 130 M M 8 13 41 120
================================================================================
SM 1669 1096 567 6 3.63 1.2 354.0 M 179
================================================================================
AV 55.6 36.5 11.8 FASTST M M 6 MAX(MPH)
MISC ----> 43 240 62 250
================================================================================
NOTES:
# LAST OF SEVERAL OCCURRENCES
COLUMN 17 PEAK WIND IN M.P.H.
PRELIMINARY LOCAL CLIMATOLOGICAL DATA (WS FORM: F-6) , PAGE 2
STATION: SOUTH BEND
MONTH: APRIL
YEAR: 2022
LATITUDE: 41 42 N
LONGITUDE: 86 19 W
[TEMPERATURE DATA] [PRECIPITATION DATA] SYMBOLS USED IN COLUMN 16
AVERAGE MONTHLY: 46.1 TOTAL FOR MONTH: 3.63 1 = FOG OR MIST
DPTR FM NORMAL: -2.0 DPTR FM NORMAL: 0.14 2 = FOG REDUCING VISIBILITY
HIGHEST: 84 ON 23 GRTST 24HR 0.93 ON 30-30 TO 1/4 MILE OR LESS
LOWEST: 24 ON 17 3 = THUNDER
SNOW, ICE PELLETS, HAIL 4 = ICE PELLETS
TOTAL MONTH: 1.2 INCHES 5 = HAIL
GRTST 24HR 1.0 ON 1- 1 6 = FREEZING RAIN OR DRIZZLE
GRTST DEPTH: 1 ON 1 7 = DUSTSTORM OR SANDSTORM:
VSBY 1/2 MILE OR LESS
8 = SMOKE OR HAZE
[NO. OF DAYS WITH] [WEATHER - DAYS WITH] 9 = BLOWING SNOW
X = TORNADO
MAX 32 OR BELOW: 0 0.01 INCH OR MORE: 16
MAX 90 OR ABOVE: 0 0.10 INCH OR MORE: 10
MIN 32 OR BELOW: 12 0.50 INCH OR MORE: 3
MIN 0 OR BELOW: 0 1.00 INCH OR MORE: 0
[HDD (BASE 65) ]
TOTAL THIS MO. 567 CLEAR (SCALE 0-3) 4
DPTR FM NORMAL 53 PTCLDY (SCALE 4-7) 18
TOTAL FM JUL 1 5615 CLOUDY (SCALE 8-10) 8
DPTR FM NORMAL -512
[CDD (BASE 65) ]
TOTAL THIS MO. 6
DPTR FM NORMAL 0 [PRESSURE DATA]
TOTAL FM JAN 1 6 HIGHEST SLP 30.48 ON 22
DPTR FM NORMAL -2 LOWEST SLP 29.39 ON 13
[REMARKS]
#FINAL-04-22#