000
CXUS51 KAKQ 010810
CF6SBY
PRELIMINARY LOCAL CLIMATOLOGICAL DATA (WS FORM: F-6)
STATION: SALISBURY MD
MONTH: NOVEMBER
YEAR: 2022
LATITUDE: 38 20 N
LONGITUDE: 75 30 W
TEMPERATURE IN F: :PCPN: SNOW: WIND :SUNSHINE: SKY :PK WND
================================================================================
1 2 3 4 5 6A 6B 7 8 9 10 11 12 13 14 15 16 17 18
12Z AVG MX 2MIN
DY MAX MIN AVG DEP HDD CDD WTR SNW DPTH SPD SPD DIR MIN PSBL S-S WX SPD DR
================================================================================
1 75 55 65 12 0 0 0.33 0.0 0 4.8 15 330 M M 5 1 20 330
2 69 49 59 7 6 0 0.00 0.0 0 5.2 14 20 M M 0 20 360
3 72 50 61 9 4 0 0.00 0.0 0 4.1 13 60 M M 1 1 19 50
4 78 49 64 12 1 0 0.00 0.0 0 3.0 13 120 M M 6 12 16 130
5 80 54 67 16 0 2 0.00 0.0 0 7.3 17 160 M M 4 1 24 190
6 80 60 70 19 0 5 0.00 0.0 0 7.8 20 200 M M 1 1 25 200
7 82 52 67 16 0 2 T 0.0 0 5.6 14 320 M M 3 17 320
8 62 45 54 4 11 0 T 0.0 0 10.1 22 10 M M 0 28 360
9 63 43 53 3 12 0 0.00 0.0 0 6.8 16 90 M M 1 20 50
10 74 44 59 9 6 0 0.00 0.0 0 4.4 15 110 M M 5 18 120
11 74 59 67 17 0 2 0.48 0.0 0 11.9 26 170 M M 9 1 37 170
12 76 63 70 21 0 5 0.17 0.0 0 8.7 25 180 M M 3 1 33 200
13 67 38 53 4 12 0 T 0.0 0 13.7 25 320 M M 5 30 330
14 50 31 41 -8 24 0 0.00 0.0 0 3.9 17 360 M M 0 22 330
15 57 30 44 -4 21 0 0.83 0.0 0 4.0 15 200 M M 5 1 19 70
16 56 44 50 2 15 0 0.04 0.0 0 9.8 23 320 M M 6 1 29 320
17 47 27 37 -11 28 0 0.00 0.0 0 9.1 23 280 M M 4 33 280
18 48 24 36 -11 29 0 0.00 0.0 0 4.5 16 270 M M 1 22 270
19 48 29 39 -8 26 0 0.00 0.0 0 4.1 15 220 M M 0 19 210
20 45 23 34 -13 31 0 0.00 0.0 0 8.9 23 310 M M 1 32 300
21 49 19 34 -13 31 0 0.00 0.0 0 4.6 14 200 M M 0 18 210
22 59 26 43 -3 22 0 0.00 0.0 0 1.8 10 170 M M 0 1 13 160
23 63 28 46 0 19 0 0.00 0.0 0 2.9 13 310 M M 0 18 310
24 61 29 45 -1 20 0 0.00 0.0 0 2.6 12 130 M M 0 16 130
25 59 35 47 2 18 0 0.33 0.0 0 5.7 15 310 M M 5 1 21 310
26 58 32 45 0 20 0 0.00 0.0 0 5.3 14 270 M M 0 20 260
27 67 40 54 9 11 0 0.73 0.0 0 10.4 28 180 M M 5 1 39 180
28 59 38 49 4 16 0 0.00 0.0 0 6.8 24 320 M M 6 12 31 320
29 53 32 43 -1 22 0 0.00 0.0 0 3.3 9 120 M M 0 1 11 160
30 62 37 50 6 15 0 0.45 0.0 0 10.9 24 300 M M 7 1 31 290
================================================================================
SM 1893 1185 420 16 3.36 0.0 192.0 M 83
================================================================================
AV 63.1 39.5 6.4 FASTST M M 3 MAX(MPH)
MISC ----> 28 180 39 180
================================================================================
NOTES:
# LAST OF SEVERAL OCCURRENCES
COLUMN 17 PEAK WIND IN M.P.H.
PRELIMINARY LOCAL CLIMATOLOGICAL DATA (WS FORM: F-6) , PAGE 2
STATION: SALISBURY MD
MONTH: NOVEMBER
YEAR: 2022
LATITUDE: 38 20 N
LONGITUDE: 75 30 W
[TEMPERATURE DATA] [PRECIPITATION DATA] SYMBOLS USED IN COLUMN 16
AVERAGE MONTHLY: 51.3 TOTAL FOR MONTH: 3.36 1 = FOG OR MIST
DPTR FM NORMAL: 3.1 DPTR FM NORMAL: 0.20 2 = FOG REDUCING VISIBILITY
HIGHEST: 82 ON 7 GRTST 24HR 0.87 ON 15-16 TO 1/4 MILE OR LESS
LOWEST: 19 ON 21 3 = THUNDER
SNOW, ICE PELLETS, HAIL 4 = ICE PELLETS
TOTAL MONTH: 0.0 INCH 5 = HAIL
GRTST 24HR 0.0 6 = FREEZING RAIN OR DRIZZLE
GRTST DEPTH: 0 7 = DUSTSTORM OR SANDSTORM:
VSBY 1/2 MILE OR LESS
8 = SMOKE OR HAZE
[NO. OF DAYS WITH] [WEATHER - DAYS WITH] 9 = BLOWING SNOW
X = TORNADO
MAX 32 OR BELOW: 0 0.01 INCH OR MORE: 8
MAX 90 OR ABOVE: 0 0.10 INCH OR MORE: 7
MIN 32 OR BELOW: 12 0.50 INCH OR MORE: 2
MIN 0 OR BELOW: 0 1.00 INCH OR MORE: 0
[HDD (BASE 65) ]
TOTAL THIS MO. 420 CLEAR (SCALE 0-3) 16
DPTR FM NORMAL -85 PTCLDY (SCALE 4-7) 13
TOTAL FM JUL 1 694 CLOUDY (SCALE 8-10) 1
DPTR FM NORMAL -75
[CDD (BASE 65) ]
TOTAL THIS MO. 16
DPTR FM NORMAL 14 [PRESSURE DATA]
TOTAL FM JAN 1 1490 HIGHEST SLP 30.60 ON 9
DPTR FM NORMAL 190 LOWEST SLP 29.48 ON 27
[REMARKS]
#FINAL-11-22#