000
CXUS56 KSTO 021552
CF6SCK
PRELIMINARY LOCAL CLIMATOLOGICAL DATA (WS FORM: F-6)
STATION: STOCKTON AIRPORT CA
MONTH: MAY
YEAR: 2021
LATITUDE: 37 54 N
LONGITUDE: 121 15 W
TEMPERATURE IN F: :PCPN: SNOW: WIND :SUNSHINE: SKY :PK WND
================================================================================
1 2 3 4 5 6A 6B 7 8 9 10 11 12 13 14 15 16 17 18
12Z AVG MX 2MIN
DY MAX MIN AVG DEP HDD CDD WTR SNW DPTH SPD SPD DIR MIN PSBL S-S WX SPD DR
================================================================================
1 80 51 66 2 0 1 0.00 M M 12.6 24 250 M M 0 32 250
2 84 49 67 2 0 2 0.00 M M 14.3 24 310 M M 0 35 310
3 87 56 72 7 0 7 0.00 M M 13.7 28 320 M M 0 8 35 320
4 90 54 72 7 0 7 0.00 M M 9.1 14 350 M M 0 20 330
5 93 53 73 8 0 8 0.00 M M 6.4 16 290 M M 0 M M
6 83 51 67 1 0 2 0.00 M M 10.3 20 300 M M 0 28 300
7 79 49 64 -2 1 0 0.00 0.0 M 11.6 21 260 M M 0 24 260
8 87 57 72 6 0 7 0.00 0.0 M 15.1 25 340 M M 0 30 340
9 87 56 72 6 0 7 0.00 0.0 M 12.7 21 330 M M 0 31 350
10 90 53 72 6 0 7 0.00 0.0 M 13.0 23 300 M M 0 32 320
11 93 51 72 5 0 7 0.00 0.0 M 7.2 18 300 M M 0 21 300
12 92 51 72 5 0 7 0.00 0.0 M 6.8 15 290 M M 0 20 300
13 87 51 69 2 0 4 0.00 M M 8.8 14 280 M M 0 20 280
14 82 50 66 -1 0 1 0.00 0.0 M 12.6 26 260 M M 0 32 260
15 74 51 63 -5 2 0 0.00 0.0 M 12.8 29 270 M M 1 35 270
16 78 51 65 -3 0 0 0.00 0.0 M 7.7 17 280 M M 1 21 280
17 77 50 64 -4 1 0 0.00 0.0 M 9.6 23 260 M M 1 1 27 260
18 85 49 67 -1 0 2 0.00 0.0 M 11.1 30 250 M M 0 36 250
19 73 50 62 -6 3 0 0.00 0.0 M 19.1 31 260 M M 0 37 260
20 71 47 59 -10 6 0 0.00 M M 15.0 22 300 M M 0 33 320
21 74 47 61 -8 4 0 0.00 0.0 M 13.4 25 300 M M 1 38 270
22 77 44 61 -8 4 0 0.00 0.0 M 8.7 24 300 M M 0 29 290
23 76 51 64 -5 1 0 0.00 M M 9.8 18 260 M M 0 21 270
24 86 47 67 -2 0 2 0.00 M M 7.9 20 290 M M 0 24 270
25 80 54 67 -3 0 2 0.00 0.0 M 11.2 21 250 M M 0 26 250
26 88 49 69 -1 0 4 0.00 0.0 M 9.8 21 290 M M 0 25 260
27 85 50 68 -2 0 3 0.00 M M 11.4 23 260 M M 0 28 260
28 86 55 71 1 0 6 0.00 0.0 M 10.4 20 280 M M 0 23 270
29 82 53 68 -2 0 3 0.00 0.0 M 13.7 21 260 M M 0 25 260
30 94 49 72 1 0 7 0.00 0.0 M 7.9 16 330 M M 0 8 20 310
31 101 56 79 8 0 14 0.00 0.0 M 6.6 18 300 M M 1 22 290
================================================================================
SM 2601 1585 22 110 0.00 0.0 340.2 M 5
================================================================================
AV 83.9 51.1 11.0 FASTST M M 0 MAX(MPH)
MISC ----> 31 260 38 270
================================================================================
NOTES:
# LAST OF SEVERAL OCCURRENCES
COLUMN 17 PEAK WIND IN M.P.H.
PRELIMINARY LOCAL CLIMATOLOGICAL DATA (WS FORM: F-6) , PAGE 2
STATION: STOCKTON AIRPORT CA
MONTH: MAY
YEAR: 2021
LATITUDE: 37 54 N
LONGITUDE: 121 15 W
[TEMPERATURE DATA] [PRECIPITATION DATA] SYMBOLS USED IN COLUMN 16
AVERAGE MONTHLY: 67.5 TOTAL FOR MONTH: 0.00 1 = FOG OR MIST
DPTR FM NORMAL: -0.2 DPTR FM NORMAL: -0.57 2 = FOG REDUCING VISIBILITY
HIGHEST: 101 ON 31 GRTST 24HR 0.00 ON 19-19 TO 1/4 MILE OR LESS
LOWEST: 44 ON 22 3 = THUNDER
SNOW, ICE PELLETS, HAIL 4 = ICE PELLETS
TOTAL MONTH: 0.0 INCH 5 = HAIL
GRTST 24HR 0.0 6 = FREEZING RAIN OR DRIZZLE
GRTST DEPTH: M ON M 7 = DUSTSTORM OR SANDSTORM:
VSBY 1/2 MILE OR LESS
8 = SMOKE OR HAZE
[NO. OF DAYS WITH] [WEATHER - DAYS WITH] 9 = BLOWING SNOW
X = TORNADO
MAX 32 OR BELOW: 0 0.01 INCH OR MORE: 0
MAX 90 OR ABOVE: 7 0.10 INCH OR MORE: 0
MIN 32 OR BELOW: 0 0.50 INCH OR MORE: 0
MIN 0 OR BELOW: 0 1.00 INCH OR MORE: 0
[HDD (BASE 65) ]
TOTAL THIS MO. 22 CLEAR (SCALE 0-3) 31
DPTR FM NORMAL -19 PTCLDY (SCALE 4-7) 0
TOTAL FM JUL 1 2184 CLOUDY (SCALE 8-10) 0
DPTR FM NORMAL -73
[CDD (BASE 65) ]
TOTAL THIS MO. 110
DPTR FM NORMAL -15 [PRESSURE DATA]
TOTAL FM JAN 1 119 HIGHEST SLP 30.13 ON 23
DPTR FM NORMAL -31 LOWEST SLP 29.74 ON 30
[REMARKS]
#FINAL-05-21#