000
CXUS56 KLOX 011155
CF6SDB
PRELIMINARY LOCAL CLIMATOLOGICAL DATA (WS FORM: F-6)
STATION: SANDBERG CA
MONTH: JUNE
YEAR: 2021
LATITUDE: 34 45 N
LONGITUDE: 118 44 W
TEMPERATURE IN F: :PCPN: SNOW: WIND :SUNSHINE: SKY :PK WND
================================================================================
1 2 3 4 5 6A 6B 7 8 9 10 11 12 13 14 15 16 17 18
12Z AVG MX 2MIN
DY MAX MIN AVG DEP HDD CDD WTR SNW DPTH SPD SPD DIR MIN PSBL S-S WX SPD DR
================================================================================
1 96 73 85 21 0 20 0.00 M M 12.1 30 330 M M 0 38 300
2 94 75 85 21 0 20 0.00 M M 16.3 31 M M M M 38 M
3 91 68 80 15 0 15 0.00 M M 11.0 17 M M M M 25 M
4 87 67 77 12 0 12 0.00 M M 10.9 18 150 M M 0 30 160
5 84 62 73 8 0 8 0.00 M M 11.2 16 170 M M 0 23 170
6 76 56 66 0 0 1 0.00 M M 11.8 18 170 M M 0 25 170
7 66 50 58 -8 7 0 T M M 13.5 21 170 M M 3 28 31 170
8 71 47 59 -7 6 0 0.00 M M 10.6 22 160 M M 1 28 28 150
9 71 47 59 -7 6 0 0.00 M M 16.1 25 320 M M 0 38 310
10 66 42 54 -13 11 0 0.00 M M 18.9 29 320 M M 0 41 330
11 77 51 64 -3 1 0 0.00 M M 19.6 32 330 M M 0 43 330
12 89 57 73 5 0 8 0.00 M M 14.7 35 320 M M 0 47 330
13 87 65 76 8 0 11 0.00 M M 12.8 22 320 M M 0 31 330
14 92 63 78 10 0 13 0.00 M M 14.0 22 320 M M 0 30 320
15 94 60 77 9 0 12 0.00 M M 12.3 20 320 M M 0 M M
16 101 79 90 21 0 25 0.00 M M 11.6 26 330 M M 0 32 320
17 101 77 89 20 0 24 T M M 11.6 21 320 M M 0 41 210
18 104 74 89 19 0 24 T M M 9.4 17 320 M M 0 46 350
19 100 80 90 20 0 25 0.00 M M 8.7 17 330 M M 0 25 310
20 96 74 85 15 0 20 0.00 M M 10.9 22 310 M M 0 32 310
21 88 67 78 8 0 13 0.00 M M 11.7 23 160 M M 0 39 160
22 86 64 75 4 0 10 0.00 M M 13.9 25 190 M M 0 38 150
23 86 62 74 3 0 9 0.00 M M 12.6 21 150 M M 0 31 200
24 83 60 72 0 0 7 0.00 M M 12.3 21 150 M M 0 32 180
25 87 60 74 2 0 9 0.00 M M 13.4 23 330 M M 0 36 300
26 93 67 80 8 0 15 0.00 M M 15.1 23 340 M M 0 36 340
27 107 79 93 21 0 28 0.00 M M 12.6 24 320 M M 0 40 300
28 103 77 90 17 0 25 0.00 M M 10.2 22 320 M M 0 38 330
29 97 71 84 11 0 19 0.00 M M 11.8 23 320 M M 0 30 320
30 92 69 81 8 0 16 0.00 M M 11.1 21 140 M M 0 35 150
================================================================================
SM 2665 1943 31 389 T M 382.4 M 4
================================================================================
AV 88.8 64.8 12.7 FASTST M M 0 MAX(MPH)
MISC ----> 35 320 47 330
================================================================================
NOTES:
# LAST OF SEVERAL OCCURRENCES
COLUMN 17 PEAK WIND IN M.P.H.
PRELIMINARY LOCAL CLIMATOLOGICAL DATA (WS FORM: F-6) , PAGE 2
STATION: SANDBERG CA
MONTH: JUNE
YEAR: 2021
LATITUDE: 34 45 N
LONGITUDE: 118 44 W
[TEMPERATURE DATA] [PRECIPITATION DATA] SYMBOLS USED IN COLUMN 16
AVERAGE MONTHLY: 76.8 TOTAL FOR MONTH: T 1 = FOG OR MIST
DPTR FM NORMAL: 8.1 DPTR FM NORMAL: -0.08 2 = FOG REDUCING VISIBILITY
HIGHEST: 107 ON 27 GRTST 24HR T ON 7- 7 TO 1/4 MILE OR LESS
LOWEST: 42 ON 10 3 = THUNDER
SNOW, ICE PELLETS, HAIL 4 = ICE PELLETS
TOTAL MONTH: M 5 = HAIL
GRTST 24HR M ON M 6 = FREEZING RAIN OR DRIZZLE
GRTST DEPTH: M ON M 7 = DUSTSTORM OR SANDSTORM:
VSBY 1/2 MILE OR LESS
8 = SMOKE OR HAZE
[NO. OF DAYS WITH] [WEATHER - DAYS WITH] 9 = BLOWING SNOW
X = TORNADO
MAX 32 OR BELOW: 0 0.01 INCH OR MORE: 0
MAX 90 OR ABOVE: 15 0.10 INCH OR MORE: 0
MIN 32 OR BELOW: 0 0.50 INCH OR MORE: 0
MIN 0 OR BELOW: 0 1.00 INCH OR MORE: 0
[HDD (BASE 65) ]
TOTAL THIS MO. 31 CLEAR (SCALE 0-3) 28
DPTR FM NORMAL -35 PTCLDY (SCALE 4-7) 0
TOTAL FM JUL 1 2827 CLOUDY (SCALE 8-10) 2
DPTR FM NORMAL -746
[CDD (BASE 65) ]
TOTAL THIS MO. 389
DPTR FM NORMAL 212 [PRESSURE DATA]
TOTAL FM JAN 1 528 HIGHEST SLP M ON M
DPTR FM NORMAL 285 LOWEST SLP M ON M
[REMARKS]
#FINAL-06-21#